{"id":56767,"date":"2015-03-17T09:28:50","date_gmt":"2015-03-17T12:28:50","guid":{"rendered":"http:\/\/www.eltrabajo.cl\/portal\/wp-content\/uploads\/2015\/03\/Cerrado1.jpg"},"modified":"2015-03-17T09:29:00","modified_gmt":"2015-03-17T12:29:00","slug":"cerrado1","status":"inherit","type":"attachment","link":"https:\/\/eltrabajo.cl\/portal\/desvio-vehicular-por-el-senorial-genera-caos-y-peligro-a-los-vecinos\/cerrado1\/","title":{"rendered":"Cerrado1"},"author":482,"featured_media":0,"comment_status":"open","ping_status":"open","template":"","meta":{"advanced_seo_description":"","jetpack_seo_html_title":"","jetpack_seo_noindex":false},"class_list":["post-56767","attachment","type-attachment","status-inherit","hentry"],"jetpack_sharing_enabled":true,"jetpack_likes_enabled":true,"description":{"rendered":"<p class=\"attachment\"><a href=\"https:\/\/i0.wp.com\/eltrabajo.cl\/portal\/wp-content\/uploads\/2015\/03\/Cerrado1.jpg?ssl=1\"><img loading=\"lazy\" decoding=\"async\" width=\"300\" height=\"198\" src=\"https:\/\/i0.wp.com\/eltrabajo.cl\/portal\/wp-content\/uploads\/2015\/03\/Cerrado1.jpg?fit=300%2C198&amp;ssl=1\" class=\"attachment-medium size-medium\" alt=\"CHERC\u00c1N TAPIA.- As\u00ed luce calle Cherc\u00e1n Tapia actualmente, raz\u00f3n que justifica el desv\u00edo por Avenida Julio Montero, por lo que los vecinos piden supervisi\u00f3n en el sector.\" srcset=\"https:\/\/i0.wp.com\/eltrabajo.cl\/portal\/wp-content\/uploads\/2015\/03\/Cerrado1.jpg?w=530&amp;ssl=1 530w, https:\/\/i0.wp.com\/eltrabajo.cl\/portal\/wp-content\/uploads\/2015\/03\/Cerrado1.jpg?resize=200%2C132&amp;ssl=1 200w, https:\/\/i0.wp.com\/eltrabajo.cl\/portal\/wp-content\/uploads\/2015\/03\/Cerrado1.jpg?resize=300%2C198&amp;ssl=1 300w, https:\/\/i0.wp.com\/eltrabajo.cl\/portal\/wp-content\/uploads\/2015\/03\/Cerrado1.jpg?resize=150%2C99&amp;ssl=1 150w, https:\/\/i0.wp.com\/eltrabajo.cl\/portal\/wp-content\/uploads\/2015\/03\/Cerrado1.jpg?resize=400%2C264&amp;ssl=1 400w\" sizes=\"auto, (max-width: 300px) 100vw, 300px\" \/><\/a><\/p>\n<p>CHERC\u00c1N TAPIA.- As\u00ed luce calle Cherc\u00e1n Tapia actualmente, raz\u00f3n que justifica el desv\u00edo por Avenida Julio Montero, por lo que los vecinos piden supervisi\u00f3n en el sector.<\/p>\n"},"caption":{"rendered":"<p>CHERC\u00c1N TAPIA.- As\u00ed luce calle Cherc\u00e1n Tapia actualmente, raz\u00f3n que justifica el desv\u00edo por Avenida Julio Montero, por lo que los vecinos piden supervisi\u00f3n en el sector.<\/p>\n"},"alt_text":"CHERC\u00c1N TAPIA.- As\u00ed luce calle Cherc\u00e1n Tapia actualmente, raz\u00f3n que justifica el desv\u00edo por Avenida Julio Montero, por lo que los vecinos piden supervisi\u00f3n en el sector.","media_type":"image","mime_type":"image\/jpeg","media_details":{"width":530,"height":350,"file":"2015\/03\/Cerrado1.jpg","sizes":{"thumbnail":{"file":"Cerrado1-200x132.jpg","width":200,"height":132,"mime_type":"image\/jpeg","source_url":"https:\/\/i0.wp.com\/eltrabajo.cl\/portal\/wp-content\/uploads\/2015\/03\/Cerrado1.jpg?fit=200%2C132&ssl=1"},"medium":{"file":"Cerrado1-300x198.jpg","width":300,"height":198,"mime_type":"image\/jpeg","source_url":"https:\/\/i0.wp.com\/eltrabajo.cl\/portal\/wp-content\/uploads\/2015\/03\/Cerrado1.jpg?fit=300%2C198&ssl=1"},"post-thumbnail":{"file":"Cerrado1-150x99.jpg","width":150,"height":99,"mime_type":"image\/jpeg","source_url":"https:\/\/i0.wp.com\/eltrabajo.cl\/portal\/wp-content\/uploads\/2015\/03\/Cerrado1.jpg?fit=150%2C99&ssl=1"},"single-post-thumbnail":{"file":"Cerrado1-400x264.jpg","width":400,"height":264,"mime_type":"image\/jpeg","source_url":"https:\/\/eltrabajo.cl\/portal\/wp-content\/uploads\/2015\/03\/Cerrado1-400x264.jpg"},"wptouch-new-thumbnail":{"file":"Cerrado1-144x144.jpg","width":144,"height":144,"mime_type":"image\/jpeg","source_url":"https:\/\/eltrabajo.cl\/portal\/wp-content\/uploads\/2015\/03\/Cerrado1-144x144.jpg"},"full":{"file":"Cerrado1.jpg?fit=530%2C350&ssl=1","width":530,"height":350,"mime_type":"image\/jpeg","source_url":"https:\/\/i0.wp.com\/eltrabajo.cl\/portal\/wp-content\/uploads\/2015\/03\/Cerrado1.jpg?fit=530%2C350&ssl=1"}},"image_meta":{"aperture":0,"credit":"","camera":"","caption":"","created_timestamp":0,"copyright":"","focal_length":0,"iso":0,"shutter_speed":0,"title":"","orientation":0}},"post":56765,"source_url":"https:\/\/eltrabajo.cl\/portal\/wp-content\/uploads\/2015\/03\/Cerrado1.jpg","_links":{"self":[{"href":"https:\/\/eltrabajo.cl\/portal\/wp-json\/wp\/v2\/media\/56767","targetHints":{"allow":["GET"]}}],"collection":[{"href":"https:\/\/eltrabajo.cl\/portal\/wp-json\/wp\/v2\/media"}],"about":[{"href":"https:\/\/eltrabajo.cl\/portal\/wp-json\/wp\/v2\/types\/attachment"}],"author":[{"embeddable":true,"href":"https:\/\/eltrabajo.cl\/portal\/wp-json\/wp\/v2\/users\/482"}],"replies":[{"embeddable":true,"href":"https:\/\/eltrabajo.cl\/portal\/wp-json\/wp\/v2\/comments?post=56767"}],"wp:attached-to":[{"embeddable":true,"post_type":"post","id":56765,"href":"https:\/\/eltrabajo.cl\/portal\/wp-json\/wp\/v2\/posts\/56765"}],"curies":[{"name":"wp","href":"https:\/\/api.w.org\/{rel}","templated":true}]}}

<p class="attachment"><a href="https://i0.wp.com/eltrabajo.cl/portal/wp-content/uploads/2015/03/Cerrado1.jpg?ssl=1"><img loading="lazy" decoding="async" width="300" height="198" src="https://i0.wp.com/eltrabajo.cl/portal/wp-content/uploads/2015/03/Cerrado1.jpg?fit=300%2C198&amp;ssl=1" class="attachment-medium size-medium" alt="CHERCÁN TAPIA.- Así luce calle Chercán Tapia actualmente, razón que justifica el desvío por Avenida Julio Montero, por lo que los vecinos piden supervisión en el sector." srcset="https://i0.wp.com/eltrabajo.cl/portal/wp-content/uploads/2015/03/Cerrado1.jpg?w=530&amp;ssl=1 530w, https://i0.wp.com/eltrabajo.cl/portal/wp-content/uploads/2015/03/Cerrado1.jpg?resize=200%2C132&amp;ssl=1 200w, https://i0.wp.com/eltrabajo.cl/portal/wp-content/uploads/2015/03/Cerrado1.jpg?resize=300%2C198&amp;ssl=1 300w, https://i0.wp.com/eltrabajo.cl/portal/wp-content/uploads/2015/03/Cerrado1.jpg?resize=150%2C99&amp;ssl=1 150w, https://i0.wp.com/eltrabajo.cl/portal/wp-content/uploads/2015/03/Cerrado1.jpg?resize=400%2C264&amp;ssl=1 400w" sizes="auto, (max-width: 300px) 100vw, 300px" /></a></p>
<p>CHERCÁN TAPIA.- Así luce calle Chercán Tapia actualmente, razón que justifica el desvío por Avenida Julio Montero, por lo que los vecinos piden supervisión en el sector.</p>

<p>CHERCÁN TAPIA.- Así luce calle Chercán Tapia actualmente, razón que justifica el desvío por Avenida Julio Montero, por lo que los vecinos piden supervisión en el sector.</p>

CHERCÁN TAPIA.- Así luce calle Chercán Tapia actualmente, razón que justifica el desvío por Avenida Julio Montero, por lo que los vecinos piden supervisión en el sector.
