{"id":57976,"date":"2015-05-15T09:39:43","date_gmt":"2015-05-15T12:39:43","guid":{"rendered":"http:\/\/www.eltrabajo.cl\/portal\/wp-content\/uploads\/2015\/05\/Almanaques1.jpg"},"modified":"2015-05-15T09:40:04","modified_gmt":"2015-05-15T12:40:04","slug":"almanaques1","status":"inherit","type":"attachment","link":"https:\/\/eltrabajo.cl\/portal\/lo-pierden-todo-tras-voraz-incendio-en-villa-los-alamos\/almanaques1\/","title":{"rendered":"Almanaques1"},"author":1,"featured_media":0,"comment_status":"open","ping_status":"open","template":"","meta":{"advanced_seo_description":"","jetpack_seo_html_title":"","jetpack_seo_noindex":false},"class_list":["post-57976","attachment","type-attachment","status-inherit","hentry"],"jetpack_sharing_enabled":true,"jetpack_likes_enabled":true,"description":{"rendered":"<p class=\"attachment\"><a href=\"https:\/\/i0.wp.com\/eltrabajo.cl\/portal\/wp-content\/uploads\/2015\/05\/Almanaques1.jpg?ssl=1\"><img loading=\"lazy\" decoding=\"async\" width=\"300\" height=\"197\" src=\"https:\/\/i0.wp.com\/eltrabajo.cl\/portal\/wp-content\/uploads\/2015\/05\/Almanaques1.jpg?fit=300%2C197&amp;ssl=1\" class=\"attachment-medium size-medium\" alt=\"EN BANCARROTA.- Estos son los almanaques que do\u00f1a Sulema vend\u00eda para ganarse la vida, la mayor\u00eda de los inquilinos son vendedores ambulantes.\" srcset=\"https:\/\/i0.wp.com\/eltrabajo.cl\/portal\/wp-content\/uploads\/2015\/05\/Almanaques1.jpg?w=530&amp;ssl=1 530w, https:\/\/i0.wp.com\/eltrabajo.cl\/portal\/wp-content\/uploads\/2015\/05\/Almanaques1.jpg?resize=200%2C131&amp;ssl=1 200w, https:\/\/i0.wp.com\/eltrabajo.cl\/portal\/wp-content\/uploads\/2015\/05\/Almanaques1.jpg?resize=300%2C197&amp;ssl=1 300w, https:\/\/i0.wp.com\/eltrabajo.cl\/portal\/wp-content\/uploads\/2015\/05\/Almanaques1.jpg?resize=150%2C98&amp;ssl=1 150w, https:\/\/i0.wp.com\/eltrabajo.cl\/portal\/wp-content\/uploads\/2015\/05\/Almanaques1.jpg?resize=400%2C263&amp;ssl=1 400w\" sizes=\"auto, (max-width: 300px) 100vw, 300px\" \/><\/a><\/p>\n<p>EN BANCARROTA.- Estos son los almanaques que do\u00f1a Sulema vend\u00eda para ganarse la vida, la mayor\u00eda de los inquilinos son vendedores ambulantes.<\/p>\n"},"caption":{"rendered":"<p>EN BANCARROTA.- Estos son los almanaques que do\u00f1a Sulema vend\u00eda para ganarse la vida, la mayor\u00eda de los inquilinos son vendedores ambulantes.<\/p>\n"},"alt_text":"EN BANCARROTA.- Estos son los almanaques que do\u00f1a Sulema vend\u00eda para ganarse la vida, la mayor\u00eda de los inquilinos son vendedores ambulantes.","media_type":"image","mime_type":"image\/jpeg","media_details":{"width":530,"height":348,"file":"2015\/05\/Almanaques1.jpg","sizes":{"thumbnail":{"file":"Almanaques1-200x131.jpg","width":200,"height":131,"mime_type":"image\/jpeg","source_url":"https:\/\/i0.wp.com\/eltrabajo.cl\/portal\/wp-content\/uploads\/2015\/05\/Almanaques1.jpg?fit=200%2C131&ssl=1"},"medium":{"file":"Almanaques1-300x197.jpg","width":300,"height":197,"mime_type":"image\/jpeg","source_url":"https:\/\/i0.wp.com\/eltrabajo.cl\/portal\/wp-content\/uploads\/2015\/05\/Almanaques1.jpg?fit=300%2C197&ssl=1"},"post-thumbnail":{"file":"Almanaques1-150x98.jpg","width":150,"height":98,"mime_type":"image\/jpeg","source_url":"https:\/\/i0.wp.com\/eltrabajo.cl\/portal\/wp-content\/uploads\/2015\/05\/Almanaques1.jpg?fit=150%2C98&ssl=1"},"single-post-thumbnail":{"file":"Almanaques1-400x263.jpg","width":400,"height":263,"mime_type":"image\/jpeg","source_url":"https:\/\/eltrabajo.cl\/portal\/wp-content\/uploads\/2015\/05\/Almanaques1-400x263.jpg"},"wptouch-new-thumbnail":{"file":"Almanaques1-144x144.jpg","width":144,"height":144,"mime_type":"image\/jpeg","source_url":"https:\/\/eltrabajo.cl\/portal\/wp-content\/uploads\/2015\/05\/Almanaques1-144x144.jpg"},"full":{"file":"Almanaques1.jpg?fit=530%2C348&ssl=1","width":530,"height":348,"mime_type":"image\/jpeg","source_url":"https:\/\/i0.wp.com\/eltrabajo.cl\/portal\/wp-content\/uploads\/2015\/05\/Almanaques1.jpg?fit=530%2C348&ssl=1"}},"image_meta":{"aperture":0,"credit":"","camera":"","caption":"","created_timestamp":0,"copyright":"","focal_length":0,"iso":0,"shutter_speed":0,"title":"","orientation":0}},"post":57974,"source_url":"https:\/\/eltrabajo.cl\/portal\/wp-content\/uploads\/2015\/05\/Almanaques1.jpg","_links":{"self":[{"href":"https:\/\/eltrabajo.cl\/portal\/wp-json\/wp\/v2\/media\/57976","targetHints":{"allow":["GET"]}}],"collection":[{"href":"https:\/\/eltrabajo.cl\/portal\/wp-json\/wp\/v2\/media"}],"about":[{"href":"https:\/\/eltrabajo.cl\/portal\/wp-json\/wp\/v2\/types\/attachment"}],"author":[{"embeddable":true,"href":"https:\/\/eltrabajo.cl\/portal\/wp-json\/wp\/v2\/users\/1"}],"replies":[{"embeddable":true,"href":"https:\/\/eltrabajo.cl\/portal\/wp-json\/wp\/v2\/comments?post=57976"}],"wp:attached-to":[{"embeddable":true,"post_type":"post","id":57974,"href":"https:\/\/eltrabajo.cl\/portal\/wp-json\/wp\/v2\/posts\/57974"}],"curies":[{"name":"wp","href":"https:\/\/api.w.org\/{rel}","templated":true}]}}

<p class="attachment"><a href="https://i0.wp.com/eltrabajo.cl/portal/wp-content/uploads/2015/05/Almanaques1.jpg?ssl=1"><img loading="lazy" decoding="async" width="300" height="197" src="https://i0.wp.com/eltrabajo.cl/portal/wp-content/uploads/2015/05/Almanaques1.jpg?fit=300%2C197&amp;ssl=1" class="attachment-medium size-medium" alt="EN BANCARROTA.- Estos son los almanaques que doña Sulema vendía para ganarse la vida, la mayoría de los inquilinos son vendedores ambulantes." srcset="https://i0.wp.com/eltrabajo.cl/portal/wp-content/uploads/2015/05/Almanaques1.jpg?w=530&amp;ssl=1 530w, https://i0.wp.com/eltrabajo.cl/portal/wp-content/uploads/2015/05/Almanaques1.jpg?resize=200%2C131&amp;ssl=1 200w, https://i0.wp.com/eltrabajo.cl/portal/wp-content/uploads/2015/05/Almanaques1.jpg?resize=300%2C197&amp;ssl=1 300w, https://i0.wp.com/eltrabajo.cl/portal/wp-content/uploads/2015/05/Almanaques1.jpg?resize=150%2C98&amp;ssl=1 150w, https://i0.wp.com/eltrabajo.cl/portal/wp-content/uploads/2015/05/Almanaques1.jpg?resize=400%2C263&amp;ssl=1 400w" sizes="auto, (max-width: 300px) 100vw, 300px" /></a></p>
<p>EN BANCARROTA.- Estos son los almanaques que doña Sulema vendía para ganarse la vida, la mayoría de los inquilinos son vendedores ambulantes.</p>

<p>EN BANCARROTA.- Estos son los almanaques que doña Sulema vendía para ganarse la vida, la mayoría de los inquilinos son vendedores ambulantes.</p>

EN BANCARROTA.- Estos son los almanaques que doña Sulema vendía para ganarse la vida, la mayoría de los inquilinos son vendedores ambulantes.
