{"id":58218,"date":"2015-05-22T09:31:34","date_gmt":"2015-05-22T12:31:34","guid":{"rendered":"http:\/\/www.eltrabajo.cl\/portal\/wp-content\/uploads\/2015\/05\/Desfiles9.jpg"},"modified":"2015-05-22T09:32:02","modified_gmt":"2015-05-22T12:32:02","slug":"desfiles9","status":"inherit","type":"attachment","link":"https:\/\/eltrabajo.cl\/portal\/con-alegres-desfiles-miles-celebraron-combate-naval-de-iquique\/desfiles9\/","title":{"rendered":"Desfiles9"},"author":482,"featured_media":0,"comment_status":"open","ping_status":"open","template":"","meta":{"advanced_seo_description":"","jetpack_seo_html_title":"","jetpack_seo_noindex":false},"class_list":["post-58218","attachment","type-attachment","status-inherit","hentry"],"jetpack_sharing_enabled":true,"jetpack_likes_enabled":true,"description":{"rendered":"<p class=\"attachment\"><a href=\"https:\/\/i0.wp.com\/eltrabajo.cl\/portal\/wp-content\/uploads\/2015\/05\/Desfiles9.jpg?ssl=1\"><img loading=\"lazy\" decoding=\"async\" width=\"300\" height=\"198\" src=\"https:\/\/i0.wp.com\/eltrabajo.cl\/portal\/wp-content\/uploads\/2015\/05\/Desfiles9.jpg?fit=300%2C198&amp;ssl=1\" class=\"attachment-medium size-medium\" alt=\"ABUELOS TAMBI\u00c9N.- El Club de Adulto Mayor Los Copihues, pertenecientes a Poblaci\u00f3n 21 de Mayo, alegr\u00f3 las calles de ese sector con sus abuelos y estandarte oficial.\" srcset=\"https:\/\/i0.wp.com\/eltrabajo.cl\/portal\/wp-content\/uploads\/2015\/05\/Desfiles9.jpg?w=530&amp;ssl=1 530w, https:\/\/i0.wp.com\/eltrabajo.cl\/portal\/wp-content\/uploads\/2015\/05\/Desfiles9.jpg?resize=200%2C132&amp;ssl=1 200w, https:\/\/i0.wp.com\/eltrabajo.cl\/portal\/wp-content\/uploads\/2015\/05\/Desfiles9.jpg?resize=300%2C198&amp;ssl=1 300w, https:\/\/i0.wp.com\/eltrabajo.cl\/portal\/wp-content\/uploads\/2015\/05\/Desfiles9.jpg?resize=150%2C99&amp;ssl=1 150w, https:\/\/i0.wp.com\/eltrabajo.cl\/portal\/wp-content\/uploads\/2015\/05\/Desfiles9.jpg?resize=400%2C263&amp;ssl=1 400w\" sizes=\"auto, (max-width: 300px) 100vw, 300px\" \/><\/a><\/p>\n<p>ABUELOS TAMBI\u00c9N.- El Club de Adulto Mayor Los Copihues, pertenecientes a Poblaci\u00f3n 21 de Mayo, alegr\u00f3 las calles de ese sector con sus abuelos y estandarte oficial.<\/p>\n"},"caption":{"rendered":"<p>ABUELOS TAMBI\u00c9N.- El Club de Adulto Mayor Los Copihues, pertenecientes a Poblaci\u00f3n 21 de Mayo, alegr\u00f3 las calles de ese sector con sus abuelos y estandarte oficial.<\/p>\n"},"alt_text":"ABUELOS TAMBI\u00c9N.- El Club de Adulto Mayor Los Copihues, pertenecientes a Poblaci\u00f3n 21 de Mayo, alegr\u00f3 las calles de ese sector con sus abuelos y estandarte oficial.","media_type":"image","mime_type":"image\/jpeg","media_details":{"width":530,"height":349,"file":"2015\/05\/Desfiles9.jpg","sizes":{"thumbnail":{"file":"Desfiles9-200x132.jpg","width":200,"height":132,"mime_type":"image\/jpeg","source_url":"https:\/\/i0.wp.com\/eltrabajo.cl\/portal\/wp-content\/uploads\/2015\/05\/Desfiles9.jpg?fit=200%2C132&ssl=1"},"medium":{"file":"Desfiles9-300x198.jpg","width":300,"height":198,"mime_type":"image\/jpeg","source_url":"https:\/\/i0.wp.com\/eltrabajo.cl\/portal\/wp-content\/uploads\/2015\/05\/Desfiles9.jpg?fit=300%2C198&ssl=1"},"post-thumbnail":{"file":"Desfiles9-150x99.jpg","width":150,"height":99,"mime_type":"image\/jpeg","source_url":"https:\/\/i0.wp.com\/eltrabajo.cl\/portal\/wp-content\/uploads\/2015\/05\/Desfiles9.jpg?fit=150%2C99&ssl=1"},"single-post-thumbnail":{"file":"Desfiles9-400x263.jpg","width":400,"height":263,"mime_type":"image\/jpeg","source_url":"https:\/\/eltrabajo.cl\/portal\/wp-content\/uploads\/2015\/05\/Desfiles9-400x263.jpg"},"wptouch-new-thumbnail":{"file":"Desfiles9-144x144.jpg","width":144,"height":144,"mime_type":"image\/jpeg","source_url":"https:\/\/eltrabajo.cl\/portal\/wp-content\/uploads\/2015\/05\/Desfiles9-144x144.jpg"},"full":{"file":"Desfiles9.jpg?fit=530%2C349&ssl=1","width":530,"height":349,"mime_type":"image\/jpeg","source_url":"https:\/\/i0.wp.com\/eltrabajo.cl\/portal\/wp-content\/uploads\/2015\/05\/Desfiles9.jpg?fit=530%2C349&ssl=1"}},"image_meta":{"aperture":0,"credit":"","camera":"","caption":"","created_timestamp":0,"copyright":"","focal_length":0,"iso":0,"shutter_speed":0,"title":"","orientation":0}},"post":58210,"source_url":"https:\/\/eltrabajo.cl\/portal\/wp-content\/uploads\/2015\/05\/Desfiles9.jpg","_links":{"self":[{"href":"https:\/\/eltrabajo.cl\/portal\/wp-json\/wp\/v2\/media\/58218","targetHints":{"allow":["GET"]}}],"collection":[{"href":"https:\/\/eltrabajo.cl\/portal\/wp-json\/wp\/v2\/media"}],"about":[{"href":"https:\/\/eltrabajo.cl\/portal\/wp-json\/wp\/v2\/types\/attachment"}],"author":[{"embeddable":true,"href":"https:\/\/eltrabajo.cl\/portal\/wp-json\/wp\/v2\/users\/482"}],"replies":[{"embeddable":true,"href":"https:\/\/eltrabajo.cl\/portal\/wp-json\/wp\/v2\/comments?post=58218"}],"wp:attached-to":[{"embeddable":true,"post_type":"post","id":58210,"href":"https:\/\/eltrabajo.cl\/portal\/wp-json\/wp\/v2\/posts\/58210"}],"curies":[{"name":"wp","href":"https:\/\/api.w.org\/{rel}","templated":true}]}}

<p class="attachment"><a href="https://i0.wp.com/eltrabajo.cl/portal/wp-content/uploads/2015/05/Desfiles9.jpg?ssl=1"><img loading="lazy" decoding="async" width="300" height="198" src="https://i0.wp.com/eltrabajo.cl/portal/wp-content/uploads/2015/05/Desfiles9.jpg?fit=300%2C198&amp;ssl=1" class="attachment-medium size-medium" alt="ABUELOS TAMBIÉN.- El Club de Adulto Mayor Los Copihues, pertenecientes a Población 21 de Mayo, alegró las calles de ese sector con sus abuelos y estandarte oficial." srcset="https://i0.wp.com/eltrabajo.cl/portal/wp-content/uploads/2015/05/Desfiles9.jpg?w=530&amp;ssl=1 530w, https://i0.wp.com/eltrabajo.cl/portal/wp-content/uploads/2015/05/Desfiles9.jpg?resize=200%2C132&amp;ssl=1 200w, https://i0.wp.com/eltrabajo.cl/portal/wp-content/uploads/2015/05/Desfiles9.jpg?resize=300%2C198&amp;ssl=1 300w, https://i0.wp.com/eltrabajo.cl/portal/wp-content/uploads/2015/05/Desfiles9.jpg?resize=150%2C99&amp;ssl=1 150w, https://i0.wp.com/eltrabajo.cl/portal/wp-content/uploads/2015/05/Desfiles9.jpg?resize=400%2C263&amp;ssl=1 400w" sizes="auto, (max-width: 300px) 100vw, 300px" /></a></p>
<p>ABUELOS TAMBIÉN.- El Club de Adulto Mayor Los Copihues, pertenecientes a Población 21 de Mayo, alegró las calles de ese sector con sus abuelos y estandarte oficial.</p>

<p>ABUELOS TAMBIÉN.- El Club de Adulto Mayor Los Copihues, pertenecientes a Población 21 de Mayo, alegró las calles de ese sector con sus abuelos y estandarte oficial.</p>

ABUELOS TAMBIÉN.- El Club de Adulto Mayor Los Copihues, pertenecientes a Población 21 de Mayo, alegró las calles de ese sector con sus abuelos y estandarte oficial.
