{"id":58536,"date":"2015-06-01T09:29:58","date_gmt":"2015-06-01T12:29:58","guid":{"rendered":"http:\/\/www.eltrabajo.cl\/portal\/wp-content\/uploads\/2015\/06\/Personajes2.jpg"},"modified":"2015-06-01T09:31:46","modified_gmt":"2015-06-01T12:31:46","slug":"personajes2","status":"inherit","type":"attachment","link":"https:\/\/eltrabajo.cl\/portal\/dia-del-patrimonio-cultural-se-vivio-con-intensidad-en-san-felipe\/personajes2\/","title":{"rendered":"Personajes2"},"author":482,"featured_media":0,"comment_status":"open","ping_status":"open","template":"","meta":{"advanced_seo_description":"","jetpack_seo_html_title":"","jetpack_seo_noindex":false},"class_list":["post-58536","attachment","type-attachment","status-inherit","hentry"],"jetpack_sharing_enabled":true,"jetpack_likes_enabled":true,"description":{"rendered":"<p class=\"attachment\"><a href=\"https:\/\/i0.wp.com\/eltrabajo.cl\/portal\/wp-content\/uploads\/2015\/06\/Personajes2.jpg?ssl=1\"><img loading=\"lazy\" decoding=\"async\" width=\"300\" height=\"197\" src=\"https:\/\/i0.wp.com\/eltrabajo.cl\/portal\/wp-content\/uploads\/2015\/06\/Personajes2.jpg?fit=300%2C197&amp;ssl=1\" class=\"attachment-medium size-medium\" alt=\"GRANDES DE LA HISTORIA.- Ellos son: Mart\u00edn Lara en el papel de Bernardo O\u2019higgins; Johan Lillo en la interpretaci\u00f3n de Arturo Pratt; V\u00edctor Sagredo encarn\u00f3 al Nobel Pablo Neruda; Paulette Pinch\u00f3n fue Violeta Parra y Almendrita Morales pos\u00f3 para Diario El Trabajo con trajes de la \u00e9poca.\" srcset=\"https:\/\/i0.wp.com\/eltrabajo.cl\/portal\/wp-content\/uploads\/2015\/06\/Personajes2.jpg?w=530&amp;ssl=1 530w, https:\/\/i0.wp.com\/eltrabajo.cl\/portal\/wp-content\/uploads\/2015\/06\/Personajes2.jpg?resize=200%2C131&amp;ssl=1 200w, https:\/\/i0.wp.com\/eltrabajo.cl\/portal\/wp-content\/uploads\/2015\/06\/Personajes2.jpg?resize=300%2C197&amp;ssl=1 300w, https:\/\/i0.wp.com\/eltrabajo.cl\/portal\/wp-content\/uploads\/2015\/06\/Personajes2.jpg?resize=228%2C150&amp;ssl=1 228w, https:\/\/i0.wp.com\/eltrabajo.cl\/portal\/wp-content\/uploads\/2015\/06\/Personajes2.jpg?resize=400%2C263&amp;ssl=1 400w\" sizes=\"auto, (max-width: 300px) 100vw, 300px\" \/><\/a><\/p>\n<p>GRANDES DE LA HISTORIA.- Ellos son: Mart\u00edn Lara en el papel de Bernardo O\u2019higgins; Johan Lillo en la interpretaci\u00f3n de Arturo Pratt; V\u00edctor Sagredo encarn\u00f3 al Nobel Pablo Neruda; Paulette Pinch\u00f3n fue Violeta Parra y Almendrita Morales pos\u00f3 para Diario El Trabajo con trajes de la \u00e9poca.<\/p>\n"},"caption":{"rendered":"<p>GRANDES DE LA HISTORIA.- Ellos son: Mart\u00edn Lara en el papel de Bernardo O\u2019higgins; Johan Lillo en la interpretaci\u00f3n de Arturo Pratt; V\u00edctor Sagredo encarn\u00f3 al Nobel Pablo Neruda; Paulette Pinch\u00f3n fue Violeta Parra y Almendrita Morales pos\u00f3 para Diario El Trabajo con trajes de la \u00e9poca.<\/p>\n"},"alt_text":"GRANDES DE LA HISTORIA.- Ellos son: Mart\u00edn Lara en el papel de Bernardo O\u2019higgins; Johan Lillo en la interpretaci\u00f3n de Arturo Pratt; V\u00edctor Sagredo encarn\u00f3 al Nobel Pablo Neruda; Paulette Pinch\u00f3n fue Violeta Parra y Almendrita Morales pos\u00f3 para Diario El Trabajo con trajes de la \u00e9poca.","media_type":"image","mime_type":"image\/jpeg","media_details":{"width":530,"height":348,"file":"2015\/06\/Personajes2.jpg","sizes":{"thumbnail":{"file":"Personajes2-200x131.jpg","width":200,"height":131,"mime_type":"image\/jpeg","source_url":"https:\/\/i0.wp.com\/eltrabajo.cl\/portal\/wp-content\/uploads\/2015\/06\/Personajes2.jpg?fit=200%2C131&ssl=1"},"medium":{"file":"Personajes2-300x197.jpg","width":300,"height":197,"mime_type":"image\/jpeg","source_url":"https:\/\/i0.wp.com\/eltrabajo.cl\/portal\/wp-content\/uploads\/2015\/06\/Personajes2.jpg?fit=300%2C197&ssl=1"},"post-thumbnail":{"file":"Personajes2-228x150.jpg","width":228,"height":150,"mime_type":"image\/jpeg","source_url":"https:\/\/i0.wp.com\/eltrabajo.cl\/portal\/wp-content\/uploads\/2015\/06\/Personajes2.jpg?fit=228%2C150&ssl=1"},"single-post-thumbnail":{"file":"Personajes2-400x263.jpg","width":400,"height":263,"mime_type":"image\/jpeg","source_url":"https:\/\/eltrabajo.cl\/portal\/wp-content\/uploads\/2015\/06\/Personajes2-400x263.jpg"},"wptouch-new-thumbnail":{"file":"Personajes2-144x144.jpg","width":144,"height":144,"mime_type":"image\/jpeg","source_url":"https:\/\/eltrabajo.cl\/portal\/wp-content\/uploads\/2015\/06\/Personajes2-144x144.jpg"},"full":{"file":"Personajes2.jpg?fit=530%2C348&ssl=1","width":530,"height":348,"mime_type":"image\/jpeg","source_url":"https:\/\/i0.wp.com\/eltrabajo.cl\/portal\/wp-content\/uploads\/2015\/06\/Personajes2.jpg?fit=530%2C348&ssl=1"}},"image_meta":{"aperture":0,"credit":"","camera":"","caption":"","created_timestamp":0,"copyright":"","focal_length":0,"iso":0,"shutter_speed":0,"title":"","orientation":0}},"post":58525,"source_url":"https:\/\/eltrabajo.cl\/portal\/wp-content\/uploads\/2015\/06\/Personajes2.jpg","_links":{"self":[{"href":"https:\/\/eltrabajo.cl\/portal\/wp-json\/wp\/v2\/media\/58536","targetHints":{"allow":["GET"]}}],"collection":[{"href":"https:\/\/eltrabajo.cl\/portal\/wp-json\/wp\/v2\/media"}],"about":[{"href":"https:\/\/eltrabajo.cl\/portal\/wp-json\/wp\/v2\/types\/attachment"}],"author":[{"embeddable":true,"href":"https:\/\/eltrabajo.cl\/portal\/wp-json\/wp\/v2\/users\/482"}],"replies":[{"embeddable":true,"href":"https:\/\/eltrabajo.cl\/portal\/wp-json\/wp\/v2\/comments?post=58536"}],"wp:attached-to":[{"embeddable":true,"post_type":"post","id":58525,"href":"https:\/\/eltrabajo.cl\/portal\/wp-json\/wp\/v2\/posts\/58525"}],"curies":[{"name":"wp","href":"https:\/\/api.w.org\/{rel}","templated":true}]}}

<p class="attachment"><a href="https://i0.wp.com/eltrabajo.cl/portal/wp-content/uploads/2015/06/Personajes2.jpg?ssl=1"><img loading="lazy" decoding="async" width="300" height="197" src="https://i0.wp.com/eltrabajo.cl/portal/wp-content/uploads/2015/06/Personajes2.jpg?fit=300%2C197&amp;ssl=1" class="attachment-medium size-medium" alt="GRANDES DE LA HISTORIA.- Ellos son: Martín Lara en el papel de Bernardo O’higgins; Johan Lillo en la interpretación de Arturo Pratt; Víctor Sagredo encarnó al Nobel Pablo Neruda; Paulette Pinchón fue Violeta Parra y Almendrita Morales posó para Diario El Trabajo con trajes de la época." srcset="https://i0.wp.com/eltrabajo.cl/portal/wp-content/uploads/2015/06/Personajes2.jpg?w=530&amp;ssl=1 530w, https://i0.wp.com/eltrabajo.cl/portal/wp-content/uploads/2015/06/Personajes2.jpg?resize=200%2C131&amp;ssl=1 200w, https://i0.wp.com/eltrabajo.cl/portal/wp-content/uploads/2015/06/Personajes2.jpg?resize=300%2C197&amp;ssl=1 300w, https://i0.wp.com/eltrabajo.cl/portal/wp-content/uploads/2015/06/Personajes2.jpg?resize=228%2C150&amp;ssl=1 228w, https://i0.wp.com/eltrabajo.cl/portal/wp-content/uploads/2015/06/Personajes2.jpg?resize=400%2C263&amp;ssl=1 400w" sizes="auto, (max-width: 300px) 100vw, 300px" /></a></p>
<p>GRANDES DE LA HISTORIA.- Ellos son: Martín Lara en el papel de Bernardo O’higgins; Johan Lillo en la interpretación de Arturo Pratt; Víctor Sagredo encarnó al Nobel Pablo Neruda; Paulette Pinchón fue Violeta Parra y Almendrita Morales posó para Diario El Trabajo con trajes de la época.</p>

<p>GRANDES DE LA HISTORIA.- Ellos son: Martín Lara en el papel de Bernardo O’higgins; Johan Lillo en la interpretación de Arturo Pratt; Víctor Sagredo encarnó al Nobel Pablo Neruda; Paulette Pinchón fue Violeta Parra y Almendrita Morales posó para Diario El Trabajo con trajes de la época.</p>

GRANDES DE LA HISTORIA.- Ellos son: Martín Lara en el papel de Bernardo O’higgins; Johan Lillo en la interpretación de Arturo Pratt; Víctor Sagredo encarnó al Nobel Pablo Neruda; Paulette Pinchón fue Violeta Parra y Almendrita Morales posó para Diario El Trabajo con trajes de la época.
