{"id":58539,"date":"2015-06-01T09:30:02","date_gmt":"2015-06-01T12:30:02","guid":{"rendered":"http:\/\/www.eltrabajo.cl\/portal\/wp-content\/uploads\/2015\/06\/Voluntarios1.jpg"},"modified":"2015-06-01T09:32:10","modified_gmt":"2015-06-01T12:32:10","slug":"voluntarios1-3","status":"inherit","type":"attachment","link":"https:\/\/eltrabajo.cl\/portal\/dia-del-patrimonio-cultural-se-vivio-con-intensidad-en-san-felipe\/voluntarios1-3\/","title":{"rendered":"Voluntarios1"},"author":482,"featured_media":0,"comment_status":"open","ping_status":"open","template":"","meta":{"advanced_seo_description":"","jetpack_seo_html_title":"","jetpack_seo_noindex":false},"class_list":["post-58539","attachment","type-attachment","status-inherit","hentry"],"jetpack_sharing_enabled":true,"jetpack_likes_enabled":true,"description":{"rendered":"<p class=\"attachment\"><a href=\"https:\/\/i0.wp.com\/eltrabajo.cl\/portal\/wp-content\/uploads\/2015\/06\/Voluntarios1.jpg?ssl=1\"><img loading=\"lazy\" decoding=\"async\" width=\"300\" height=\"198\" src=\"https:\/\/i0.wp.com\/eltrabajo.cl\/portal\/wp-content\/uploads\/2015\/06\/Voluntarios1.jpg?fit=300%2C198&amp;ssl=1\" class=\"attachment-medium size-medium\" alt=\"CRUZ ROJA.- Esta familia sanfelipe\u00f1a tambi\u00e9n escudri\u00f1\u00f3 con asombro el Acta de Fundaci\u00f3n de nuestra sede de la Cruz Roja de San Felipe, que data de 1920.\" srcset=\"https:\/\/i0.wp.com\/eltrabajo.cl\/portal\/wp-content\/uploads\/2015\/06\/Voluntarios1.jpg?w=530&amp;ssl=1 530w, https:\/\/i0.wp.com\/eltrabajo.cl\/portal\/wp-content\/uploads\/2015\/06\/Voluntarios1.jpg?resize=200%2C132&amp;ssl=1 200w, https:\/\/i0.wp.com\/eltrabajo.cl\/portal\/wp-content\/uploads\/2015\/06\/Voluntarios1.jpg?resize=300%2C198&amp;ssl=1 300w, https:\/\/i0.wp.com\/eltrabajo.cl\/portal\/wp-content\/uploads\/2015\/06\/Voluntarios1.jpg?resize=228%2C150&amp;ssl=1 228w, https:\/\/i0.wp.com\/eltrabajo.cl\/portal\/wp-content\/uploads\/2015\/06\/Voluntarios1.jpg?resize=400%2C263&amp;ssl=1 400w\" sizes=\"auto, (max-width: 300px) 100vw, 300px\" \/><\/a><\/p>\n<p>CRUZ ROJA.- Esta familia sanfelipe\u00f1a tambi\u00e9n escudri\u00f1\u00f3 con asombro el Acta de Fundaci\u00f3n de nuestra sede de la Cruz Roja de San Felipe, que data de 1920.<\/p>\n"},"caption":{"rendered":"<p>CRUZ ROJA.- Esta familia sanfelipe\u00f1a tambi\u00e9n escudri\u00f1\u00f3 con asombro el Acta de Fundaci\u00f3n de nuestra sede de la Cruz Roja de San Felipe, que data de 1920.<\/p>\n"},"alt_text":"CRUZ ROJA.- Esta familia sanfelipe\u00f1a tambi\u00e9n escudri\u00f1\u00f3 con asombro el Acta de Fundaci\u00f3n de nuestra sede de la Cruz Roja de San Felipe, que data de 1920.","media_type":"image","mime_type":"image\/jpeg","media_details":{"width":530,"height":349,"file":"2015\/06\/Voluntarios1.jpg","sizes":{"thumbnail":{"file":"Voluntarios1-200x132.jpg","width":200,"height":132,"mime_type":"image\/jpeg","source_url":"https:\/\/i0.wp.com\/eltrabajo.cl\/portal\/wp-content\/uploads\/2015\/06\/Voluntarios1.jpg?fit=200%2C132&ssl=1"},"medium":{"file":"Voluntarios1-300x198.jpg","width":300,"height":198,"mime_type":"image\/jpeg","source_url":"https:\/\/i0.wp.com\/eltrabajo.cl\/portal\/wp-content\/uploads\/2015\/06\/Voluntarios1.jpg?fit=300%2C198&ssl=1"},"post-thumbnail":{"file":"Voluntarios1-228x150.jpg","width":228,"height":150,"mime_type":"image\/jpeg","source_url":"https:\/\/i0.wp.com\/eltrabajo.cl\/portal\/wp-content\/uploads\/2015\/06\/Voluntarios1.jpg?fit=228%2C150&ssl=1"},"single-post-thumbnail":{"file":"Voluntarios1-400x263.jpg","width":400,"height":263,"mime_type":"image\/jpeg","source_url":"https:\/\/eltrabajo.cl\/portal\/wp-content\/uploads\/2015\/06\/Voluntarios1-400x263.jpg"},"wptouch-new-thumbnail":{"file":"Voluntarios1-144x144.jpg","width":144,"height":144,"mime_type":"image\/jpeg","source_url":"https:\/\/eltrabajo.cl\/portal\/wp-content\/uploads\/2015\/06\/Voluntarios1-144x144.jpg"},"full":{"file":"Voluntarios1.jpg?fit=530%2C349&ssl=1","width":530,"height":349,"mime_type":"image\/jpeg","source_url":"https:\/\/i0.wp.com\/eltrabajo.cl\/portal\/wp-content\/uploads\/2015\/06\/Voluntarios1.jpg?fit=530%2C349&ssl=1"}},"image_meta":{"aperture":0,"credit":"","camera":"","caption":"","created_timestamp":0,"copyright":"","focal_length":0,"iso":0,"shutter_speed":0,"title":"","orientation":0}},"post":58525,"source_url":"https:\/\/eltrabajo.cl\/portal\/wp-content\/uploads\/2015\/06\/Voluntarios1.jpg","_links":{"self":[{"href":"https:\/\/eltrabajo.cl\/portal\/wp-json\/wp\/v2\/media\/58539","targetHints":{"allow":["GET"]}}],"collection":[{"href":"https:\/\/eltrabajo.cl\/portal\/wp-json\/wp\/v2\/media"}],"about":[{"href":"https:\/\/eltrabajo.cl\/portal\/wp-json\/wp\/v2\/types\/attachment"}],"author":[{"embeddable":true,"href":"https:\/\/eltrabajo.cl\/portal\/wp-json\/wp\/v2\/users\/482"}],"replies":[{"embeddable":true,"href":"https:\/\/eltrabajo.cl\/portal\/wp-json\/wp\/v2\/comments?post=58539"}],"wp:attached-to":[{"embeddable":true,"post_type":"post","id":58525,"href":"https:\/\/eltrabajo.cl\/portal\/wp-json\/wp\/v2\/posts\/58525"}],"curies":[{"name":"wp","href":"https:\/\/api.w.org\/{rel}","templated":true}]}}

<p class="attachment"><a href="https://i0.wp.com/eltrabajo.cl/portal/wp-content/uploads/2015/06/Voluntarios1.jpg?ssl=1"><img loading="lazy" decoding="async" width="300" height="198" src="https://i0.wp.com/eltrabajo.cl/portal/wp-content/uploads/2015/06/Voluntarios1.jpg?fit=300%2C198&amp;ssl=1" class="attachment-medium size-medium" alt="CRUZ ROJA.- Esta familia sanfelipeña también escudriñó con asombro el Acta de Fundación de nuestra sede de la Cruz Roja de San Felipe, que data de 1920." srcset="https://i0.wp.com/eltrabajo.cl/portal/wp-content/uploads/2015/06/Voluntarios1.jpg?w=530&amp;ssl=1 530w, https://i0.wp.com/eltrabajo.cl/portal/wp-content/uploads/2015/06/Voluntarios1.jpg?resize=200%2C132&amp;ssl=1 200w, https://i0.wp.com/eltrabajo.cl/portal/wp-content/uploads/2015/06/Voluntarios1.jpg?resize=300%2C198&amp;ssl=1 300w, https://i0.wp.com/eltrabajo.cl/portal/wp-content/uploads/2015/06/Voluntarios1.jpg?resize=228%2C150&amp;ssl=1 228w, https://i0.wp.com/eltrabajo.cl/portal/wp-content/uploads/2015/06/Voluntarios1.jpg?resize=400%2C263&amp;ssl=1 400w" sizes="auto, (max-width: 300px) 100vw, 300px" /></a></p>
<p>CRUZ ROJA.- Esta familia sanfelipeña también escudriñó con asombro el Acta de Fundación de nuestra sede de la Cruz Roja de San Felipe, que data de 1920.</p>

<p>CRUZ ROJA.- Esta familia sanfelipeña también escudriñó con asombro el Acta de Fundación de nuestra sede de la Cruz Roja de San Felipe, que data de 1920.</p>

CRUZ ROJA.- Esta familia sanfelipeña también escudriñó con asombro el Acta de Fundación de nuestra sede de la Cruz Roja de San Felipe, que data de 1920.
