{"id":58886,"date":"2015-06-10T09:34:09","date_gmt":"2015-06-10T12:34:09","guid":{"rendered":"http:\/\/www.eltrabajo.cl\/portal\/wp-content\/uploads\/2015\/06\/Adultos-Mayores.jpg"},"modified":"2015-06-10T09:34:25","modified_gmt":"2015-06-10T12:34:25","slug":"adultos-mayores-6","status":"inherit","type":"attachment","link":"https:\/\/eltrabajo.cl\/portal\/incendio-en-casa-de-san-martin-pudo-haber-sido-provocado-por-menores\/adultos-mayores-6\/","title":{"rendered":"Adultos Mayores"},"author":482,"featured_media":0,"comment_status":"open","ping_status":"open","template":"","meta":{"advanced_seo_description":"","jetpack_seo_html_title":"","jetpack_seo_noindex":false},"class_list":["post-58886","attachment","type-attachment","status-inherit","hentry"],"jetpack_sharing_enabled":true,"jetpack_likes_enabled":true,"description":{"rendered":"<p class=\"attachment\"><a href=\"https:\/\/i0.wp.com\/eltrabajo.cl\/portal\/wp-content\/uploads\/2015\/06\/Adultos-Mayores.jpg?ssl=1\"><img loading=\"lazy\" decoding=\"async\" width=\"300\" height=\"198\" src=\"https:\/\/i0.wp.com\/eltrabajo.cl\/portal\/wp-content\/uploads\/2015\/06\/Adultos-Mayores.jpg?fit=300%2C198&amp;ssl=1\" class=\"attachment-medium size-medium\" alt=\"Los adultos mayores pertenecientes a un hogar de acogida, se mantuvieron consternados con el incendio, registr\u00e1ndose solo da\u00f1os leves en esa casa habitaci\u00f3n vecina.\" srcset=\"https:\/\/i0.wp.com\/eltrabajo.cl\/portal\/wp-content\/uploads\/2015\/06\/Adultos-Mayores.jpg?w=530&amp;ssl=1 530w, https:\/\/i0.wp.com\/eltrabajo.cl\/portal\/wp-content\/uploads\/2015\/06\/Adultos-Mayores.jpg?resize=200%2C132&amp;ssl=1 200w, https:\/\/i0.wp.com\/eltrabajo.cl\/portal\/wp-content\/uploads\/2015\/06\/Adultos-Mayores.jpg?resize=300%2C198&amp;ssl=1 300w, https:\/\/i0.wp.com\/eltrabajo.cl\/portal\/wp-content\/uploads\/2015\/06\/Adultos-Mayores.jpg?resize=227%2C150&amp;ssl=1 227w, https:\/\/i0.wp.com\/eltrabajo.cl\/portal\/wp-content\/uploads\/2015\/06\/Adultos-Mayores.jpg?resize=400%2C264&amp;ssl=1 400w\" sizes=\"auto, (max-width: 300px) 100vw, 300px\" \/><\/a><\/p>\n<p>Los adultos mayores pertenecientes a un hogar de acogida, se mantuvieron consternados con el incendio, registr\u00e1ndose solo da\u00f1os leves en esa casa habitaci\u00f3n vecina.<\/p>\n"},"caption":{"rendered":"<p>Los adultos mayores pertenecientes a un hogar de acogida, se mantuvieron consternados con el incendio, registr\u00e1ndose solo da\u00f1os leves en esa casa habitaci\u00f3n vecina.<\/p>\n"},"alt_text":"Los adultos mayores pertenecientes a un hogar de acogida, se mantuvieron consternados con el incendio, registr\u00e1ndose solo da\u00f1os leves en esa casa habitaci\u00f3n vecina.","media_type":"image","mime_type":"image\/jpeg","media_details":{"width":530,"height":350,"file":"2015\/06\/Adultos-Mayores.jpg","sizes":{"thumbnail":{"file":"Adultos-Mayores-200x132.jpg","width":200,"height":132,"mime_type":"image\/jpeg","source_url":"https:\/\/i0.wp.com\/eltrabajo.cl\/portal\/wp-content\/uploads\/2015\/06\/Adultos-Mayores.jpg?fit=200%2C132&ssl=1"},"medium":{"file":"Adultos-Mayores-300x198.jpg","width":300,"height":198,"mime_type":"image\/jpeg","source_url":"https:\/\/i0.wp.com\/eltrabajo.cl\/portal\/wp-content\/uploads\/2015\/06\/Adultos-Mayores.jpg?fit=300%2C198&ssl=1"},"post-thumbnail":{"file":"Adultos-Mayores-227x150.jpg","width":227,"height":150,"mime_type":"image\/jpeg","source_url":"https:\/\/i0.wp.com\/eltrabajo.cl\/portal\/wp-content\/uploads\/2015\/06\/Adultos-Mayores.jpg?fit=227%2C150&ssl=1"},"single-post-thumbnail":{"file":"Adultos-Mayores-400x264.jpg","width":400,"height":264,"mime_type":"image\/jpeg","source_url":"https:\/\/eltrabajo.cl\/portal\/wp-content\/uploads\/2015\/06\/Adultos-Mayores-400x264.jpg"},"wptouch-new-thumbnail":{"file":"Adultos-Mayores-144x144.jpg","width":144,"height":144,"mime_type":"image\/jpeg","source_url":"https:\/\/eltrabajo.cl\/portal\/wp-content\/uploads\/2015\/06\/Adultos-Mayores-144x144.jpg"},"full":{"file":"Adultos-Mayores.jpg?fit=530%2C350&ssl=1","width":530,"height":350,"mime_type":"image\/jpeg","source_url":"https:\/\/i0.wp.com\/eltrabajo.cl\/portal\/wp-content\/uploads\/2015\/06\/Adultos-Mayores.jpg?fit=530%2C350&ssl=1"}},"image_meta":{"aperture":0,"credit":"","camera":"","caption":"","created_timestamp":0,"copyright":"","focal_length":0,"iso":0,"shutter_speed":0,"title":"","orientation":0}},"post":58883,"source_url":"https:\/\/eltrabajo.cl\/portal\/wp-content\/uploads\/2015\/06\/Adultos-Mayores.jpg","_links":{"self":[{"href":"https:\/\/eltrabajo.cl\/portal\/wp-json\/wp\/v2\/media\/58886","targetHints":{"allow":["GET"]}}],"collection":[{"href":"https:\/\/eltrabajo.cl\/portal\/wp-json\/wp\/v2\/media"}],"about":[{"href":"https:\/\/eltrabajo.cl\/portal\/wp-json\/wp\/v2\/types\/attachment"}],"author":[{"embeddable":true,"href":"https:\/\/eltrabajo.cl\/portal\/wp-json\/wp\/v2\/users\/482"}],"replies":[{"embeddable":true,"href":"https:\/\/eltrabajo.cl\/portal\/wp-json\/wp\/v2\/comments?post=58886"}],"wp:attached-to":[{"embeddable":true,"post_type":"post","id":58883,"href":"https:\/\/eltrabajo.cl\/portal\/wp-json\/wp\/v2\/posts\/58883"}],"curies":[{"name":"wp","href":"https:\/\/api.w.org\/{rel}","templated":true}]}}

<p class="attachment"><a href="https://i0.wp.com/eltrabajo.cl/portal/wp-content/uploads/2015/06/Adultos-Mayores.jpg?ssl=1"><img loading="lazy" decoding="async" width="300" height="198" src="https://i0.wp.com/eltrabajo.cl/portal/wp-content/uploads/2015/06/Adultos-Mayores.jpg?fit=300%2C198&amp;ssl=1" class="attachment-medium size-medium" alt="Los adultos mayores pertenecientes a un hogar de acogida, se mantuvieron consternados con el incendio, registrándose solo daños leves en esa casa habitación vecina." srcset="https://i0.wp.com/eltrabajo.cl/portal/wp-content/uploads/2015/06/Adultos-Mayores.jpg?w=530&amp;ssl=1 530w, https://i0.wp.com/eltrabajo.cl/portal/wp-content/uploads/2015/06/Adultos-Mayores.jpg?resize=200%2C132&amp;ssl=1 200w, https://i0.wp.com/eltrabajo.cl/portal/wp-content/uploads/2015/06/Adultos-Mayores.jpg?resize=300%2C198&amp;ssl=1 300w, https://i0.wp.com/eltrabajo.cl/portal/wp-content/uploads/2015/06/Adultos-Mayores.jpg?resize=227%2C150&amp;ssl=1 227w, https://i0.wp.com/eltrabajo.cl/portal/wp-content/uploads/2015/06/Adultos-Mayores.jpg?resize=400%2C264&amp;ssl=1 400w" sizes="auto, (max-width: 300px) 100vw, 300px" /></a></p>
<p>Los adultos mayores pertenecientes a un hogar de acogida, se mantuvieron consternados con el incendio, registrándose solo daños leves en esa casa habitación vecina.</p>

<p>Los adultos mayores pertenecientes a un hogar de acogida, se mantuvieron consternados con el incendio, registrándose solo daños leves en esa casa habitación vecina.</p>

Los adultos mayores pertenecientes a un hogar de acogida, se mantuvieron consternados con el incendio, registrándose solo daños leves en esa casa habitación vecina.
