{"id":59486,"date":"2015-06-30T09:23:54","date_gmt":"2015-06-30T12:23:54","guid":{"rendered":"http:\/\/www.eltrabajo.cl\/portal\/wp-content\/uploads\/2015\/06\/Hermanos1.jpg"},"modified":"2015-06-30T09:24:14","modified_gmt":"2015-06-30T12:24:14","slug":"hermanos1","status":"inherit","type":"attachment","link":"https:\/\/eltrabajo.cl\/portal\/a-sus-78-anos-muere-exdirector-de-3a-compania-de-bomberos\/hermanos1\/","title":{"rendered":"Hermanos1"},"author":482,"featured_media":0,"comment_status":"open","ping_status":"open","template":"","meta":{"advanced_seo_description":"","jetpack_seo_html_title":"","jetpack_seo_noindex":false},"class_list":["post-59486","attachment","type-attachment","status-inherit","hentry"],"jetpack_sharing_enabled":true,"jetpack_likes_enabled":true,"description":{"rendered":"<p class=\"attachment\"><a href=\"https:\/\/i0.wp.com\/eltrabajo.cl\/portal\/wp-content\/uploads\/2015\/06\/Hermanos1.jpg?ssl=1\"><img loading=\"lazy\" decoding=\"async\" width=\"300\" height=\"202\" src=\"https:\/\/i0.wp.com\/eltrabajo.cl\/portal\/wp-content\/uploads\/2015\/06\/Hermanos1.jpg?fit=300%2C202&amp;ssl=1\" class=\"attachment-medium size-medium\" alt=\"\u00daNICOS HIJOS.- Ellos son Carlos y Sergio Lillo, \u00fanicos hijos de don Hugo, quienes hoy martes recibir\u00e1n los honores correspondientes a su padre por parte de Bomberos de Chile.\" srcset=\"https:\/\/i0.wp.com\/eltrabajo.cl\/portal\/wp-content\/uploads\/2015\/06\/Hermanos1.jpg?w=521&amp;ssl=1 521w, https:\/\/i0.wp.com\/eltrabajo.cl\/portal\/wp-content\/uploads\/2015\/06\/Hermanos1.jpg?resize=200%2C134&amp;ssl=1 200w, https:\/\/i0.wp.com\/eltrabajo.cl\/portal\/wp-content\/uploads\/2015\/06\/Hermanos1.jpg?resize=300%2C202&amp;ssl=1 300w, https:\/\/i0.wp.com\/eltrabajo.cl\/portal\/wp-content\/uploads\/2015\/06\/Hermanos1.jpg?resize=223%2C150&amp;ssl=1 223w, https:\/\/i0.wp.com\/eltrabajo.cl\/portal\/wp-content\/uploads\/2015\/06\/Hermanos1.jpg?resize=400%2C269&amp;ssl=1 400w\" sizes=\"auto, (max-width: 300px) 100vw, 300px\" \/><\/a><\/p>\n<p>\u00daNICOS HIJOS.- Ellos son Carlos y Sergio Lillo, \u00fanicos hijos de don Hugo, quienes hoy martes recibir\u00e1n los honores correspondientes a su padre por parte de Bomberos de Chile.<\/p>\n"},"caption":{"rendered":"<p>\u00daNICOS HIJOS.- Ellos son Carlos y Sergio Lillo, \u00fanicos hijos de don Hugo, quienes hoy martes recibir\u00e1n los honores correspondientes a su padre por parte de Bomberos de Chile.<\/p>\n"},"alt_text":"\u00daNICOS HIJOS.- Ellos son Carlos y Sergio Lillo, \u00fanicos hijos de don Hugo, quienes hoy martes recibir\u00e1n los honores correspondientes a su padre por parte de Bomberos de Chile.","media_type":"image","mime_type":"image\/jpeg","media_details":{"width":521,"height":350,"file":"2015\/06\/Hermanos1.jpg","sizes":{"thumbnail":{"file":"Hermanos1-200x134.jpg","width":200,"height":134,"mime_type":"image\/jpeg","source_url":"https:\/\/i0.wp.com\/eltrabajo.cl\/portal\/wp-content\/uploads\/2015\/06\/Hermanos1.jpg?fit=200%2C134&ssl=1"},"medium":{"file":"Hermanos1-300x202.jpg","width":300,"height":202,"mime_type":"image\/jpeg","source_url":"https:\/\/i0.wp.com\/eltrabajo.cl\/portal\/wp-content\/uploads\/2015\/06\/Hermanos1.jpg?fit=300%2C202&ssl=1"},"post-thumbnail":{"file":"Hermanos1-223x150.jpg","width":223,"height":150,"mime_type":"image\/jpeg","source_url":"https:\/\/i0.wp.com\/eltrabajo.cl\/portal\/wp-content\/uploads\/2015\/06\/Hermanos1.jpg?fit=223%2C150&ssl=1"},"single-post-thumbnail":{"file":"Hermanos1-400x269.jpg","width":400,"height":269,"mime_type":"image\/jpeg","source_url":"https:\/\/eltrabajo.cl\/portal\/wp-content\/uploads\/2015\/06\/Hermanos1-400x269.jpg"},"wptouch-new-thumbnail":{"file":"Hermanos1-144x144.jpg","width":144,"height":144,"mime_type":"image\/jpeg","source_url":"https:\/\/eltrabajo.cl\/portal\/wp-content\/uploads\/2015\/06\/Hermanos1-144x144.jpg"},"full":{"file":"Hermanos1.jpg?fit=521%2C350&ssl=1","width":521,"height":350,"mime_type":"image\/jpeg","source_url":"https:\/\/i0.wp.com\/eltrabajo.cl\/portal\/wp-content\/uploads\/2015\/06\/Hermanos1.jpg?fit=521%2C350&ssl=1"}},"image_meta":{"aperture":0,"credit":"","camera":"","caption":"","created_timestamp":0,"copyright":"","focal_length":0,"iso":0,"shutter_speed":0,"title":"","orientation":0}},"post":59483,"source_url":"https:\/\/eltrabajo.cl\/portal\/wp-content\/uploads\/2015\/06\/Hermanos1.jpg","_links":{"self":[{"href":"https:\/\/eltrabajo.cl\/portal\/wp-json\/wp\/v2\/media\/59486","targetHints":{"allow":["GET"]}}],"collection":[{"href":"https:\/\/eltrabajo.cl\/portal\/wp-json\/wp\/v2\/media"}],"about":[{"href":"https:\/\/eltrabajo.cl\/portal\/wp-json\/wp\/v2\/types\/attachment"}],"author":[{"embeddable":true,"href":"https:\/\/eltrabajo.cl\/portal\/wp-json\/wp\/v2\/users\/482"}],"replies":[{"embeddable":true,"href":"https:\/\/eltrabajo.cl\/portal\/wp-json\/wp\/v2\/comments?post=59486"}],"wp:attached-to":[{"embeddable":true,"post_type":"post","id":59483,"href":"https:\/\/eltrabajo.cl\/portal\/wp-json\/wp\/v2\/posts\/59483"}],"curies":[{"name":"wp","href":"https:\/\/api.w.org\/{rel}","templated":true}]}}

<p class="attachment"><a href="https://i0.wp.com/eltrabajo.cl/portal/wp-content/uploads/2015/06/Hermanos1.jpg?ssl=1"><img loading="lazy" decoding="async" width="300" height="202" src="https://i0.wp.com/eltrabajo.cl/portal/wp-content/uploads/2015/06/Hermanos1.jpg?fit=300%2C202&amp;ssl=1" class="attachment-medium size-medium" alt="ÚNICOS HIJOS.- Ellos son Carlos y Sergio Lillo, únicos hijos de don Hugo, quienes hoy martes recibirán los honores correspondientes a su padre por parte de Bomberos de Chile." srcset="https://i0.wp.com/eltrabajo.cl/portal/wp-content/uploads/2015/06/Hermanos1.jpg?w=521&amp;ssl=1 521w, https://i0.wp.com/eltrabajo.cl/portal/wp-content/uploads/2015/06/Hermanos1.jpg?resize=200%2C134&amp;ssl=1 200w, https://i0.wp.com/eltrabajo.cl/portal/wp-content/uploads/2015/06/Hermanos1.jpg?resize=300%2C202&amp;ssl=1 300w, https://i0.wp.com/eltrabajo.cl/portal/wp-content/uploads/2015/06/Hermanos1.jpg?resize=223%2C150&amp;ssl=1 223w, https://i0.wp.com/eltrabajo.cl/portal/wp-content/uploads/2015/06/Hermanos1.jpg?resize=400%2C269&amp;ssl=1 400w" sizes="auto, (max-width: 300px) 100vw, 300px" /></a></p>
<p>ÚNICOS HIJOS.- Ellos son Carlos y Sergio Lillo, únicos hijos de don Hugo, quienes hoy martes recibirán los honores correspondientes a su padre por parte de Bomberos de Chile.</p>

<p>ÚNICOS HIJOS.- Ellos son Carlos y Sergio Lillo, únicos hijos de don Hugo, quienes hoy martes recibirán los honores correspondientes a su padre por parte de Bomberos de Chile.</p>

ÚNICOS HIJOS.- Ellos son Carlos y Sergio Lillo, únicos hijos de don Hugo, quienes hoy martes recibirán los honores correspondientes a su padre por parte de Bomberos de Chile.
