{"id":59488,"date":"2015-06-30T09:23:58","date_gmt":"2015-06-30T12:23:58","guid":{"rendered":"http:\/\/www.eltrabajo.cl\/portal\/wp-content\/uploads\/2015\/06\/Honores2.jpg"},"modified":"2015-06-30T09:24:28","modified_gmt":"2015-06-30T12:24:28","slug":"honores2","status":"inherit","type":"attachment","link":"https:\/\/eltrabajo.cl\/portal\/a-sus-78-anos-muere-exdirector-de-3a-compania-de-bomberos\/honores2\/","title":{"rendered":"Honores2"},"author":482,"featured_media":0,"comment_status":"open","ping_status":"open","template":"","meta":{"advanced_seo_description":"","jetpack_seo_html_title":"","jetpack_seo_noindex":false},"class_list":["post-59488","attachment","type-attachment","status-inherit","hentry"],"jetpack_sharing_enabled":true,"jetpack_likes_enabled":true,"description":{"rendered":"<p class=\"attachment\"><a href=\"https:\/\/i0.wp.com\/eltrabajo.cl\/portal\/wp-content\/uploads\/2015\/06\/Honores2.jpg?ssl=1\"><img loading=\"lazy\" decoding=\"async\" width=\"300\" height=\"202\" src=\"https:\/\/i0.wp.com\/eltrabajo.cl\/portal\/wp-content\/uploads\/2015\/06\/Honores2.jpg?fit=300%2C202&amp;ssl=1\" class=\"attachment-medium size-medium\" alt=\"MUCHO RESPETO.- Durante toda la ceremonia, una guardia bomberil resguard\u00f3 el f\u00e9retro de quien dirigiera esa compa\u00f1\u00eda por varios a\u00f1os.\" srcset=\"https:\/\/i0.wp.com\/eltrabajo.cl\/portal\/wp-content\/uploads\/2015\/06\/Honores2.jpg?w=520&amp;ssl=1 520w, https:\/\/i0.wp.com\/eltrabajo.cl\/portal\/wp-content\/uploads\/2015\/06\/Honores2.jpg?resize=200%2C135&amp;ssl=1 200w, https:\/\/i0.wp.com\/eltrabajo.cl\/portal\/wp-content\/uploads\/2015\/06\/Honores2.jpg?resize=300%2C202&amp;ssl=1 300w, https:\/\/i0.wp.com\/eltrabajo.cl\/portal\/wp-content\/uploads\/2015\/06\/Honores2.jpg?resize=223%2C150&amp;ssl=1 223w, https:\/\/i0.wp.com\/eltrabajo.cl\/portal\/wp-content\/uploads\/2015\/06\/Honores2.jpg?resize=400%2C269&amp;ssl=1 400w\" sizes=\"auto, (max-width: 300px) 100vw, 300px\" \/><\/a><\/p>\n<p>MUCHO RESPETO.- Durante toda la ceremonia, una guardia bomberil resguard\u00f3 el f\u00e9retro de quien dirigiera esa compa\u00f1\u00eda por varios a\u00f1os.<\/p>\n"},"caption":{"rendered":"<p>MUCHO RESPETO.- Durante toda la ceremonia, una guardia bomberil resguard\u00f3 el f\u00e9retro de quien dirigiera esa compa\u00f1\u00eda por varios a\u00f1os.<\/p>\n"},"alt_text":"MUCHO RESPETO.- Durante toda la ceremonia, una guardia bomberil resguard\u00f3 el f\u00e9retro de quien dirigiera esa compa\u00f1\u00eda por varios a\u00f1os.","media_type":"image","mime_type":"image\/jpeg","media_details":{"width":520,"height":350,"file":"2015\/06\/Honores2.jpg","sizes":{"thumbnail":{"file":"Honores2-200x135.jpg","width":200,"height":135,"mime_type":"image\/jpeg","source_url":"https:\/\/i0.wp.com\/eltrabajo.cl\/portal\/wp-content\/uploads\/2015\/06\/Honores2.jpg?fit=200%2C135&ssl=1"},"medium":{"file":"Honores2-300x202.jpg","width":300,"height":202,"mime_type":"image\/jpeg","source_url":"https:\/\/i0.wp.com\/eltrabajo.cl\/portal\/wp-content\/uploads\/2015\/06\/Honores2.jpg?fit=300%2C202&ssl=1"},"post-thumbnail":{"file":"Honores2-223x150.jpg","width":223,"height":150,"mime_type":"image\/jpeg","source_url":"https:\/\/i0.wp.com\/eltrabajo.cl\/portal\/wp-content\/uploads\/2015\/06\/Honores2.jpg?fit=223%2C150&ssl=1"},"single-post-thumbnail":{"file":"Honores2-400x269.jpg","width":400,"height":269,"mime_type":"image\/jpeg","source_url":"https:\/\/eltrabajo.cl\/portal\/wp-content\/uploads\/2015\/06\/Honores2-400x269.jpg"},"wptouch-new-thumbnail":{"file":"Honores2-144x144.jpg","width":144,"height":144,"mime_type":"image\/jpeg","source_url":"https:\/\/eltrabajo.cl\/portal\/wp-content\/uploads\/2015\/06\/Honores2-144x144.jpg"},"full":{"file":"Honores2.jpg?fit=520%2C350&ssl=1","width":520,"height":350,"mime_type":"image\/jpeg","source_url":"https:\/\/i0.wp.com\/eltrabajo.cl\/portal\/wp-content\/uploads\/2015\/06\/Honores2.jpg?fit=520%2C350&ssl=1"}},"image_meta":{"aperture":0,"credit":"","camera":"","caption":"","created_timestamp":0,"copyright":"","focal_length":0,"iso":0,"shutter_speed":0,"title":"","orientation":0}},"post":59483,"source_url":"https:\/\/eltrabajo.cl\/portal\/wp-content\/uploads\/2015\/06\/Honores2.jpg","_links":{"self":[{"href":"https:\/\/eltrabajo.cl\/portal\/wp-json\/wp\/v2\/media\/59488","targetHints":{"allow":["GET"]}}],"collection":[{"href":"https:\/\/eltrabajo.cl\/portal\/wp-json\/wp\/v2\/media"}],"about":[{"href":"https:\/\/eltrabajo.cl\/portal\/wp-json\/wp\/v2\/types\/attachment"}],"author":[{"embeddable":true,"href":"https:\/\/eltrabajo.cl\/portal\/wp-json\/wp\/v2\/users\/482"}],"replies":[{"embeddable":true,"href":"https:\/\/eltrabajo.cl\/portal\/wp-json\/wp\/v2\/comments?post=59488"}],"wp:attached-to":[{"embeddable":true,"post_type":"post","id":59483,"href":"https:\/\/eltrabajo.cl\/portal\/wp-json\/wp\/v2\/posts\/59483"}],"curies":[{"name":"wp","href":"https:\/\/api.w.org\/{rel}","templated":true}]}}

<p class="attachment"><a href="https://i0.wp.com/eltrabajo.cl/portal/wp-content/uploads/2015/06/Honores2.jpg?ssl=1"><img loading="lazy" decoding="async" width="300" height="202" src="https://i0.wp.com/eltrabajo.cl/portal/wp-content/uploads/2015/06/Honores2.jpg?fit=300%2C202&amp;ssl=1" class="attachment-medium size-medium" alt="MUCHO RESPETO.- Durante toda la ceremonia, una guardia bomberil resguardó el féretro de quien dirigiera esa compañía por varios años." srcset="https://i0.wp.com/eltrabajo.cl/portal/wp-content/uploads/2015/06/Honores2.jpg?w=520&amp;ssl=1 520w, https://i0.wp.com/eltrabajo.cl/portal/wp-content/uploads/2015/06/Honores2.jpg?resize=200%2C135&amp;ssl=1 200w, https://i0.wp.com/eltrabajo.cl/portal/wp-content/uploads/2015/06/Honores2.jpg?resize=300%2C202&amp;ssl=1 300w, https://i0.wp.com/eltrabajo.cl/portal/wp-content/uploads/2015/06/Honores2.jpg?resize=223%2C150&amp;ssl=1 223w, https://i0.wp.com/eltrabajo.cl/portal/wp-content/uploads/2015/06/Honores2.jpg?resize=400%2C269&amp;ssl=1 400w" sizes="auto, (max-width: 300px) 100vw, 300px" /></a></p>
<p>MUCHO RESPETO.- Durante toda la ceremonia, una guardia bomberil resguardó el féretro de quien dirigiera esa compañía por varios años.</p>

<p>MUCHO RESPETO.- Durante toda la ceremonia, una guardia bomberil resguardó el féretro de quien dirigiera esa compañía por varios años.</p>

MUCHO RESPETO.- Durante toda la ceremonia, una guardia bomberil resguardó el féretro de quien dirigiera esa compañía por varios años.
