{"id":59685,"date":"2015-07-06T09:29:03","date_gmt":"2015-07-06T12:29:03","guid":{"rendered":"http:\/\/www.eltrabajo.cl\/portal\/wp-content\/uploads\/2015\/07\/Copa1.jpg"},"modified":"2015-07-06T09:29:53","modified_gmt":"2015-07-06T12:29:53","slug":"copa1-8","status":"inherit","type":"attachment","link":"https:\/\/eltrabajo.cl\/portal\/masiva-celebracion-de-san-felipe-al-ganar-chile-su-primera-copa-america\/copa1-8\/","title":{"rendered":"Copa1"},"author":482,"featured_media":0,"comment_status":"open","ping_status":"open","template":"","meta":{"advanced_seo_description":"","jetpack_seo_html_title":"","jetpack_seo_noindex":false},"class_list":["post-59685","attachment","type-attachment","status-inherit","hentry"],"jetpack_sharing_enabled":true,"jetpack_likes_enabled":true,"description":{"rendered":"<p class=\"attachment\"><a href=\"https:\/\/i0.wp.com\/eltrabajo.cl\/portal\/wp-content\/uploads\/2015\/07\/Copa1.jpg?ssl=1\"><img loading=\"lazy\" decoding=\"async\" width=\"300\" height=\"198\" src=\"https:\/\/i0.wp.com\/eltrabajo.cl\/portal\/wp-content\/uploads\/2015\/07\/Copa1.jpg?fit=300%2C198&amp;ssl=1\" class=\"attachment-medium size-medium\" alt=\"CON TODO.- Con la bandera chilena y leyendas en ella, los sanfelipe\u00f1os no fueron t\u00edmidos para expresar su alegr\u00eda tras la victoria de La Roja en \u00d1u\u00f1oa.\" srcset=\"https:\/\/i0.wp.com\/eltrabajo.cl\/portal\/wp-content\/uploads\/2015\/07\/Copa1.jpg?w=530&amp;ssl=1 530w, https:\/\/i0.wp.com\/eltrabajo.cl\/portal\/wp-content\/uploads\/2015\/07\/Copa1.jpg?resize=200%2C132&amp;ssl=1 200w, https:\/\/i0.wp.com\/eltrabajo.cl\/portal\/wp-content\/uploads\/2015\/07\/Copa1.jpg?resize=300%2C198&amp;ssl=1 300w, https:\/\/i0.wp.com\/eltrabajo.cl\/portal\/wp-content\/uploads\/2015\/07\/Copa1.jpg?resize=227%2C150&amp;ssl=1 227w, https:\/\/i0.wp.com\/eltrabajo.cl\/portal\/wp-content\/uploads\/2015\/07\/Copa1.jpg?resize=400%2C264&amp;ssl=1 400w\" sizes=\"auto, (max-width: 300px) 100vw, 300px\" \/><\/a><\/p>\n<p>CON TODO.- Con la bandera chilena y leyendas en ella, los sanfelipe\u00f1os no fueron t\u00edmidos para expresar su alegr\u00eda tras la victoria de La Roja en \u00d1u\u00f1oa.<\/p>\n"},"caption":{"rendered":"<p>CON TODO.- Con la bandera chilena y leyendas en ella, los sanfelipe\u00f1os no fueron t\u00edmidos para expresar su alegr\u00eda tras la victoria de La Roja en \u00d1u\u00f1oa.<\/p>\n"},"alt_text":"CON TODO.- Con la bandera chilena y leyendas en ella, los sanfelipe\u00f1os no fueron t\u00edmidos para expresar su alegr\u00eda tras la victoria de La Roja en \u00d1u\u00f1oa.","media_type":"image","mime_type":"image\/jpeg","media_details":{"width":530,"height":350,"file":"2015\/07\/Copa1.jpg","sizes":{"thumbnail":{"file":"Copa1-200x132.jpg","width":200,"height":132,"mime_type":"image\/jpeg","source_url":"https:\/\/i0.wp.com\/eltrabajo.cl\/portal\/wp-content\/uploads\/2015\/07\/Copa1.jpg?fit=200%2C132&ssl=1"},"medium":{"file":"Copa1-300x198.jpg","width":300,"height":198,"mime_type":"image\/jpeg","source_url":"https:\/\/i0.wp.com\/eltrabajo.cl\/portal\/wp-content\/uploads\/2015\/07\/Copa1.jpg?fit=300%2C198&ssl=1"},"post-thumbnail":{"file":"Copa1-227x150.jpg","width":227,"height":150,"mime_type":"image\/jpeg","source_url":"https:\/\/i0.wp.com\/eltrabajo.cl\/portal\/wp-content\/uploads\/2015\/07\/Copa1.jpg?fit=227%2C150&ssl=1"},"single-post-thumbnail":{"file":"Copa1-400x264.jpg","width":400,"height":264,"mime_type":"image\/jpeg","source_url":"https:\/\/eltrabajo.cl\/portal\/wp-content\/uploads\/2015\/07\/Copa1-400x264.jpg"},"wptouch-new-thumbnail":{"file":"Copa1-144x144.jpg","width":144,"height":144,"mime_type":"image\/jpeg","source_url":"https:\/\/eltrabajo.cl\/portal\/wp-content\/uploads\/2015\/07\/Copa1-144x144.jpg"},"full":{"file":"Copa1.jpg?fit=530%2C350&ssl=1","width":530,"height":350,"mime_type":"image\/jpeg","source_url":"https:\/\/i0.wp.com\/eltrabajo.cl\/portal\/wp-content\/uploads\/2015\/07\/Copa1.jpg?fit=530%2C350&ssl=1"}},"image_meta":{"aperture":0,"credit":"","camera":"","caption":"","created_timestamp":0,"copyright":"","focal_length":0,"iso":0,"shutter_speed":0,"title":"","orientation":0}},"post":59682,"source_url":"https:\/\/eltrabajo.cl\/portal\/wp-content\/uploads\/2015\/07\/Copa1.jpg","_links":{"self":[{"href":"https:\/\/eltrabajo.cl\/portal\/wp-json\/wp\/v2\/media\/59685","targetHints":{"allow":["GET"]}}],"collection":[{"href":"https:\/\/eltrabajo.cl\/portal\/wp-json\/wp\/v2\/media"}],"about":[{"href":"https:\/\/eltrabajo.cl\/portal\/wp-json\/wp\/v2\/types\/attachment"}],"author":[{"embeddable":true,"href":"https:\/\/eltrabajo.cl\/portal\/wp-json\/wp\/v2\/users\/482"}],"replies":[{"embeddable":true,"href":"https:\/\/eltrabajo.cl\/portal\/wp-json\/wp\/v2\/comments?post=59685"}],"wp:attached-to":[{"embeddable":true,"post_type":"post","id":59682,"href":"https:\/\/eltrabajo.cl\/portal\/wp-json\/wp\/v2\/posts\/59682"}],"curies":[{"name":"wp","href":"https:\/\/api.w.org\/{rel}","templated":true}]}}

<p class="attachment"><a href="https://i0.wp.com/eltrabajo.cl/portal/wp-content/uploads/2015/07/Copa1.jpg?ssl=1"><img loading="lazy" decoding="async" width="300" height="198" src="https://i0.wp.com/eltrabajo.cl/portal/wp-content/uploads/2015/07/Copa1.jpg?fit=300%2C198&amp;ssl=1" class="attachment-medium size-medium" alt="CON TODO.- Con la bandera chilena y leyendas en ella, los sanfelipeños no fueron tímidos para expresar su alegría tras la victoria de La Roja en Ñuñoa." srcset="https://i0.wp.com/eltrabajo.cl/portal/wp-content/uploads/2015/07/Copa1.jpg?w=530&amp;ssl=1 530w, https://i0.wp.com/eltrabajo.cl/portal/wp-content/uploads/2015/07/Copa1.jpg?resize=200%2C132&amp;ssl=1 200w, https://i0.wp.com/eltrabajo.cl/portal/wp-content/uploads/2015/07/Copa1.jpg?resize=300%2C198&amp;ssl=1 300w, https://i0.wp.com/eltrabajo.cl/portal/wp-content/uploads/2015/07/Copa1.jpg?resize=227%2C150&amp;ssl=1 227w, https://i0.wp.com/eltrabajo.cl/portal/wp-content/uploads/2015/07/Copa1.jpg?resize=400%2C264&amp;ssl=1 400w" sizes="auto, (max-width: 300px) 100vw, 300px" /></a></p>
<p>CON TODO.- Con la bandera chilena y leyendas en ella, los sanfelipeños no fueron tímidos para expresar su alegría tras la victoria de La Roja en Ñuñoa.</p>

<p>CON TODO.- Con la bandera chilena y leyendas en ella, los sanfelipeños no fueron tímidos para expresar su alegría tras la victoria de La Roja en Ñuñoa.</p>

CON TODO.- Con la bandera chilena y leyendas en ella, los sanfelipeños no fueron tímidos para expresar su alegría tras la victoria de La Roja en Ñuñoa.
