{"id":60059,"date":"2015-07-15T09:54:11","date_gmt":"2015-07-15T12:54:11","guid":{"rendered":"http:\/\/www.eltrabajo.cl\/portal\/wp-content\/uploads\/2015\/07\/Pareja1.jpg"},"modified":"2015-07-15T09:54:51","modified_gmt":"2015-07-15T12:54:51","slug":"pareja1-5","status":"inherit","type":"attachment","link":"https:\/\/eltrabajo.cl\/portal\/ximena-rossat-lo-daria-todo-por-crear-una-clinica-regional-del-dolor\/pareja1-5\/","title":{"rendered":"Pareja1"},"author":482,"featured_media":0,"comment_status":"open","ping_status":"open","template":"","meta":{"advanced_seo_description":"","jetpack_seo_html_title":"","jetpack_seo_noindex":false},"class_list":["post-60059","attachment","type-attachment","status-inherit","hentry"],"jetpack_sharing_enabled":true,"jetpack_likes_enabled":true,"description":{"rendered":"<p class=\"attachment\"><a href=\"https:\/\/i0.wp.com\/eltrabajo.cl\/portal\/wp-content\/uploads\/2015\/07\/Pareja1.jpg?ssl=1\"><img loading=\"lazy\" decoding=\"async\" width=\"300\" height=\"199\" src=\"https:\/\/i0.wp.com\/eltrabajo.cl\/portal\/wp-content\/uploads\/2015\/07\/Pareja1.jpg?fit=300%2C199&amp;ssl=1\" class=\"attachment-medium size-medium\" alt=\"PAREJA DE BLANCO.- As\u00ed lucen actualmente este par de galenos, el m\u00e9dico cirujano Daniel \u00c1lvarez, y su esposa Ximena Rossat.\" srcset=\"https:\/\/i0.wp.com\/eltrabajo.cl\/portal\/wp-content\/uploads\/2015\/07\/Pareja1.jpg?w=528&amp;ssl=1 528w, https:\/\/i0.wp.com\/eltrabajo.cl\/portal\/wp-content\/uploads\/2015\/07\/Pareja1.jpg?resize=200%2C133&amp;ssl=1 200w, https:\/\/i0.wp.com\/eltrabajo.cl\/portal\/wp-content\/uploads\/2015\/07\/Pareja1.jpg?resize=300%2C199&amp;ssl=1 300w, https:\/\/i0.wp.com\/eltrabajo.cl\/portal\/wp-content\/uploads\/2015\/07\/Pareja1.jpg?resize=226%2C150&amp;ssl=1 226w, https:\/\/i0.wp.com\/eltrabajo.cl\/portal\/wp-content\/uploads\/2015\/07\/Pareja1.jpg?resize=400%2C265&amp;ssl=1 400w\" sizes=\"auto, (max-width: 300px) 100vw, 300px\" \/><\/a><\/p>\n<p>PAREJA DE BLANCO.- As\u00ed lucen actualmente este par de galenos, el m\u00e9dico cirujano Daniel \u00c1lvarez, y su esposa Ximena Rossat.<\/p>\n"},"caption":{"rendered":"<p>PAREJA DE BLANCO.- As\u00ed lucen actualmente este par de galenos, el m\u00e9dico cirujano Daniel \u00c1lvarez, y su esposa Ximena Rossat.<\/p>\n"},"alt_text":"PAREJA DE BLANCO.- As\u00ed lucen actualmente este par de galenos, el m\u00e9dico cirujano Daniel \u00c1lvarez, y su esposa Ximena Rossat.","media_type":"image","mime_type":"image\/jpeg","media_details":{"width":528,"height":350,"file":"2015\/07\/Pareja1.jpg","sizes":{"thumbnail":{"file":"Pareja1-200x133.jpg","width":200,"height":133,"mime_type":"image\/jpeg","source_url":"https:\/\/i0.wp.com\/eltrabajo.cl\/portal\/wp-content\/uploads\/2015\/07\/Pareja1.jpg?fit=200%2C133&ssl=1"},"medium":{"file":"Pareja1-300x199.jpg","width":300,"height":199,"mime_type":"image\/jpeg","source_url":"https:\/\/i0.wp.com\/eltrabajo.cl\/portal\/wp-content\/uploads\/2015\/07\/Pareja1.jpg?fit=300%2C199&ssl=1"},"post-thumbnail":{"file":"Pareja1-226x150.jpg","width":226,"height":150,"mime_type":"image\/jpeg","source_url":"https:\/\/i0.wp.com\/eltrabajo.cl\/portal\/wp-content\/uploads\/2015\/07\/Pareja1.jpg?fit=226%2C150&ssl=1"},"single-post-thumbnail":{"file":"Pareja1-400x265.jpg","width":400,"height":265,"mime_type":"image\/jpeg","source_url":"https:\/\/eltrabajo.cl\/portal\/wp-content\/uploads\/2015\/07\/Pareja1-400x265.jpg"},"wptouch-new-thumbnail":{"file":"Pareja1-144x144.jpg","width":144,"height":144,"mime_type":"image\/jpeg","source_url":"https:\/\/eltrabajo.cl\/portal\/wp-content\/uploads\/2015\/07\/Pareja1-144x144.jpg"},"full":{"file":"Pareja1.jpg?fit=528%2C350&ssl=1","width":528,"height":350,"mime_type":"image\/jpeg","source_url":"https:\/\/i0.wp.com\/eltrabajo.cl\/portal\/wp-content\/uploads\/2015\/07\/Pareja1.jpg?fit=528%2C350&ssl=1"}},"image_meta":{"aperture":0,"credit":"","camera":"","caption":"","created_timestamp":0,"copyright":"","focal_length":0,"iso":0,"shutter_speed":0,"title":"","orientation":0}},"post":60054,"source_url":"https:\/\/eltrabajo.cl\/portal\/wp-content\/uploads\/2015\/07\/Pareja1.jpg","_links":{"self":[{"href":"https:\/\/eltrabajo.cl\/portal\/wp-json\/wp\/v2\/media\/60059","targetHints":{"allow":["GET"]}}],"collection":[{"href":"https:\/\/eltrabajo.cl\/portal\/wp-json\/wp\/v2\/media"}],"about":[{"href":"https:\/\/eltrabajo.cl\/portal\/wp-json\/wp\/v2\/types\/attachment"}],"author":[{"embeddable":true,"href":"https:\/\/eltrabajo.cl\/portal\/wp-json\/wp\/v2\/users\/482"}],"replies":[{"embeddable":true,"href":"https:\/\/eltrabajo.cl\/portal\/wp-json\/wp\/v2\/comments?post=60059"}],"wp:attached-to":[{"embeddable":true,"post_type":"post","id":60054,"href":"https:\/\/eltrabajo.cl\/portal\/wp-json\/wp\/v2\/posts\/60054"}],"curies":[{"name":"wp","href":"https:\/\/api.w.org\/{rel}","templated":true}]}}

<p class="attachment"><a href="https://i0.wp.com/eltrabajo.cl/portal/wp-content/uploads/2015/07/Pareja1.jpg?ssl=1"><img loading="lazy" decoding="async" width="300" height="199" src="https://i0.wp.com/eltrabajo.cl/portal/wp-content/uploads/2015/07/Pareja1.jpg?fit=300%2C199&amp;ssl=1" class="attachment-medium size-medium" alt="PAREJA DE BLANCO.- Así lucen actualmente este par de galenos, el médico cirujano Daniel Álvarez, y su esposa Ximena Rossat." srcset="https://i0.wp.com/eltrabajo.cl/portal/wp-content/uploads/2015/07/Pareja1.jpg?w=528&amp;ssl=1 528w, https://i0.wp.com/eltrabajo.cl/portal/wp-content/uploads/2015/07/Pareja1.jpg?resize=200%2C133&amp;ssl=1 200w, https://i0.wp.com/eltrabajo.cl/portal/wp-content/uploads/2015/07/Pareja1.jpg?resize=300%2C199&amp;ssl=1 300w, https://i0.wp.com/eltrabajo.cl/portal/wp-content/uploads/2015/07/Pareja1.jpg?resize=226%2C150&amp;ssl=1 226w, https://i0.wp.com/eltrabajo.cl/portal/wp-content/uploads/2015/07/Pareja1.jpg?resize=400%2C265&amp;ssl=1 400w" sizes="auto, (max-width: 300px) 100vw, 300px" /></a></p>
<p>PAREJA DE BLANCO.- Así lucen actualmente este par de galenos, el médico cirujano Daniel Álvarez, y su esposa Ximena Rossat.</p>

<p>PAREJA DE BLANCO.- Así lucen actualmente este par de galenos, el médico cirujano Daniel Álvarez, y su esposa Ximena Rossat.</p>

PAREJA DE BLANCO.- Así lucen actualmente este par de galenos, el médico cirujano Daniel Álvarez, y su esposa Ximena Rossat.
