{"id":60104,"date":"2015-07-17T10:11:18","date_gmt":"2015-07-17T13:11:18","guid":{"rendered":"http:\/\/www.eltrabajo.cl\/portal\/wp-content\/uploads\/2015\/07\/Oscar-Leiva.jpg"},"modified":"2015-07-17T10:12:34","modified_gmt":"2015-07-17T13:12:34","slug":"oscar-leiva","status":"inherit","type":"attachment","link":"https:\/\/eltrabajo.cl\/portal\/vencio-el-bullying-escolar-y-ahora-brilla-en-el-orfeon-aconcagua\/oscar-leiva\/","title":{"rendered":"Oscar Leiva"},"author":482,"featured_media":0,"comment_status":"open","ping_status":"open","template":"","meta":{"advanced_seo_description":"","jetpack_seo_html_title":"","jetpack_seo_noindex":false},"class_list":["post-60104","attachment","type-attachment","status-inherit","hentry"],"jetpack_sharing_enabled":true,"jetpack_likes_enabled":true,"description":{"rendered":"<p class=\"attachment\"><a href=\"https:\/\/i0.wp.com\/eltrabajo.cl\/portal\/wp-content\/uploads\/2015\/07\/Oscar-Leiva.jpg?ssl=1\"><img loading=\"lazy\" decoding=\"async\" width=\"300\" height=\"198\" src=\"https:\/\/i0.wp.com\/eltrabajo.cl\/portal\/wp-content\/uploads\/2015\/07\/Oscar-Leiva.jpg?fit=300%2C198&amp;ssl=1\" class=\"attachment-medium size-medium\" alt=\"Oscar Leiva, m\u00fasico y vecino de Joaqu\u00edn, le ense\u00f1\u00f3 a tocar saxof\u00f3n cuando \u00e9l era apenas un ni\u00f1o chico.\" srcset=\"https:\/\/i0.wp.com\/eltrabajo.cl\/portal\/wp-content\/uploads\/2015\/07\/Oscar-Leiva.jpg?w=530&amp;ssl=1 530w, https:\/\/i0.wp.com\/eltrabajo.cl\/portal\/wp-content\/uploads\/2015\/07\/Oscar-Leiva.jpg?resize=200%2C132&amp;ssl=1 200w, https:\/\/i0.wp.com\/eltrabajo.cl\/portal\/wp-content\/uploads\/2015\/07\/Oscar-Leiva.jpg?resize=300%2C198&amp;ssl=1 300w, https:\/\/i0.wp.com\/eltrabajo.cl\/portal\/wp-content\/uploads\/2015\/07\/Oscar-Leiva.jpg?resize=228%2C150&amp;ssl=1 228w, https:\/\/i0.wp.com\/eltrabajo.cl\/portal\/wp-content\/uploads\/2015\/07\/Oscar-Leiva.jpg?resize=400%2C263&amp;ssl=1 400w\" sizes=\"auto, (max-width: 300px) 100vw, 300px\" \/><\/a><\/p>\n<p>Oscar Leiva, m\u00fasico y vecino de Joaqu\u00edn, le ense\u00f1\u00f3 a tocar saxof\u00f3n cuando \u00e9l era apenas un ni\u00f1o chico.<\/p>\n"},"caption":{"rendered":"<p>Oscar Leiva, m\u00fasico y vecino de Joaqu\u00edn, le ense\u00f1\u00f3 a tocar saxof\u00f3n cuando \u00e9l era apenas un ni\u00f1o chico.<\/p>\n"},"alt_text":"Oscar Leiva, m\u00fasico y vecino de Joaqu\u00edn, le ense\u00f1\u00f3 a tocar saxof\u00f3n cuando \u00e9l era apenas un ni\u00f1o chico.","media_type":"image","mime_type":"image\/jpeg","media_details":{"width":530,"height":349,"file":"2015\/07\/Oscar-Leiva.jpg","sizes":{"thumbnail":{"file":"Oscar-Leiva-200x132.jpg","width":200,"height":132,"mime_type":"image\/jpeg","source_url":"https:\/\/i0.wp.com\/eltrabajo.cl\/portal\/wp-content\/uploads\/2015\/07\/Oscar-Leiva.jpg?fit=200%2C132&ssl=1"},"medium":{"file":"Oscar-Leiva-300x198.jpg","width":300,"height":198,"mime_type":"image\/jpeg","source_url":"https:\/\/i0.wp.com\/eltrabajo.cl\/portal\/wp-content\/uploads\/2015\/07\/Oscar-Leiva.jpg?fit=300%2C198&ssl=1"},"post-thumbnail":{"file":"Oscar-Leiva-228x150.jpg","width":228,"height":150,"mime_type":"image\/jpeg","source_url":"https:\/\/i0.wp.com\/eltrabajo.cl\/portal\/wp-content\/uploads\/2015\/07\/Oscar-Leiva.jpg?fit=228%2C150&ssl=1"},"single-post-thumbnail":{"file":"Oscar-Leiva-400x263.jpg","width":400,"height":263,"mime_type":"image\/jpeg","source_url":"https:\/\/eltrabajo.cl\/portal\/wp-content\/uploads\/2015\/07\/Oscar-Leiva-400x263.jpg"},"wptouch-new-thumbnail":{"file":"Oscar-Leiva-144x144.jpg","width":144,"height":144,"mime_type":"image\/jpeg","source_url":"https:\/\/eltrabajo.cl\/portal\/wp-content\/uploads\/2015\/07\/Oscar-Leiva-144x144.jpg"},"full":{"file":"Oscar-Leiva.jpg?fit=530%2C349&ssl=1","width":530,"height":349,"mime_type":"image\/jpeg","source_url":"https:\/\/i0.wp.com\/eltrabajo.cl\/portal\/wp-content\/uploads\/2015\/07\/Oscar-Leiva.jpg?fit=530%2C349&ssl=1"}},"image_meta":{"aperture":0,"credit":"","camera":"","caption":"","created_timestamp":0,"copyright":"","focal_length":0,"iso":0,"shutter_speed":0,"title":"","orientation":0}},"post":60099,"source_url":"https:\/\/eltrabajo.cl\/portal\/wp-content\/uploads\/2015\/07\/Oscar-Leiva.jpg","_links":{"self":[{"href":"https:\/\/eltrabajo.cl\/portal\/wp-json\/wp\/v2\/media\/60104","targetHints":{"allow":["GET"]}}],"collection":[{"href":"https:\/\/eltrabajo.cl\/portal\/wp-json\/wp\/v2\/media"}],"about":[{"href":"https:\/\/eltrabajo.cl\/portal\/wp-json\/wp\/v2\/types\/attachment"}],"author":[{"embeddable":true,"href":"https:\/\/eltrabajo.cl\/portal\/wp-json\/wp\/v2\/users\/482"}],"replies":[{"embeddable":true,"href":"https:\/\/eltrabajo.cl\/portal\/wp-json\/wp\/v2\/comments?post=60104"}],"wp:attached-to":[{"embeddable":true,"post_type":"post","id":60099,"href":"https:\/\/eltrabajo.cl\/portal\/wp-json\/wp\/v2\/posts\/60099"}],"curies":[{"name":"wp","href":"https:\/\/api.w.org\/{rel}","templated":true}]}}

<p class="attachment"><a href="https://i0.wp.com/eltrabajo.cl/portal/wp-content/uploads/2015/07/Oscar-Leiva.jpg?ssl=1"><img loading="lazy" decoding="async" width="300" height="198" src="https://i0.wp.com/eltrabajo.cl/portal/wp-content/uploads/2015/07/Oscar-Leiva.jpg?fit=300%2C198&amp;ssl=1" class="attachment-medium size-medium" alt="Oscar Leiva, músico y vecino de Joaquín, le enseñó a tocar saxofón cuando él era apenas un niño chico." srcset="https://i0.wp.com/eltrabajo.cl/portal/wp-content/uploads/2015/07/Oscar-Leiva.jpg?w=530&amp;ssl=1 530w, https://i0.wp.com/eltrabajo.cl/portal/wp-content/uploads/2015/07/Oscar-Leiva.jpg?resize=200%2C132&amp;ssl=1 200w, https://i0.wp.com/eltrabajo.cl/portal/wp-content/uploads/2015/07/Oscar-Leiva.jpg?resize=300%2C198&amp;ssl=1 300w, https://i0.wp.com/eltrabajo.cl/portal/wp-content/uploads/2015/07/Oscar-Leiva.jpg?resize=228%2C150&amp;ssl=1 228w, https://i0.wp.com/eltrabajo.cl/portal/wp-content/uploads/2015/07/Oscar-Leiva.jpg?resize=400%2C263&amp;ssl=1 400w" sizes="auto, (max-width: 300px) 100vw, 300px" /></a></p>
<p>Oscar Leiva, músico y vecino de Joaquín, le enseñó a tocar saxofón cuando él era apenas un niño chico.</p>

<p>Oscar Leiva, músico y vecino de Joaquín, le enseñó a tocar saxofón cuando él era apenas un niño chico.</p>

Oscar Leiva, músico y vecino de Joaquín, le enseñó a tocar saxofón cuando él era apenas un niño chico.
