{"id":60320,"date":"2015-07-24T10:05:53","date_gmt":"2015-07-24T13:05:53","guid":{"rendered":"http:\/\/www.eltrabajo.cl\/portal\/wp-content\/uploads\/2015\/07\/Maquina1.jpg"},"modified":"2015-07-24T10:06:02","modified_gmt":"2015-07-24T13:06:02","slug":"maquina1-4","status":"inherit","type":"attachment","link":"https:\/\/eltrabajo.cl\/portal\/infarto-casi-mata-a-conocido-zapatero-juanito-molina\/maquina1-4\/","title":{"rendered":"Maquina1"},"author":482,"featured_media":0,"comment_status":"open","ping_status":"open","template":"","meta":{"advanced_seo_description":"","jetpack_seo_html_title":"","jetpack_seo_noindex":false},"class_list":["post-60320","attachment","type-attachment","status-inherit","hentry"],"jetpack_sharing_enabled":true,"jetpack_likes_enabled":true,"description":{"rendered":"<p class=\"attachment\"><a href=\"https:\/\/i0.wp.com\/eltrabajo.cl\/portal\/wp-content\/uploads\/2015\/07\/Maquina1.jpg?ssl=1\"><img loading=\"lazy\" decoding=\"async\" width=\"300\" height=\"197\" src=\"https:\/\/i0.wp.com\/eltrabajo.cl\/portal\/wp-content\/uploads\/2015\/07\/Maquina1.jpg?fit=300%2C197&amp;ssl=1\" class=\"attachment-medium size-medium\" alt=\"EN PARO.- Esta m\u00e1quina cosedora tambi\u00e9n extra\u00f1a las manos de Juanito, quien debe guardar cama hasta que logre recuperar sus fuerzas.\" srcset=\"https:\/\/i0.wp.com\/eltrabajo.cl\/portal\/wp-content\/uploads\/2015\/07\/Maquina1.jpg?w=530&amp;ssl=1 530w, https:\/\/i0.wp.com\/eltrabajo.cl\/portal\/wp-content\/uploads\/2015\/07\/Maquina1.jpg?resize=200%2C131&amp;ssl=1 200w, https:\/\/i0.wp.com\/eltrabajo.cl\/portal\/wp-content\/uploads\/2015\/07\/Maquina1.jpg?resize=300%2C197&amp;ssl=1 300w, https:\/\/i0.wp.com\/eltrabajo.cl\/portal\/wp-content\/uploads\/2015\/07\/Maquina1.jpg?resize=228%2C150&amp;ssl=1 228w, https:\/\/i0.wp.com\/eltrabajo.cl\/portal\/wp-content\/uploads\/2015\/07\/Maquina1.jpg?resize=400%2C263&amp;ssl=1 400w\" sizes=\"auto, (max-width: 300px) 100vw, 300px\" \/><\/a><\/p>\n<p>EN PARO.- Esta m\u00e1quina cosedora tambi\u00e9n extra\u00f1a las manos de Juanito, quien debe guardar cama hasta que logre recuperar sus fuerzas.<\/p>\n"},"caption":{"rendered":"<p>EN PARO.- Esta m\u00e1quina cosedora tambi\u00e9n extra\u00f1a las manos de Juanito, quien debe guardar cama hasta que logre recuperar sus fuerzas.<\/p>\n"},"alt_text":"EN PARO.- Esta m\u00e1quina cosedora tambi\u00e9n extra\u00f1a las manos de Juanito, quien debe guardar cama hasta que logre recuperar sus fuerzas.","media_type":"image","mime_type":"image\/jpeg","media_details":{"width":530,"height":348,"file":"2015\/07\/Maquina1.jpg","sizes":{"thumbnail":{"file":"Maquina1-200x131.jpg","width":200,"height":131,"mime_type":"image\/jpeg","source_url":"https:\/\/i0.wp.com\/eltrabajo.cl\/portal\/wp-content\/uploads\/2015\/07\/Maquina1.jpg?fit=200%2C131&ssl=1"},"medium":{"file":"Maquina1-300x197.jpg","width":300,"height":197,"mime_type":"image\/jpeg","source_url":"https:\/\/i0.wp.com\/eltrabajo.cl\/portal\/wp-content\/uploads\/2015\/07\/Maquina1.jpg?fit=300%2C197&ssl=1"},"post-thumbnail":{"file":"Maquina1-228x150.jpg","width":228,"height":150,"mime_type":"image\/jpeg","source_url":"https:\/\/i0.wp.com\/eltrabajo.cl\/portal\/wp-content\/uploads\/2015\/07\/Maquina1.jpg?fit=228%2C150&ssl=1"},"single-post-thumbnail":{"file":"Maquina1-400x263.jpg","width":400,"height":263,"mime_type":"image\/jpeg","source_url":"https:\/\/eltrabajo.cl\/portal\/wp-content\/uploads\/2015\/07\/Maquina1-400x263.jpg"},"wptouch-new-thumbnail":{"file":"Maquina1-144x144.jpg","width":144,"height":144,"mime_type":"image\/jpeg","source_url":"https:\/\/eltrabajo.cl\/portal\/wp-content\/uploads\/2015\/07\/Maquina1-144x144.jpg"},"full":{"file":"Maquina1.jpg?fit=530%2C348&ssl=1","width":530,"height":348,"mime_type":"image\/jpeg","source_url":"https:\/\/i0.wp.com\/eltrabajo.cl\/portal\/wp-content\/uploads\/2015\/07\/Maquina1.jpg?fit=530%2C348&ssl=1"}},"image_meta":{"aperture":0,"credit":"","camera":"","caption":"","created_timestamp":0,"copyright":"","focal_length":0,"iso":0,"shutter_speed":0,"title":"","orientation":0}},"post":60318,"source_url":"https:\/\/eltrabajo.cl\/portal\/wp-content\/uploads\/2015\/07\/Maquina1.jpg","_links":{"self":[{"href":"https:\/\/eltrabajo.cl\/portal\/wp-json\/wp\/v2\/media\/60320","targetHints":{"allow":["GET"]}}],"collection":[{"href":"https:\/\/eltrabajo.cl\/portal\/wp-json\/wp\/v2\/media"}],"about":[{"href":"https:\/\/eltrabajo.cl\/portal\/wp-json\/wp\/v2\/types\/attachment"}],"author":[{"embeddable":true,"href":"https:\/\/eltrabajo.cl\/portal\/wp-json\/wp\/v2\/users\/482"}],"replies":[{"embeddable":true,"href":"https:\/\/eltrabajo.cl\/portal\/wp-json\/wp\/v2\/comments?post=60320"}],"wp:attached-to":[{"embeddable":true,"post_type":"post","id":60318,"href":"https:\/\/eltrabajo.cl\/portal\/wp-json\/wp\/v2\/posts\/60318"}],"curies":[{"name":"wp","href":"https:\/\/api.w.org\/{rel}","templated":true}]}}

<p class="attachment"><a href="https://i0.wp.com/eltrabajo.cl/portal/wp-content/uploads/2015/07/Maquina1.jpg?ssl=1"><img loading="lazy" decoding="async" width="300" height="197" src="https://i0.wp.com/eltrabajo.cl/portal/wp-content/uploads/2015/07/Maquina1.jpg?fit=300%2C197&amp;ssl=1" class="attachment-medium size-medium" alt="EN PARO.- Esta máquina cosedora también extraña las manos de Juanito, quien debe guardar cama hasta que logre recuperar sus fuerzas." srcset="https://i0.wp.com/eltrabajo.cl/portal/wp-content/uploads/2015/07/Maquina1.jpg?w=530&amp;ssl=1 530w, https://i0.wp.com/eltrabajo.cl/portal/wp-content/uploads/2015/07/Maquina1.jpg?resize=200%2C131&amp;ssl=1 200w, https://i0.wp.com/eltrabajo.cl/portal/wp-content/uploads/2015/07/Maquina1.jpg?resize=300%2C197&amp;ssl=1 300w, https://i0.wp.com/eltrabajo.cl/portal/wp-content/uploads/2015/07/Maquina1.jpg?resize=228%2C150&amp;ssl=1 228w, https://i0.wp.com/eltrabajo.cl/portal/wp-content/uploads/2015/07/Maquina1.jpg?resize=400%2C263&amp;ssl=1 400w" sizes="auto, (max-width: 300px) 100vw, 300px" /></a></p>
<p>EN PARO.- Esta máquina cosedora también extraña las manos de Juanito, quien debe guardar cama hasta que logre recuperar sus fuerzas.</p>

<p>EN PARO.- Esta máquina cosedora también extraña las manos de Juanito, quien debe guardar cama hasta que logre recuperar sus fuerzas.</p>

EN PARO.- Esta máquina cosedora también extraña las manos de Juanito, quien debe guardar cama hasta que logre recuperar sus fuerzas.
