{"id":60634,"date":"2015-08-04T09:41:56","date_gmt":"2015-08-04T12:41:56","guid":{"rendered":"http:\/\/www.eltrabajo.cl\/portal\/wp-content\/uploads\/2015\/08\/Cajita-de-Musica.jpg"},"modified":"2015-08-04T09:42:31","modified_gmt":"2015-08-04T12:42:31","slug":"cajita-de-musica","status":"inherit","type":"attachment","link":"https:\/\/eltrabajo.cl\/portal\/con-colosal-desfile-sanfelipenos-celebraron-275-anos-de-nuestra-comuna\/cajita-de-musica\/","title":{"rendered":"Cajita de Musica"},"author":482,"featured_media":0,"comment_status":"open","ping_status":"open","template":"","meta":{"advanced_seo_description":"","jetpack_seo_html_title":"","jetpack_seo_noindex":false},"class_list":["post-60634","attachment","type-attachment","status-inherit","hentry"],"jetpack_sharing_enabled":true,"jetpack_likes_enabled":true,"description":{"rendered":"<p class=\"attachment\"><a href=\"https:\/\/i0.wp.com\/eltrabajo.cl\/portal\/wp-content\/uploads\/2015\/08\/Cajita-de-Musica.jpg?ssl=1\"><img loading=\"lazy\" decoding=\"async\" width=\"300\" height=\"199\" src=\"https:\/\/i0.wp.com\/eltrabajo.cl\/portal\/wp-content\/uploads\/2015\/08\/Cajita-de-Musica.jpg?fit=300%2C199&amp;ssl=1\" class=\"attachment-medium size-medium\" alt=\"CAJITA MUSICAL.- El Jard\u00edn Infantil Cajita Musical dej\u00f3 escuchar su mejor melod\u00eda en este 275\u00ba aniversario de nuestra comuna.\" srcset=\"https:\/\/i0.wp.com\/eltrabajo.cl\/portal\/wp-content\/uploads\/2015\/08\/Cajita-de-Musica.jpg?w=528&amp;ssl=1 528w, https:\/\/i0.wp.com\/eltrabajo.cl\/portal\/wp-content\/uploads\/2015\/08\/Cajita-de-Musica.jpg?resize=200%2C133&amp;ssl=1 200w, https:\/\/i0.wp.com\/eltrabajo.cl\/portal\/wp-content\/uploads\/2015\/08\/Cajita-de-Musica.jpg?resize=300%2C199&amp;ssl=1 300w, https:\/\/i0.wp.com\/eltrabajo.cl\/portal\/wp-content\/uploads\/2015\/08\/Cajita-de-Musica.jpg?resize=226%2C150&amp;ssl=1 226w, https:\/\/i0.wp.com\/eltrabajo.cl\/portal\/wp-content\/uploads\/2015\/08\/Cajita-de-Musica.jpg?resize=400%2C265&amp;ssl=1 400w\" sizes=\"auto, (max-width: 300px) 100vw, 300px\" \/><\/a><\/p>\n<p>CAJITA MUSICAL.- El Jard\u00edn Infantil Cajita Musical dej\u00f3 escuchar su mejor melod\u00eda en este 275\u00ba aniversario de nuestra comuna.<\/p>\n"},"caption":{"rendered":"<p>CAJITA MUSICAL.- El Jard\u00edn Infantil Cajita Musical dej\u00f3 escuchar su mejor melod\u00eda en este 275\u00ba aniversario de nuestra comuna.<\/p>\n"},"alt_text":"CAJITA MUSICAL.- El Jard\u00edn Infantil Cajita Musical dej\u00f3 escuchar su mejor melod\u00eda en este 275\u00ba aniversario de nuestra comuna.","media_type":"image","mime_type":"image\/jpeg","media_details":{"width":528,"height":350,"file":"2015\/08\/Cajita-de-Musica.jpg","sizes":{"thumbnail":{"file":"Cajita-de-Musica-200x133.jpg","width":200,"height":133,"mime_type":"image\/jpeg","source_url":"https:\/\/i0.wp.com\/eltrabajo.cl\/portal\/wp-content\/uploads\/2015\/08\/Cajita-de-Musica.jpg?fit=200%2C133&ssl=1"},"medium":{"file":"Cajita-de-Musica-300x199.jpg","width":300,"height":199,"mime_type":"image\/jpeg","source_url":"https:\/\/i0.wp.com\/eltrabajo.cl\/portal\/wp-content\/uploads\/2015\/08\/Cajita-de-Musica.jpg?fit=300%2C199&ssl=1"},"post-thumbnail":{"file":"Cajita-de-Musica-226x150.jpg","width":226,"height":150,"mime_type":"image\/jpeg","source_url":"https:\/\/i0.wp.com\/eltrabajo.cl\/portal\/wp-content\/uploads\/2015\/08\/Cajita-de-Musica.jpg?fit=226%2C150&ssl=1"},"single-post-thumbnail":{"file":"Cajita-de-Musica-400x265.jpg","width":400,"height":265,"mime_type":"image\/jpeg","source_url":"https:\/\/eltrabajo.cl\/portal\/wp-content\/uploads\/2015\/08\/Cajita-de-Musica-400x265.jpg"},"wptouch-new-thumbnail":{"file":"Cajita-de-Musica-144x144.jpg","width":144,"height":144,"mime_type":"image\/jpeg","source_url":"https:\/\/eltrabajo.cl\/portal\/wp-content\/uploads\/2015\/08\/Cajita-de-Musica-144x144.jpg"},"full":{"file":"Cajita-de-Musica.jpg?fit=528%2C350&ssl=1","width":528,"height":350,"mime_type":"image\/jpeg","source_url":"https:\/\/i0.wp.com\/eltrabajo.cl\/portal\/wp-content\/uploads\/2015\/08\/Cajita-de-Musica.jpg?fit=528%2C350&ssl=1"}},"image_meta":{"aperture":0,"credit":"","camera":"","caption":"","created_timestamp":0,"copyright":"","focal_length":0,"iso":0,"shutter_speed":0,"title":"","orientation":0}},"post":60631,"source_url":"https:\/\/eltrabajo.cl\/portal\/wp-content\/uploads\/2015\/08\/Cajita-de-Musica.jpg","_links":{"self":[{"href":"https:\/\/eltrabajo.cl\/portal\/wp-json\/wp\/v2\/media\/60634","targetHints":{"allow":["GET"]}}],"collection":[{"href":"https:\/\/eltrabajo.cl\/portal\/wp-json\/wp\/v2\/media"}],"about":[{"href":"https:\/\/eltrabajo.cl\/portal\/wp-json\/wp\/v2\/types\/attachment"}],"author":[{"embeddable":true,"href":"https:\/\/eltrabajo.cl\/portal\/wp-json\/wp\/v2\/users\/482"}],"replies":[{"embeddable":true,"href":"https:\/\/eltrabajo.cl\/portal\/wp-json\/wp\/v2\/comments?post=60634"}],"wp:attached-to":[{"embeddable":true,"post_type":"post","id":60631,"href":"https:\/\/eltrabajo.cl\/portal\/wp-json\/wp\/v2\/posts\/60631"}],"curies":[{"name":"wp","href":"https:\/\/api.w.org\/{rel}","templated":true}]}}

<p class="attachment"><a href="https://i0.wp.com/eltrabajo.cl/portal/wp-content/uploads/2015/08/Cajita-de-Musica.jpg?ssl=1"><img loading="lazy" decoding="async" width="300" height="199" src="https://i0.wp.com/eltrabajo.cl/portal/wp-content/uploads/2015/08/Cajita-de-Musica.jpg?fit=300%2C199&amp;ssl=1" class="attachment-medium size-medium" alt="CAJITA MUSICAL.- El Jardín Infantil Cajita Musical dejó escuchar su mejor melodía en este 275º aniversario de nuestra comuna." srcset="https://i0.wp.com/eltrabajo.cl/portal/wp-content/uploads/2015/08/Cajita-de-Musica.jpg?w=528&amp;ssl=1 528w, https://i0.wp.com/eltrabajo.cl/portal/wp-content/uploads/2015/08/Cajita-de-Musica.jpg?resize=200%2C133&amp;ssl=1 200w, https://i0.wp.com/eltrabajo.cl/portal/wp-content/uploads/2015/08/Cajita-de-Musica.jpg?resize=300%2C199&amp;ssl=1 300w, https://i0.wp.com/eltrabajo.cl/portal/wp-content/uploads/2015/08/Cajita-de-Musica.jpg?resize=226%2C150&amp;ssl=1 226w, https://i0.wp.com/eltrabajo.cl/portal/wp-content/uploads/2015/08/Cajita-de-Musica.jpg?resize=400%2C265&amp;ssl=1 400w" sizes="auto, (max-width: 300px) 100vw, 300px" /></a></p>
<p>CAJITA MUSICAL.- El Jardín Infantil Cajita Musical dejó escuchar su mejor melodía en este 275º aniversario de nuestra comuna.</p>

<p>CAJITA MUSICAL.- El Jardín Infantil Cajita Musical dejó escuchar su mejor melodía en este 275º aniversario de nuestra comuna.</p>

CAJITA MUSICAL.- El Jardín Infantil Cajita Musical dejó escuchar su mejor melodía en este 275º aniversario de nuestra comuna.
