{"id":60753,"date":"2015-08-07T09:29:06","date_gmt":"2015-08-07T12:29:06","guid":{"rendered":"http:\/\/www.eltrabajo.cl\/portal\/wp-content\/uploads\/2015\/08\/Mayra-Fuentes.jpg"},"modified":"2015-08-07T09:29:30","modified_gmt":"2015-08-07T12:29:30","slug":"mayra-fuentes-2","status":"inherit","type":"attachment","link":"https:\/\/eltrabajo.cl\/portal\/condenan-a-joven-ebrio-que-protagonizo-accidente-con-resultado-de-muerte\/mayra-fuentes-2\/","title":{"rendered":"Mayra Fuentes"},"author":482,"featured_media":0,"comment_status":"open","ping_status":"open","template":"","meta":{"advanced_seo_description":"","jetpack_seo_html_title":"","jetpack_seo_noindex":false},"class_list":["post-60753","attachment","type-attachment","status-inherit","hentry"],"jetpack_sharing_enabled":true,"jetpack_likes_enabled":true,"description":{"rendered":"<p class=\"attachment\"><a href=\"https:\/\/i0.wp.com\/eltrabajo.cl\/portal\/wp-content\/uploads\/2015\/08\/Mayra-Fuentes.jpg?ssl=1\"><img loading=\"lazy\" decoding=\"async\" width=\"300\" height=\"198\" src=\"https:\/\/i0.wp.com\/eltrabajo.cl\/portal\/wp-content\/uploads\/2015\/08\/Mayra-Fuentes.jpg?fit=300%2C198&amp;ssl=1\" class=\"attachment-medium size-medium\" alt=\"Mayra Fuentes Maldonado sobrevivi\u00f3 al accidente luego de estar internada grave en la UCI del Hospital San Camilo. En la actualidad sufre irreversibles da\u00f1os neurol\u00f3gicos que le impiden caminar normalmente.\" srcset=\"https:\/\/i0.wp.com\/eltrabajo.cl\/portal\/wp-content\/uploads\/2015\/08\/Mayra-Fuentes.jpg?w=530&amp;ssl=1 530w, https:\/\/i0.wp.com\/eltrabajo.cl\/portal\/wp-content\/uploads\/2015\/08\/Mayra-Fuentes.jpg?resize=200%2C132&amp;ssl=1 200w, https:\/\/i0.wp.com\/eltrabajo.cl\/portal\/wp-content\/uploads\/2015\/08\/Mayra-Fuentes.jpg?resize=300%2C198&amp;ssl=1 300w, https:\/\/i0.wp.com\/eltrabajo.cl\/portal\/wp-content\/uploads\/2015\/08\/Mayra-Fuentes.jpg?resize=228%2C150&amp;ssl=1 228w, https:\/\/i0.wp.com\/eltrabajo.cl\/portal\/wp-content\/uploads\/2015\/08\/Mayra-Fuentes.jpg?resize=400%2C263&amp;ssl=1 400w\" sizes=\"auto, (max-width: 300px) 100vw, 300px\" \/><\/a><\/p>\n<p>Mayra Fuentes Maldonado sobrevivi\u00f3 al accidente luego de estar internada grave en la UCI del Hospital San Camilo. En la actualidad sufre irreversibles da\u00f1os neurol\u00f3gicos que le impiden caminar normalmente.<\/p>\n"},"caption":{"rendered":"<p>Mayra Fuentes Maldonado sobrevivi\u00f3 al accidente luego de estar internada grave en la UCI del Hospital San Camilo. En la actualidad sufre irreversibles da\u00f1os neurol\u00f3gicos que le impiden caminar normalmente.<\/p>\n"},"alt_text":"Mayra Fuentes Maldonado sobrevivi\u00f3 al accidente luego de estar internada grave en la UCI del Hospital San Camilo. En la actualidad sufre irreversibles da\u00f1os neurol\u00f3gicos que le impiden caminar normalmente.","media_type":"image","mime_type":"image\/jpeg","media_details":{"width":530,"height":349,"file":"2015\/08\/Mayra-Fuentes.jpg","sizes":{"thumbnail":{"file":"Mayra-Fuentes-200x132.jpg","width":200,"height":132,"mime_type":"image\/jpeg","source_url":"https:\/\/i0.wp.com\/eltrabajo.cl\/portal\/wp-content\/uploads\/2015\/08\/Mayra-Fuentes.jpg?fit=200%2C132&ssl=1"},"medium":{"file":"Mayra-Fuentes-300x198.jpg","width":300,"height":198,"mime_type":"image\/jpeg","source_url":"https:\/\/i0.wp.com\/eltrabajo.cl\/portal\/wp-content\/uploads\/2015\/08\/Mayra-Fuentes.jpg?fit=300%2C198&ssl=1"},"post-thumbnail":{"file":"Mayra-Fuentes-228x150.jpg","width":228,"height":150,"mime_type":"image\/jpeg","source_url":"https:\/\/i0.wp.com\/eltrabajo.cl\/portal\/wp-content\/uploads\/2015\/08\/Mayra-Fuentes.jpg?fit=228%2C150&ssl=1"},"single-post-thumbnail":{"file":"Mayra-Fuentes-400x263.jpg","width":400,"height":263,"mime_type":"image\/jpeg","source_url":"https:\/\/eltrabajo.cl\/portal\/wp-content\/uploads\/2015\/08\/Mayra-Fuentes-400x263.jpg"},"wptouch-new-thumbnail":{"file":"Mayra-Fuentes-144x144.jpg","width":144,"height":144,"mime_type":"image\/jpeg","source_url":"https:\/\/eltrabajo.cl\/portal\/wp-content\/uploads\/2015\/08\/Mayra-Fuentes-144x144.jpg"},"full":{"file":"Mayra-Fuentes.jpg?fit=530%2C349&ssl=1","width":530,"height":349,"mime_type":"image\/jpeg","source_url":"https:\/\/i0.wp.com\/eltrabajo.cl\/portal\/wp-content\/uploads\/2015\/08\/Mayra-Fuentes.jpg?fit=530%2C349&ssl=1"}},"image_meta":{"aperture":0,"credit":"","camera":"","caption":"","created_timestamp":0,"copyright":"","focal_length":0,"iso":0,"shutter_speed":0,"title":"","orientation":0}},"post":60751,"source_url":"https:\/\/eltrabajo.cl\/portal\/wp-content\/uploads\/2015\/08\/Mayra-Fuentes.jpg","_links":{"self":[{"href":"https:\/\/eltrabajo.cl\/portal\/wp-json\/wp\/v2\/media\/60753","targetHints":{"allow":["GET"]}}],"collection":[{"href":"https:\/\/eltrabajo.cl\/portal\/wp-json\/wp\/v2\/media"}],"about":[{"href":"https:\/\/eltrabajo.cl\/portal\/wp-json\/wp\/v2\/types\/attachment"}],"author":[{"embeddable":true,"href":"https:\/\/eltrabajo.cl\/portal\/wp-json\/wp\/v2\/users\/482"}],"replies":[{"embeddable":true,"href":"https:\/\/eltrabajo.cl\/portal\/wp-json\/wp\/v2\/comments?post=60753"}],"wp:attached-to":[{"embeddable":true,"post_type":"post","id":60751,"href":"https:\/\/eltrabajo.cl\/portal\/wp-json\/wp\/v2\/posts\/60751"}],"curies":[{"name":"wp","href":"https:\/\/api.w.org\/{rel}","templated":true}]}}

<p class="attachment"><a href="https://i0.wp.com/eltrabajo.cl/portal/wp-content/uploads/2015/08/Mayra-Fuentes.jpg?ssl=1"><img loading="lazy" decoding="async" width="300" height="198" src="https://i0.wp.com/eltrabajo.cl/portal/wp-content/uploads/2015/08/Mayra-Fuentes.jpg?fit=300%2C198&amp;ssl=1" class="attachment-medium size-medium" alt="Mayra Fuentes Maldonado sobrevivió al accidente luego de estar internada grave en la UCI del Hospital San Camilo. En la actualidad sufre irreversibles daños neurológicos que le impiden caminar normalmente." srcset="https://i0.wp.com/eltrabajo.cl/portal/wp-content/uploads/2015/08/Mayra-Fuentes.jpg?w=530&amp;ssl=1 530w, https://i0.wp.com/eltrabajo.cl/portal/wp-content/uploads/2015/08/Mayra-Fuentes.jpg?resize=200%2C132&amp;ssl=1 200w, https://i0.wp.com/eltrabajo.cl/portal/wp-content/uploads/2015/08/Mayra-Fuentes.jpg?resize=300%2C198&amp;ssl=1 300w, https://i0.wp.com/eltrabajo.cl/portal/wp-content/uploads/2015/08/Mayra-Fuentes.jpg?resize=228%2C150&amp;ssl=1 228w, https://i0.wp.com/eltrabajo.cl/portal/wp-content/uploads/2015/08/Mayra-Fuentes.jpg?resize=400%2C263&amp;ssl=1 400w" sizes="auto, (max-width: 300px) 100vw, 300px" /></a></p>
<p>Mayra Fuentes Maldonado sobrevivió al accidente luego de estar internada grave en la UCI del Hospital San Camilo. En la actualidad sufre irreversibles daños neurológicos que le impiden caminar normalmente.</p>

<p>Mayra Fuentes Maldonado sobrevivió al accidente luego de estar internada grave en la UCI del Hospital San Camilo. En la actualidad sufre irreversibles daños neurológicos que le impiden caminar normalmente.</p>

Mayra Fuentes Maldonado sobrevivió al accidente luego de estar internada grave en la UCI del Hospital San Camilo. En la actualidad sufre irreversibles daños neurológicos que le impiden caminar normalmente.
