{"id":61321,"date":"2015-08-25T09:45:54","date_gmt":"2015-08-25T12:45:54","guid":{"rendered":"http:\/\/www.eltrabajo.cl\/portal\/wp-content\/uploads\/2015\/08\/Fiscal-Gabriela-Fuenzalida1.jpg"},"modified":"2015-08-25T09:46:02","modified_gmt":"2015-08-25T12:46:02","slug":"fiscal-gabriela-fuenzalida-3","status":"inherit","type":"attachment","link":"https:\/\/eltrabajo.cl\/portal\/argentino-sera-expulsado-de-chile-tras-cometer-robo-en-san-felipe\/fiscal-gabriela-fuenzalida-3\/","title":{"rendered":"Fiscal Gabriela Fuenzalida"},"author":482,"featured_media":0,"comment_status":"open","ping_status":"closed","template":"","meta":{"advanced_seo_description":"","jetpack_seo_html_title":"","jetpack_seo_noindex":false},"class_list":["post-61321","attachment","type-attachment","status-inherit","hentry"],"jetpack_sharing_enabled":true,"jetpack_likes_enabled":true,"description":{"rendered":"<p class=\"attachment\"><a href=\"https:\/\/i0.wp.com\/eltrabajo.cl\/portal\/wp-content\/uploads\/2015\/08\/Fiscal-Gabriela-Fuenzalida1.jpg?ssl=1\"><img loading=\"lazy\" decoding=\"async\" width=\"300\" height=\"198\" src=\"https:\/\/i0.wp.com\/eltrabajo.cl\/portal\/wp-content\/uploads\/2015\/08\/Fiscal-Gabriela-Fuenzalida1.jpg?fit=300%2C198&amp;ssl=1\" class=\"attachment-medium size-medium\" alt=\"La fiscal del Ministerio P\u00fablico de San Felipe, Gabriela Fuenzalida se mostr\u00f3 conforme con la sentencia impuesta por el Tribunal tras haber demostrado con pruebas la participaci\u00f3n de ambos condenados por el delito de robo.\" srcset=\"https:\/\/i0.wp.com\/eltrabajo.cl\/portal\/wp-content\/uploads\/2015\/08\/Fiscal-Gabriela-Fuenzalida1.jpg?w=530&amp;ssl=1 530w, https:\/\/i0.wp.com\/eltrabajo.cl\/portal\/wp-content\/uploads\/2015\/08\/Fiscal-Gabriela-Fuenzalida1.jpg?resize=200%2C132&amp;ssl=1 200w, https:\/\/i0.wp.com\/eltrabajo.cl\/portal\/wp-content\/uploads\/2015\/08\/Fiscal-Gabriela-Fuenzalida1.jpg?resize=300%2C198&amp;ssl=1 300w, https:\/\/i0.wp.com\/eltrabajo.cl\/portal\/wp-content\/uploads\/2015\/08\/Fiscal-Gabriela-Fuenzalida1.jpg?resize=228%2C150&amp;ssl=1 228w, https:\/\/i0.wp.com\/eltrabajo.cl\/portal\/wp-content\/uploads\/2015\/08\/Fiscal-Gabriela-Fuenzalida1.jpg?resize=400%2C263&amp;ssl=1 400w\" sizes=\"auto, (max-width: 300px) 100vw, 300px\" \/><\/a><\/p>\n<p>La fiscal del Ministerio P\u00fablico de San Felipe, Gabriela Fuenzalida se mostr\u00f3 conforme con la sentencia impuesta por el Tribunal tras haber demostrado con pruebas la participaci\u00f3n de ambos condenados por el delito de robo.<\/p>\n"},"caption":{"rendered":"<p>La fiscal del Ministerio P\u00fablico de San Felipe, Gabriela Fuenzalida se mostr\u00f3 conforme con la sentencia impuesta por el Tribunal tras haber demostrado con pruebas la participaci\u00f3n de ambos condenados por el delito de robo.<\/p>\n"},"alt_text":"La fiscal del Ministerio P\u00fablico de San Felipe, Gabriela Fuenzalida se mostr\u00f3 conforme con la sentencia impuesta por el Tribunal tras haber demostrado con pruebas la participaci\u00f3n de ambos condenados por el delito de robo.","media_type":"image","mime_type":"image\/jpeg","media_details":{"width":530,"height":349,"file":"2015\/08\/Fiscal-Gabriela-Fuenzalida1.jpg","sizes":{"thumbnail":{"file":"Fiscal-Gabriela-Fuenzalida1-200x132.jpg","width":200,"height":132,"mime_type":"image\/jpeg","source_url":"https:\/\/i0.wp.com\/eltrabajo.cl\/portal\/wp-content\/uploads\/2015\/08\/Fiscal-Gabriela-Fuenzalida1.jpg?fit=200%2C132&ssl=1"},"medium":{"file":"Fiscal-Gabriela-Fuenzalida1-300x198.jpg","width":300,"height":198,"mime_type":"image\/jpeg","source_url":"https:\/\/i0.wp.com\/eltrabajo.cl\/portal\/wp-content\/uploads\/2015\/08\/Fiscal-Gabriela-Fuenzalida1.jpg?fit=300%2C198&ssl=1"},"post-thumbnail":{"file":"Fiscal-Gabriela-Fuenzalida1-228x150.jpg","width":228,"height":150,"mime_type":"image\/jpeg","source_url":"https:\/\/i0.wp.com\/eltrabajo.cl\/portal\/wp-content\/uploads\/2015\/08\/Fiscal-Gabriela-Fuenzalida1.jpg?fit=228%2C150&ssl=1"},"single-post-thumbnail":{"file":"Fiscal-Gabriela-Fuenzalida1-400x263.jpg","width":400,"height":263,"mime_type":"image\/jpeg","source_url":"https:\/\/eltrabajo.cl\/portal\/wp-content\/uploads\/2015\/08\/Fiscal-Gabriela-Fuenzalida1-400x263.jpg"},"wptouch-new-thumbnail":{"file":"Fiscal-Gabriela-Fuenzalida1-144x144.jpg","width":144,"height":144,"mime_type":"image\/jpeg","source_url":"https:\/\/eltrabajo.cl\/portal\/wp-content\/uploads\/2015\/08\/Fiscal-Gabriela-Fuenzalida1-144x144.jpg"},"full":{"file":"Fiscal-Gabriela-Fuenzalida1.jpg?fit=530%2C349&ssl=1","width":530,"height":349,"mime_type":"image\/jpeg","source_url":"https:\/\/i0.wp.com\/eltrabajo.cl\/portal\/wp-content\/uploads\/2015\/08\/Fiscal-Gabriela-Fuenzalida1.jpg?fit=530%2C349&ssl=1"}},"image_meta":{"aperture":0,"credit":"","camera":"","caption":"","created_timestamp":0,"copyright":"","focal_length":0,"iso":0,"shutter_speed":0,"title":"","orientation":0}},"post":61319,"source_url":"https:\/\/eltrabajo.cl\/portal\/wp-content\/uploads\/2015\/08\/Fiscal-Gabriela-Fuenzalida1.jpg","_links":{"self":[{"href":"https:\/\/eltrabajo.cl\/portal\/wp-json\/wp\/v2\/media\/61321","targetHints":{"allow":["GET"]}}],"collection":[{"href":"https:\/\/eltrabajo.cl\/portal\/wp-json\/wp\/v2\/media"}],"about":[{"href":"https:\/\/eltrabajo.cl\/portal\/wp-json\/wp\/v2\/types\/attachment"}],"author":[{"embeddable":true,"href":"https:\/\/eltrabajo.cl\/portal\/wp-json\/wp\/v2\/users\/482"}],"replies":[{"embeddable":true,"href":"https:\/\/eltrabajo.cl\/portal\/wp-json\/wp\/v2\/comments?post=61321"}],"wp:attached-to":[{"embeddable":true,"post_type":"post","id":61319,"href":"https:\/\/eltrabajo.cl\/portal\/wp-json\/wp\/v2\/posts\/61319"}],"curies":[{"name":"wp","href":"https:\/\/api.w.org\/{rel}","templated":true}]}}

<p class="attachment"><a href="https://i0.wp.com/eltrabajo.cl/portal/wp-content/uploads/2015/08/Fiscal-Gabriela-Fuenzalida1.jpg?ssl=1"><img loading="lazy" decoding="async" width="300" height="198" src="https://i0.wp.com/eltrabajo.cl/portal/wp-content/uploads/2015/08/Fiscal-Gabriela-Fuenzalida1.jpg?fit=300%2C198&amp;ssl=1" class="attachment-medium size-medium" alt="La fiscal del Ministerio Público de San Felipe, Gabriela Fuenzalida se mostró conforme con la sentencia impuesta por el Tribunal tras haber demostrado con pruebas la participación de ambos condenados por el delito de robo." srcset="https://i0.wp.com/eltrabajo.cl/portal/wp-content/uploads/2015/08/Fiscal-Gabriela-Fuenzalida1.jpg?w=530&amp;ssl=1 530w, https://i0.wp.com/eltrabajo.cl/portal/wp-content/uploads/2015/08/Fiscal-Gabriela-Fuenzalida1.jpg?resize=200%2C132&amp;ssl=1 200w, https://i0.wp.com/eltrabajo.cl/portal/wp-content/uploads/2015/08/Fiscal-Gabriela-Fuenzalida1.jpg?resize=300%2C198&amp;ssl=1 300w, https://i0.wp.com/eltrabajo.cl/portal/wp-content/uploads/2015/08/Fiscal-Gabriela-Fuenzalida1.jpg?resize=228%2C150&amp;ssl=1 228w, https://i0.wp.com/eltrabajo.cl/portal/wp-content/uploads/2015/08/Fiscal-Gabriela-Fuenzalida1.jpg?resize=400%2C263&amp;ssl=1 400w" sizes="auto, (max-width: 300px) 100vw, 300px" /></a></p>
<p>La fiscal del Ministerio Público de San Felipe, Gabriela Fuenzalida se mostró conforme con la sentencia impuesta por el Tribunal tras haber demostrado con pruebas la participación de ambos condenados por el delito de robo.</p>

<p>La fiscal del Ministerio Público de San Felipe, Gabriela Fuenzalida se mostró conforme con la sentencia impuesta por el Tribunal tras haber demostrado con pruebas la participación de ambos condenados por el delito de robo.</p>

La fiscal del Ministerio Público de San Felipe, Gabriela Fuenzalida se mostró conforme con la sentencia impuesta por el Tribunal tras haber demostrado con pruebas la participación de ambos condenados por el delito de robo.
