{"id":61342,"date":"2015-08-26T09:33:28","date_gmt":"2015-08-26T12:33:28","guid":{"rendered":"http:\/\/www.eltrabajo.cl\/portal\/wp-content\/uploads\/2015\/08\/Dia-de-la-Educaci\u00f3n-T\u00e9cnica-Profesional-3.jpg"},"modified":"2015-08-26T09:33:39","modified_gmt":"2015-08-26T12:33:39","slug":"dia-de-la-educacion-tecnica-profesional-3","status":"inherit","type":"attachment","link":"https:\/\/eltrabajo.cl\/portal\/en-liceo-manuel-marin-fritis-celebran-dia-de-la-educacion-tecnico-profesional\/dia-de-la-educacion-tecnica-profesional-3\/","title":{"rendered":"Dia de la Educaci\u00f3n T\u00e9cnica Profesional 3"},"author":482,"featured_media":0,"comment_status":"open","ping_status":"closed","template":"","meta":{"advanced_seo_description":"","jetpack_seo_html_title":"","jetpack_seo_noindex":false},"class_list":["post-61342","attachment","type-attachment","status-inherit","hentry"],"jetpack_sharing_enabled":true,"jetpack_likes_enabled":true,"description":{"rendered":"<p class=\"attachment\"><a href=\"https:\/\/i0.wp.com\/eltrabajo.cl\/portal\/wp-content\/uploads\/2015\/08\/Dia-de-la-Educaci%C3%B3n-T%C3%A9cnica-Profesional-3.jpg?ssl=1\"><img loading=\"lazy\" decoding=\"async\" width=\"300\" height=\"198\" src=\"https:\/\/i0.wp.com\/eltrabajo.cl\/portal\/wp-content\/uploads\/2015\/08\/Dia-de-la-Educaci%C3%B3n-T%C3%A9cnica-Profesional-3.jpg?fit=300%2C198&amp;ssl=1\" class=\"attachment-medium size-medium\" alt=\"Parte de los trabajos realizados por las alumnas de Servicios de Administraci\u00f3n, en el D\u00eda de la Ense\u00f1anza T\u00e9cnico Profesional en el Manuel Marin Fritis.\" \/><\/a><\/p>\n<p>Parte de los trabajos realizados por las alumnas de Servicios de Administraci\u00f3n, en el D\u00eda de la Ense\u00f1anza T\u00e9cnico Profesional en el Manuel Marin Fritis.<\/p>\n"},"caption":{"rendered":"<p>Parte de los trabajos realizados por las alumnas de Servicios de Administraci\u00f3n, en el D\u00eda de la Ense\u00f1anza T\u00e9cnico Profesional en el Manuel Marin Fritis.<\/p>\n"},"alt_text":"Parte de los trabajos realizados por las alumnas de Servicios de Administraci\u00f3n, en el D\u00eda de la Ense\u00f1anza T\u00e9cnico Profesional en el Manuel Marin Fritis.","media_type":"image","mime_type":"image\/jpeg","media_details":{"width":530,"height":350,"file":"2015\/08\/Dia-de-la-Educaci\u00f3n-T\u00e9cnica-Profesional-3.jpg","sizes":{"thumbnail":{"file":"Dia-de-la-Educaci\u00f3n-T\u00e9cnica-Profesional-3-200x132.jpg","width":200,"height":132,"mime_type":"image\/jpeg","source_url":"https:\/\/i0.wp.com\/eltrabajo.cl\/portal\/wp-content\/uploads\/2015\/08\/Dia-de-la-Educaci%C3%B3n-T%C3%A9cnica-Profesional-3.jpg?fit=200%2C132&ssl=1"},"medium":{"file":"Dia-de-la-Educaci\u00f3n-T\u00e9cnica-Profesional-3-300x198.jpg","width":300,"height":198,"mime_type":"image\/jpeg","source_url":"https:\/\/i0.wp.com\/eltrabajo.cl\/portal\/wp-content\/uploads\/2015\/08\/Dia-de-la-Educaci%C3%B3n-T%C3%A9cnica-Profesional-3.jpg?fit=300%2C198&ssl=1"},"post-thumbnail":{"file":"Dia-de-la-Educaci\u00f3n-T\u00e9cnica-Profesional-3-227x150.jpg","width":227,"height":150,"mime_type":"image\/jpeg","source_url":"https:\/\/i0.wp.com\/eltrabajo.cl\/portal\/wp-content\/uploads\/2015\/08\/Dia-de-la-Educaci%C3%B3n-T%C3%A9cnica-Profesional-3.jpg?fit=227%2C150&ssl=1"},"single-post-thumbnail":{"file":"Dia-de-la-Educaci\u00f3n-T\u00e9cnica-Profesional-3-400x264.jpg","width":400,"height":264,"mime_type":"image\/jpeg","source_url":"https:\/\/eltrabajo.cl\/portal\/wp-content\/uploads\/2015\/08\/Dia-de-la-Educaci\u00f3n-T\u00e9cnica-Profesional-3-400x264.jpg"},"wptouch-new-thumbnail":{"file":"Dia-de-la-Educaci\u00f3n-T\u00e9cnica-Profesional-3-144x144.jpg","width":144,"height":144,"mime_type":"image\/jpeg","source_url":"https:\/\/eltrabajo.cl\/portal\/wp-content\/uploads\/2015\/08\/Dia-de-la-Educaci\u00f3n-T\u00e9cnica-Profesional-3-144x144.jpg"},"full":{"file":"Dia-de-la-Educaci%C3%B3n-T%C3%A9cnica-Profesional-3.jpg?fit=530%2C350&ssl=1","width":530,"height":350,"mime_type":"image\/jpeg","source_url":"https:\/\/i0.wp.com\/eltrabajo.cl\/portal\/wp-content\/uploads\/2015\/08\/Dia-de-la-Educaci%C3%B3n-T%C3%A9cnica-Profesional-3.jpg?fit=530%2C350&ssl=1"}},"image_meta":{"aperture":0,"credit":"","camera":"","caption":"","created_timestamp":0,"copyright":"","focal_length":0,"iso":0,"shutter_speed":0,"title":"","orientation":0}},"post":61339,"source_url":"https:\/\/eltrabajo.cl\/portal\/wp-content\/uploads\/2015\/08\/Dia-de-la-Educaci\u00f3n-T\u00e9cnica-Profesional-3.jpg","_links":{"self":[{"href":"https:\/\/eltrabajo.cl\/portal\/wp-json\/wp\/v2\/media\/61342","targetHints":{"allow":["GET"]}}],"collection":[{"href":"https:\/\/eltrabajo.cl\/portal\/wp-json\/wp\/v2\/media"}],"about":[{"href":"https:\/\/eltrabajo.cl\/portal\/wp-json\/wp\/v2\/types\/attachment"}],"author":[{"embeddable":true,"href":"https:\/\/eltrabajo.cl\/portal\/wp-json\/wp\/v2\/users\/482"}],"replies":[{"embeddable":true,"href":"https:\/\/eltrabajo.cl\/portal\/wp-json\/wp\/v2\/comments?post=61342"}],"wp:attached-to":[{"embeddable":true,"post_type":"post","id":61339,"href":"https:\/\/eltrabajo.cl\/portal\/wp-json\/wp\/v2\/posts\/61339"}],"curies":[{"name":"wp","href":"https:\/\/api.w.org\/{rel}","templated":true}]}}

http://www.eltrabajo.cl/portal/wp-content/uploads/2015/08/Dia-de-la-Educación-Técnica-Profesional-3.jpg

Dia de la Educación Técnica Profesional 3

<p class="attachment"><a href="https://i0.wp.com/eltrabajo.cl/portal/wp-content/uploads/2015/08/Dia-de-la-Educaci%C3%B3n-T%C3%A9cnica-Profesional-3.jpg?ssl=1"><img loading="lazy" decoding="async" width="300" height="198" src="https://i0.wp.com/eltrabajo.cl/portal/wp-content/uploads/2015/08/Dia-de-la-Educaci%C3%B3n-T%C3%A9cnica-Profesional-3.jpg?fit=300%2C198&amp;ssl=1" class="attachment-medium size-medium" alt="Parte de los trabajos realizados por las alumnas de Servicios de Administración, en el Día de la Enseñanza Técnico Profesional en el Manuel Marin Fritis." /></a></p>
<p>Parte de los trabajos realizados por las alumnas de Servicios de Administración, en el Día de la Enseñanza Técnico Profesional en el Manuel Marin Fritis.</p>

<p>Parte de los trabajos realizados por las alumnas de Servicios de Administración, en el Día de la Enseñanza Técnico Profesional en el Manuel Marin Fritis.</p>

Parte de los trabajos realizados por las alumnas de Servicios de Administración, en el Día de la Enseñanza Técnico Profesional en el Manuel Marin Fritis.

2015/08/Dia-de-la-Educación-Técnica-Profesional-3.jpg

Dia-de-la-Educación-Técnica-Profesional-3-200x132.jpg

Dia-de-la-Educación-Técnica-Profesional-3-300x198.jpg

Dia-de-la-Educación-Técnica-Profesional-3-227x150.jpg

Dia-de-la-Educación-Técnica-Profesional-3-400x264.jpg

https://eltrabajo.cl/portal/wp-content/uploads/2015/08/Dia-de-la-Educación-Técnica-Profesional-3-400x264.jpg

Dia-de-la-Educación-Técnica-Profesional-3-144x144.jpg

https://eltrabajo.cl/portal/wp-content/uploads/2015/08/Dia-de-la-Educación-Técnica-Profesional-3-144x144.jpg

https://eltrabajo.cl/portal/wp-content/uploads/2015/08/Dia-de-la-Educación-Técnica-Profesional-3.jpg
