{"id":61488,"date":"2015-08-31T09:38:31","date_gmt":"2015-08-31T12:38:31","guid":{"rendered":"http:\/\/www.eltrabajo.cl\/portal\/wp-content\/uploads\/2015\/08\/Jose-Dominguez.jpg"},"modified":"2015-08-31T09:40:12","modified_gmt":"2015-08-31T12:40:12","slug":"jose-dominguez","status":"inherit","type":"attachment","link":"https:\/\/eltrabajo.cl\/portal\/miles-de-personas-acudieron-a-multitudinaria-despedida-a-javier-munoz\/jose-dominguez\/","title":{"rendered":"Jose Dominguez"},"author":482,"featured_media":0,"comment_status":"open","ping_status":"closed","template":"","meta":{"advanced_seo_description":"","jetpack_seo_html_title":"","jetpack_seo_noindex":false},"class_list":["post-61488","attachment","type-attachment","status-inherit","hentry"],"jetpack_sharing_enabled":true,"jetpack_likes_enabled":true,"description":{"rendered":"<p class=\"attachment\"><a href=\"https:\/\/i0.wp.com\/eltrabajo.cl\/portal\/wp-content\/uploads\/2015\/08\/Jose-Dominguez.jpg?ssl=1\"><img loading=\"lazy\" decoding=\"async\" width=\"300\" height=\"198\" src=\"https:\/\/i0.wp.com\/eltrabajo.cl\/portal\/wp-content\/uploads\/2015\/08\/Jose-Dominguez.jpg?fit=300%2C198&amp;ssl=1\" class=\"attachment-medium size-medium\" alt=\"JOS\u00c9 DOM\u00cdNGUEZ SALINAS (t\u00edo abuelo de Javier).- Doy las gracias a tantas personas que llegaron de Vi\u00f1a, Santiago, El Tambo y de todo el pa\u00eds.\" srcset=\"https:\/\/i0.wp.com\/eltrabajo.cl\/portal\/wp-content\/uploads\/2015\/08\/Jose-Dominguez.jpg?w=530&amp;ssl=1 530w, https:\/\/i0.wp.com\/eltrabajo.cl\/portal\/wp-content\/uploads\/2015\/08\/Jose-Dominguez.jpg?resize=200%2C132&amp;ssl=1 200w, https:\/\/i0.wp.com\/eltrabajo.cl\/portal\/wp-content\/uploads\/2015\/08\/Jose-Dominguez.jpg?resize=300%2C198&amp;ssl=1 300w, https:\/\/i0.wp.com\/eltrabajo.cl\/portal\/wp-content\/uploads\/2015\/08\/Jose-Dominguez.jpg?resize=228%2C150&amp;ssl=1 228w, https:\/\/i0.wp.com\/eltrabajo.cl\/portal\/wp-content\/uploads\/2015\/08\/Jose-Dominguez.jpg?resize=400%2C263&amp;ssl=1 400w\" sizes=\"auto, (max-width: 300px) 100vw, 300px\" \/><\/a><\/p>\n<p>JOS\u00c9 DOM\u00cdNGUEZ SALINAS (t\u00edo abuelo de Javier).- Doy las gracias a tantas personas que llegaron de Vi\u00f1a, Santiago, El Tambo y de todo el pa\u00eds. <\/p>\n"},"caption":{"rendered":"<p>JOS\u00c9 DOM\u00cdNGUEZ SALINAS (t\u00edo abuelo de Javier).- Doy las gracias a tantas personas que llegaron de Vi\u00f1a, Santiago, El Tambo y de todo el pa\u00eds. <\/p>\n"},"alt_text":"JOS\u00c9 DOM\u00cdNGUEZ SALINAS (t\u00edo abuelo de Javier).- Doy las gracias a tantas personas que llegaron de Vi\u00f1a, Santiago, El Tambo y de todo el pa\u00eds.","media_type":"image","mime_type":"image\/jpeg","media_details":{"width":530,"height":349,"file":"2015\/08\/Jose-Dominguez.jpg","sizes":{"thumbnail":{"file":"Jose-Dominguez-200x132.jpg","width":200,"height":132,"mime_type":"image\/jpeg","source_url":"https:\/\/i0.wp.com\/eltrabajo.cl\/portal\/wp-content\/uploads\/2015\/08\/Jose-Dominguez.jpg?fit=200%2C132&ssl=1"},"medium":{"file":"Jose-Dominguez-300x198.jpg","width":300,"height":198,"mime_type":"image\/jpeg","source_url":"https:\/\/i0.wp.com\/eltrabajo.cl\/portal\/wp-content\/uploads\/2015\/08\/Jose-Dominguez.jpg?fit=300%2C198&ssl=1"},"post-thumbnail":{"file":"Jose-Dominguez-228x150.jpg","width":228,"height":150,"mime_type":"image\/jpeg","source_url":"https:\/\/i0.wp.com\/eltrabajo.cl\/portal\/wp-content\/uploads\/2015\/08\/Jose-Dominguez.jpg?fit=228%2C150&ssl=1"},"single-post-thumbnail":{"file":"Jose-Dominguez-400x263.jpg","width":400,"height":263,"mime_type":"image\/jpeg","source_url":"https:\/\/eltrabajo.cl\/portal\/wp-content\/uploads\/2015\/08\/Jose-Dominguez-400x263.jpg"},"wptouch-new-thumbnail":{"file":"Jose-Dominguez-144x144.jpg","width":144,"height":144,"mime_type":"image\/jpeg","source_url":"https:\/\/eltrabajo.cl\/portal\/wp-content\/uploads\/2015\/08\/Jose-Dominguez-144x144.jpg"},"full":{"file":"Jose-Dominguez.jpg?fit=530%2C349&ssl=1","width":530,"height":349,"mime_type":"image\/jpeg","source_url":"https:\/\/i0.wp.com\/eltrabajo.cl\/portal\/wp-content\/uploads\/2015\/08\/Jose-Dominguez.jpg?fit=530%2C349&ssl=1"}},"image_meta":{"aperture":0,"credit":"","camera":"","caption":"","created_timestamp":0,"copyright":"","focal_length":0,"iso":0,"shutter_speed":0,"title":"","orientation":0}},"post":61486,"source_url":"https:\/\/eltrabajo.cl\/portal\/wp-content\/uploads\/2015\/08\/Jose-Dominguez.jpg","_links":{"self":[{"href":"https:\/\/eltrabajo.cl\/portal\/wp-json\/wp\/v2\/media\/61488","targetHints":{"allow":["GET"]}}],"collection":[{"href":"https:\/\/eltrabajo.cl\/portal\/wp-json\/wp\/v2\/media"}],"about":[{"href":"https:\/\/eltrabajo.cl\/portal\/wp-json\/wp\/v2\/types\/attachment"}],"author":[{"embeddable":true,"href":"https:\/\/eltrabajo.cl\/portal\/wp-json\/wp\/v2\/users\/482"}],"replies":[{"embeddable":true,"href":"https:\/\/eltrabajo.cl\/portal\/wp-json\/wp\/v2\/comments?post=61488"}],"wp:attached-to":[{"embeddable":true,"post_type":"post","id":61486,"href":"https:\/\/eltrabajo.cl\/portal\/wp-json\/wp\/v2\/posts\/61486"}],"curies":[{"name":"wp","href":"https:\/\/api.w.org\/{rel}","templated":true}]}}

<p class="attachment"><a href="https://i0.wp.com/eltrabajo.cl/portal/wp-content/uploads/2015/08/Jose-Dominguez.jpg?ssl=1"><img loading="lazy" decoding="async" width="300" height="198" src="https://i0.wp.com/eltrabajo.cl/portal/wp-content/uploads/2015/08/Jose-Dominguez.jpg?fit=300%2C198&amp;ssl=1" class="attachment-medium size-medium" alt="JOSÉ DOMÍNGUEZ SALINAS (tío abuelo de Javier).- Doy las gracias a tantas personas que llegaron de Viña, Santiago, El Tambo y de todo el país." srcset="https://i0.wp.com/eltrabajo.cl/portal/wp-content/uploads/2015/08/Jose-Dominguez.jpg?w=530&amp;ssl=1 530w, https://i0.wp.com/eltrabajo.cl/portal/wp-content/uploads/2015/08/Jose-Dominguez.jpg?resize=200%2C132&amp;ssl=1 200w, https://i0.wp.com/eltrabajo.cl/portal/wp-content/uploads/2015/08/Jose-Dominguez.jpg?resize=300%2C198&amp;ssl=1 300w, https://i0.wp.com/eltrabajo.cl/portal/wp-content/uploads/2015/08/Jose-Dominguez.jpg?resize=228%2C150&amp;ssl=1 228w, https://i0.wp.com/eltrabajo.cl/portal/wp-content/uploads/2015/08/Jose-Dominguez.jpg?resize=400%2C263&amp;ssl=1 400w" sizes="auto, (max-width: 300px) 100vw, 300px" /></a></p>
<p>JOSÉ DOMÍNGUEZ SALINAS (tío abuelo de Javier).- Doy las gracias a tantas personas que llegaron de Viña, Santiago, El Tambo y de todo el país. </p>

<p>JOSÉ DOMÍNGUEZ SALINAS (tío abuelo de Javier).- Doy las gracias a tantas personas que llegaron de Viña, Santiago, El Tambo y de todo el país. </p>

JOSÉ DOMÍNGUEZ SALINAS (tío abuelo de Javier).- Doy las gracias a tantas personas que llegaron de Viña, Santiago, El Tambo y de todo el país.
