{"id":61830,"date":"2015-09-09T09:27:59","date_gmt":"2015-09-09T12:27:59","guid":{"rendered":"http:\/\/www.eltrabajo.cl\/portal\/wp-content\/uploads\/2015\/09\/Casillero1.jpg"},"modified":"2015-09-09T09:29:56","modified_gmt":"2015-09-09T12:29:56","slug":"casillero1","status":"inherit","type":"attachment","link":"https:\/\/eltrabajo.cl\/portal\/nos-sirvio-como-bombero-por-15-anos-y-ahora-necesita-nuestra-ayuda\/casillero1\/","title":{"rendered":"Casillero1"},"author":482,"featured_media":0,"comment_status":"open","ping_status":"closed","template":"","meta":{"advanced_seo_description":"","jetpack_seo_html_title":"","jetpack_seo_noindex":false},"class_list":["post-61830","attachment","type-attachment","status-inherit","hentry"],"jetpack_sharing_enabled":true,"jetpack_likes_enabled":true,"description":{"rendered":"<p class=\"attachment\"><a href=\"https:\/\/i0.wp.com\/eltrabajo.cl\/portal\/wp-content\/uploads\/2015\/09\/Casillero1.jpg?ssl=1\"><img loading=\"lazy\" decoding=\"async\" width=\"300\" height=\"197\" src=\"https:\/\/i0.wp.com\/eltrabajo.cl\/portal\/wp-content\/uploads\/2015\/09\/Casillero1.jpg?fit=300%2C197&amp;ssl=1\" class=\"attachment-medium size-medium\" alt=\"MUCHO TALENTO.- Este organigrama con los nombres y fotos de cada bombero, fue hecho por Carlos Camu. Lo muestran a Diario El Trabajo sus compa\u00f1eros de labores.\" srcset=\"https:\/\/i0.wp.com\/eltrabajo.cl\/portal\/wp-content\/uploads\/2015\/09\/Casillero1.jpg?w=530&amp;ssl=1 530w, https:\/\/i0.wp.com\/eltrabajo.cl\/portal\/wp-content\/uploads\/2015\/09\/Casillero1.jpg?resize=200%2C131&amp;ssl=1 200w, https:\/\/i0.wp.com\/eltrabajo.cl\/portal\/wp-content\/uploads\/2015\/09\/Casillero1.jpg?resize=300%2C197&amp;ssl=1 300w, https:\/\/i0.wp.com\/eltrabajo.cl\/portal\/wp-content\/uploads\/2015\/09\/Casillero1.jpg?resize=228%2C150&amp;ssl=1 228w, https:\/\/i0.wp.com\/eltrabajo.cl\/portal\/wp-content\/uploads\/2015\/09\/Casillero1.jpg?resize=400%2C263&amp;ssl=1 400w\" sizes=\"auto, (max-width: 300px) 100vw, 300px\" \/><\/a><\/p>\n<p>MUCHO TALENTO.- Este organigrama con los nombres y fotos de cada bombero, fue hecho por Carlos Camu. Lo muestran a Diario El Trabajo sus compa\u00f1eros de labores.<\/p>\n"},"caption":{"rendered":"<p>SU CASILLERO.- El jefe de la 1\u00aa Compa\u00f1\u00eda de Bomberos, Hern\u00e1n Herrera, muestra a Diario El Trabajo el casillero vac\u00edo que usaba Carlos Camu. Cada Bingo te da derecho a diez juegos, tiene un valor de $2.000 y se realizar\u00e1 este s\u00e1bado desde las 18:00 horas en dependencias de la 2\u00aa Compa\u00f1\u00eda, Tacna Norte 22, antiguo matadero.<\/p>\n"},"alt_text":"MUCHO TALENTO.- Este organigrama con los nombres y fotos de cada bombero, fue hecho por Carlos Camu. Lo muestran a Diario El Trabajo sus compa\u00f1eros de labores.","media_type":"image","mime_type":"image\/jpeg","media_details":{"width":530,"height":348,"file":"2015\/09\/Casillero1.jpg","sizes":{"thumbnail":{"file":"Casillero1-200x131.jpg","width":200,"height":131,"mime_type":"image\/jpeg","source_url":"https:\/\/i0.wp.com\/eltrabajo.cl\/portal\/wp-content\/uploads\/2015\/09\/Casillero1.jpg?fit=200%2C131&ssl=1"},"medium":{"file":"Casillero1-300x197.jpg","width":300,"height":197,"mime_type":"image\/jpeg","source_url":"https:\/\/i0.wp.com\/eltrabajo.cl\/portal\/wp-content\/uploads\/2015\/09\/Casillero1.jpg?fit=300%2C197&ssl=1"},"post-thumbnail":{"file":"Casillero1-228x150.jpg","width":228,"height":150,"mime_type":"image\/jpeg","source_url":"https:\/\/i0.wp.com\/eltrabajo.cl\/portal\/wp-content\/uploads\/2015\/09\/Casillero1.jpg?fit=228%2C150&ssl=1"},"single-post-thumbnail":{"file":"Casillero1-400x263.jpg","width":400,"height":263,"mime_type":"image\/jpeg","source_url":"https:\/\/eltrabajo.cl\/portal\/wp-content\/uploads\/2015\/09\/Casillero1-400x263.jpg"},"wptouch-new-thumbnail":{"file":"Casillero1-144x144.jpg","width":144,"height":144,"mime_type":"image\/jpeg","source_url":"https:\/\/eltrabajo.cl\/portal\/wp-content\/uploads\/2015\/09\/Casillero1-144x144.jpg"},"full":{"file":"Casillero1.jpg?fit=530%2C348&ssl=1","width":530,"height":348,"mime_type":"image\/jpeg","source_url":"https:\/\/i0.wp.com\/eltrabajo.cl\/portal\/wp-content\/uploads\/2015\/09\/Casillero1.jpg?fit=530%2C348&ssl=1"}},"image_meta":{"aperture":0,"credit":"","camera":"","caption":"","created_timestamp":0,"copyright":"","focal_length":0,"iso":0,"shutter_speed":0,"title":"","orientation":0}},"post":61828,"source_url":"https:\/\/eltrabajo.cl\/portal\/wp-content\/uploads\/2015\/09\/Casillero1.jpg","_links":{"self":[{"href":"https:\/\/eltrabajo.cl\/portal\/wp-json\/wp\/v2\/media\/61830","targetHints":{"allow":["GET"]}}],"collection":[{"href":"https:\/\/eltrabajo.cl\/portal\/wp-json\/wp\/v2\/media"}],"about":[{"href":"https:\/\/eltrabajo.cl\/portal\/wp-json\/wp\/v2\/types\/attachment"}],"author":[{"embeddable":true,"href":"https:\/\/eltrabajo.cl\/portal\/wp-json\/wp\/v2\/users\/482"}],"replies":[{"embeddable":true,"href":"https:\/\/eltrabajo.cl\/portal\/wp-json\/wp\/v2\/comments?post=61830"}],"wp:attached-to":[{"embeddable":true,"post_type":"post","id":61828,"href":"https:\/\/eltrabajo.cl\/portal\/wp-json\/wp\/v2\/posts\/61828"}],"curies":[{"name":"wp","href":"https:\/\/api.w.org\/{rel}","templated":true}]}}

<p class="attachment"><a href="https://i0.wp.com/eltrabajo.cl/portal/wp-content/uploads/2015/09/Casillero1.jpg?ssl=1"><img loading="lazy" decoding="async" width="300" height="197" src="https://i0.wp.com/eltrabajo.cl/portal/wp-content/uploads/2015/09/Casillero1.jpg?fit=300%2C197&amp;ssl=1" class="attachment-medium size-medium" alt="MUCHO TALENTO.- Este organigrama con los nombres y fotos de cada bombero, fue hecho por Carlos Camu. Lo muestran a Diario El Trabajo sus compañeros de labores." srcset="https://i0.wp.com/eltrabajo.cl/portal/wp-content/uploads/2015/09/Casillero1.jpg?w=530&amp;ssl=1 530w, https://i0.wp.com/eltrabajo.cl/portal/wp-content/uploads/2015/09/Casillero1.jpg?resize=200%2C131&amp;ssl=1 200w, https://i0.wp.com/eltrabajo.cl/portal/wp-content/uploads/2015/09/Casillero1.jpg?resize=300%2C197&amp;ssl=1 300w, https://i0.wp.com/eltrabajo.cl/portal/wp-content/uploads/2015/09/Casillero1.jpg?resize=228%2C150&amp;ssl=1 228w, https://i0.wp.com/eltrabajo.cl/portal/wp-content/uploads/2015/09/Casillero1.jpg?resize=400%2C263&amp;ssl=1 400w" sizes="auto, (max-width: 300px) 100vw, 300px" /></a></p>
<p>MUCHO TALENTO.- Este organigrama con los nombres y fotos de cada bombero, fue hecho por Carlos Camu. Lo muestran a Diario El Trabajo sus compañeros de labores.</p>

<p>SU CASILLERO.- El jefe de la 1ª Compañía de Bomberos, Hernán Herrera, muestra a Diario El Trabajo el casillero vacío que usaba Carlos Camu. Cada Bingo te da derecho a diez juegos, tiene un valor de $2.000 y se realizará este sábado desde las 18:00 horas en dependencias de la 2ª Compañía, Tacna Norte 22, antiguo matadero.</p>

MUCHO TALENTO.- Este organigrama con los nombres y fotos de cada bombero, fue hecho por Carlos Camu. Lo muestran a Diario El Trabajo sus compañeros de labores.
