{"id":62116,"date":"2015-09-21T09:29:17","date_gmt":"2015-09-21T12:29:17","guid":{"rendered":"http:\/\/www.eltrabajo.cl\/portal\/wp-content\/uploads\/2015\/09\/Deum1.jpg"},"modified":"2015-09-21T09:29:31","modified_gmt":"2015-09-21T12:29:31","slug":"deum1","status":"inherit","type":"attachment","link":"https:\/\/eltrabajo.cl\/portal\/te-deum-y-esquinazo-celebrado-en-estas-fiestas-patrias\/deum1\/","title":{"rendered":"Deum1"},"author":482,"featured_media":0,"comment_status":"open","ping_status":"closed","template":"","meta":{"advanced_seo_description":"","jetpack_seo_html_title":"","jetpack_seo_noindex":false},"class_list":["post-62116","attachment","type-attachment","status-inherit","hentry"],"jetpack_sharing_enabled":true,"jetpack_likes_enabled":true,"description":{"rendered":"<p class=\"attachment\"><a href=\"https:\/\/i0.wp.com\/eltrabajo.cl\/portal\/wp-content\/uploads\/2015\/09\/Deum1.jpg?ssl=1\"><img loading=\"lazy\" decoding=\"async\" width=\"300\" height=\"198\" src=\"https:\/\/i0.wp.com\/eltrabajo.cl\/portal\/wp-content\/uploads\/2015\/09\/Deum1.jpg?fit=300%2C198&amp;ssl=1\" class=\"attachment-medium size-medium\" alt=\"LAS AUTORIDADES.- Al Te Deum asistieron los gobernadores Eduardo Le\u00f3n Lazcano Mar\u00eda Victoria Rodr\u00edguez, adem\u00e1s de los alcaldes Patricio Freire de San Felipe; Pedro Caballer\u00eda D\u00edaz de Rinconada y Claudio Zurita de Santa Mar\u00eda entre otros.\" srcset=\"https:\/\/i0.wp.com\/eltrabajo.cl\/portal\/wp-content\/uploads\/2015\/09\/Deum1.jpg?w=530&amp;ssl=1 530w, https:\/\/i0.wp.com\/eltrabajo.cl\/portal\/wp-content\/uploads\/2015\/09\/Deum1.jpg?resize=200%2C132&amp;ssl=1 200w, https:\/\/i0.wp.com\/eltrabajo.cl\/portal\/wp-content\/uploads\/2015\/09\/Deum1.jpg?resize=300%2C198&amp;ssl=1 300w, https:\/\/i0.wp.com\/eltrabajo.cl\/portal\/wp-content\/uploads\/2015\/09\/Deum1.jpg?resize=228%2C150&amp;ssl=1 228w, https:\/\/i0.wp.com\/eltrabajo.cl\/portal\/wp-content\/uploads\/2015\/09\/Deum1.jpg?resize=400%2C263&amp;ssl=1 400w\" sizes=\"auto, (max-width: 300px) 100vw, 300px\" \/><\/a><\/p>\n<p>LAS AUTORIDADES.- Al Te Deum asistieron los gobernadores Eduardo Le\u00f3n Lazcano Mar\u00eda Victoria Rodr\u00edguez, adem\u00e1s de los alcaldes Patricio Freire de San Felipe; Pedro Caballer\u00eda D\u00edaz de Rinconada y Claudio Zurita de Santa Mar\u00eda entre otros.<\/p>\n"},"caption":{"rendered":"<p>LAS AUTORIDADES.- Al Te Deum asistieron los gobernadores Eduardo Le\u00f3n Lazcano Mar\u00eda Victoria Rodr\u00edguez, adem\u00e1s de los alcaldes Patricio Freire de San Felipe; Pedro Caballer\u00eda D\u00edaz de Rinconada y Claudio Zurita de Santa Mar\u00eda entre otros.<\/p>\n"},"alt_text":"LAS AUTORIDADES.- Al Te Deum asistieron los gobernadores Eduardo Le\u00f3n Lazcano Mar\u00eda Victoria Rodr\u00edguez, adem\u00e1s de los alcaldes Patricio Freire de San Felipe; Pedro Caballer\u00eda D\u00edaz de Rinconada y Claudio Zurita de Santa Mar\u00eda entre otros.","media_type":"image","mime_type":"image\/jpeg","media_details":{"width":530,"height":349,"file":"2015\/09\/Deum1.jpg","sizes":{"thumbnail":{"file":"Deum1-200x132.jpg","width":200,"height":132,"mime_type":"image\/jpeg","source_url":"https:\/\/i0.wp.com\/eltrabajo.cl\/portal\/wp-content\/uploads\/2015\/09\/Deum1.jpg?fit=200%2C132&ssl=1"},"medium":{"file":"Deum1-300x198.jpg","width":300,"height":198,"mime_type":"image\/jpeg","source_url":"https:\/\/i0.wp.com\/eltrabajo.cl\/portal\/wp-content\/uploads\/2015\/09\/Deum1.jpg?fit=300%2C198&ssl=1"},"post-thumbnail":{"file":"Deum1-228x150.jpg","width":228,"height":150,"mime_type":"image\/jpeg","source_url":"https:\/\/i0.wp.com\/eltrabajo.cl\/portal\/wp-content\/uploads\/2015\/09\/Deum1.jpg?fit=228%2C150&ssl=1"},"single-post-thumbnail":{"file":"Deum1-400x263.jpg","width":400,"height":263,"mime_type":"image\/jpeg","source_url":"https:\/\/eltrabajo.cl\/portal\/wp-content\/uploads\/2015\/09\/Deum1-400x263.jpg"},"wptouch-new-thumbnail":{"file":"Deum1-144x144.jpg","width":144,"height":144,"mime_type":"image\/jpeg","source_url":"https:\/\/eltrabajo.cl\/portal\/wp-content\/uploads\/2015\/09\/Deum1-144x144.jpg"},"full":{"file":"Deum1.jpg?fit=530%2C349&ssl=1","width":530,"height":349,"mime_type":"image\/jpeg","source_url":"https:\/\/i0.wp.com\/eltrabajo.cl\/portal\/wp-content\/uploads\/2015\/09\/Deum1.jpg?fit=530%2C349&ssl=1"}},"image_meta":{"aperture":0,"credit":"","camera":"","caption":"","created_timestamp":0,"copyright":"","focal_length":0,"iso":0,"shutter_speed":0,"title":"","orientation":0}},"post":62114,"source_url":"https:\/\/eltrabajo.cl\/portal\/wp-content\/uploads\/2015\/09\/Deum1.jpg","_links":{"self":[{"href":"https:\/\/eltrabajo.cl\/portal\/wp-json\/wp\/v2\/media\/62116","targetHints":{"allow":["GET"]}}],"collection":[{"href":"https:\/\/eltrabajo.cl\/portal\/wp-json\/wp\/v2\/media"}],"about":[{"href":"https:\/\/eltrabajo.cl\/portal\/wp-json\/wp\/v2\/types\/attachment"}],"author":[{"embeddable":true,"href":"https:\/\/eltrabajo.cl\/portal\/wp-json\/wp\/v2\/users\/482"}],"replies":[{"embeddable":true,"href":"https:\/\/eltrabajo.cl\/portal\/wp-json\/wp\/v2\/comments?post=62116"}],"wp:attached-to":[{"embeddable":true,"post_type":"post","id":62114,"href":"https:\/\/eltrabajo.cl\/portal\/wp-json\/wp\/v2\/posts\/62114"}],"curies":[{"name":"wp","href":"https:\/\/api.w.org\/{rel}","templated":true}]}}

<p class="attachment"><a href="https://i0.wp.com/eltrabajo.cl/portal/wp-content/uploads/2015/09/Deum1.jpg?ssl=1"><img loading="lazy" decoding="async" width="300" height="198" src="https://i0.wp.com/eltrabajo.cl/portal/wp-content/uploads/2015/09/Deum1.jpg?fit=300%2C198&amp;ssl=1" class="attachment-medium size-medium" alt="LAS AUTORIDADES.- Al Te Deum asistieron los gobernadores Eduardo León Lazcano María Victoria Rodríguez, además de los alcaldes Patricio Freire de San Felipe; Pedro Caballería Díaz de Rinconada y Claudio Zurita de Santa María entre otros." srcset="https://i0.wp.com/eltrabajo.cl/portal/wp-content/uploads/2015/09/Deum1.jpg?w=530&amp;ssl=1 530w, https://i0.wp.com/eltrabajo.cl/portal/wp-content/uploads/2015/09/Deum1.jpg?resize=200%2C132&amp;ssl=1 200w, https://i0.wp.com/eltrabajo.cl/portal/wp-content/uploads/2015/09/Deum1.jpg?resize=300%2C198&amp;ssl=1 300w, https://i0.wp.com/eltrabajo.cl/portal/wp-content/uploads/2015/09/Deum1.jpg?resize=228%2C150&amp;ssl=1 228w, https://i0.wp.com/eltrabajo.cl/portal/wp-content/uploads/2015/09/Deum1.jpg?resize=400%2C263&amp;ssl=1 400w" sizes="auto, (max-width: 300px) 100vw, 300px" /></a></p>
<p>LAS AUTORIDADES.- Al Te Deum asistieron los gobernadores Eduardo León Lazcano María Victoria Rodríguez, además de los alcaldes Patricio Freire de San Felipe; Pedro Caballería Díaz de Rinconada y Claudio Zurita de Santa María entre otros.</p>

<p>LAS AUTORIDADES.- Al Te Deum asistieron los gobernadores Eduardo León Lazcano María Victoria Rodríguez, además de los alcaldes Patricio Freire de San Felipe; Pedro Caballería Díaz de Rinconada y Claudio Zurita de Santa María entre otros.</p>

LAS AUTORIDADES.- Al Te Deum asistieron los gobernadores Eduardo León Lazcano María Victoria Rodríguez, además de los alcaldes Patricio Freire de San Felipe; Pedro Caballería Díaz de Rinconada y Claudio Zurita de Santa María entre otros.
