{"id":62487,"date":"2015-10-01T09:21:49","date_gmt":"2015-10-01T12:21:49","guid":{"rendered":"http:\/\/www.eltrabajo.cl\/portal\/wp-content\/uploads\/2015\/10\/Jimena-Gonzalez.jpg"},"modified":"2015-10-01T09:22:13","modified_gmt":"2015-10-01T12:22:13","slug":"jimena-gonzalez","status":"inherit","type":"attachment","link":"https:\/\/eltrabajo.cl\/portal\/con-muestra-tecnologica-industrialinos-celebran-sus-74-anos\/jimena-gonzalez\/","title":{"rendered":"Jimena Gonzalez"},"author":482,"featured_media":0,"comment_status":"open","ping_status":"closed","template":"","meta":{"advanced_seo_description":"","jetpack_seo_html_title":"","jetpack_seo_noindex":false},"class_list":["post-62487","attachment","type-attachment","status-inherit","hentry"],"jetpack_sharing_enabled":true,"jetpack_likes_enabled":true,"description":{"rendered":"<p class=\"attachment\"><a href=\"https:\/\/i0.wp.com\/eltrabajo.cl\/portal\/wp-content\/uploads\/2015\/10\/Jimena-Gonzalez.jpg?ssl=1\"><img loading=\"lazy\" decoding=\"async\" width=\"300\" height=\"198\" src=\"https:\/\/i0.wp.com\/eltrabajo.cl\/portal\/wp-content\/uploads\/2015\/10\/Jimena-Gonzalez.jpg?fit=300%2C198&amp;ssl=1\" class=\"attachment-medium size-medium\" alt=\"BELLA BAILARINA.- Jimena Gonz\u00e1lez bail\u00f3 con su huaso varios pie de cueca, jornada que alegr\u00f3 mucho a los presentes.\" srcset=\"https:\/\/i0.wp.com\/eltrabajo.cl\/portal\/wp-content\/uploads\/2015\/10\/Jimena-Gonzalez.jpg?w=530&amp;ssl=1 530w, https:\/\/i0.wp.com\/eltrabajo.cl\/portal\/wp-content\/uploads\/2015\/10\/Jimena-Gonzalez.jpg?resize=200%2C132&amp;ssl=1 200w, https:\/\/i0.wp.com\/eltrabajo.cl\/portal\/wp-content\/uploads\/2015\/10\/Jimena-Gonzalez.jpg?resize=300%2C198&amp;ssl=1 300w, https:\/\/i0.wp.com\/eltrabajo.cl\/portal\/wp-content\/uploads\/2015\/10\/Jimena-Gonzalez.jpg?resize=227%2C150&amp;ssl=1 227w, https:\/\/i0.wp.com\/eltrabajo.cl\/portal\/wp-content\/uploads\/2015\/10\/Jimena-Gonzalez.jpg?resize=400%2C264&amp;ssl=1 400w\" sizes=\"auto, (max-width: 300px) 100vw, 300px\" \/><\/a><\/p>\n<p>BELLA BAILARINA.- Jimena Gonz\u00e1lez bail\u00f3 con su huaso varios pie de cueca, jornada que alegr\u00f3 mucho a los presentes.<\/p>\n"},"caption":{"rendered":"<p>BELLA BAILARINA.- Jimena Gonz\u00e1lez bail\u00f3 con su huaso varios pie de cueca, jornada que alegr\u00f3 mucho a los presentes.<\/p>\n"},"alt_text":"BELLA BAILARINA.- Jimena Gonz\u00e1lez bail\u00f3 con su huaso varios pie de cueca, jornada que alegr\u00f3 mucho a los presentes.","media_type":"image","mime_type":"image\/jpeg","media_details":{"width":530,"height":350,"file":"2015\/10\/Jimena-Gonzalez.jpg","sizes":{"thumbnail":{"file":"Jimena-Gonzalez-200x132.jpg","width":200,"height":132,"mime_type":"image\/jpeg","source_url":"https:\/\/i0.wp.com\/eltrabajo.cl\/portal\/wp-content\/uploads\/2015\/10\/Jimena-Gonzalez.jpg?fit=200%2C132&ssl=1"},"medium":{"file":"Jimena-Gonzalez-300x198.jpg","width":300,"height":198,"mime_type":"image\/jpeg","source_url":"https:\/\/i0.wp.com\/eltrabajo.cl\/portal\/wp-content\/uploads\/2015\/10\/Jimena-Gonzalez.jpg?fit=300%2C198&ssl=1"},"post-thumbnail":{"file":"Jimena-Gonzalez-227x150.jpg","width":227,"height":150,"mime_type":"image\/jpeg","source_url":"https:\/\/i0.wp.com\/eltrabajo.cl\/portal\/wp-content\/uploads\/2015\/10\/Jimena-Gonzalez.jpg?fit=227%2C150&ssl=1"},"single-post-thumbnail":{"file":"Jimena-Gonzalez-400x264.jpg","width":400,"height":264,"mime_type":"image\/jpeg","source_url":"https:\/\/eltrabajo.cl\/portal\/wp-content\/uploads\/2015\/10\/Jimena-Gonzalez-400x264.jpg"},"wptouch-new-thumbnail":{"file":"Jimena-Gonzalez-144x144.jpg","width":144,"height":144,"mime_type":"image\/jpeg","source_url":"https:\/\/eltrabajo.cl\/portal\/wp-content\/uploads\/2015\/10\/Jimena-Gonzalez-144x144.jpg"},"full":{"file":"Jimena-Gonzalez.jpg?fit=530%2C350&ssl=1","width":530,"height":350,"mime_type":"image\/jpeg","source_url":"https:\/\/i0.wp.com\/eltrabajo.cl\/portal\/wp-content\/uploads\/2015\/10\/Jimena-Gonzalez.jpg?fit=530%2C350&ssl=1"}},"image_meta":{"aperture":0,"credit":"","camera":"","caption":"","created_timestamp":0,"copyright":"","focal_length":0,"iso":0,"shutter_speed":0,"title":"","orientation":0}},"post":62482,"source_url":"https:\/\/eltrabajo.cl\/portal\/wp-content\/uploads\/2015\/10\/Jimena-Gonzalez.jpg","_links":{"self":[{"href":"https:\/\/eltrabajo.cl\/portal\/wp-json\/wp\/v2\/media\/62487","targetHints":{"allow":["GET"]}}],"collection":[{"href":"https:\/\/eltrabajo.cl\/portal\/wp-json\/wp\/v2\/media"}],"about":[{"href":"https:\/\/eltrabajo.cl\/portal\/wp-json\/wp\/v2\/types\/attachment"}],"author":[{"embeddable":true,"href":"https:\/\/eltrabajo.cl\/portal\/wp-json\/wp\/v2\/users\/482"}],"replies":[{"embeddable":true,"href":"https:\/\/eltrabajo.cl\/portal\/wp-json\/wp\/v2\/comments?post=62487"}],"wp:attached-to":[{"embeddable":true,"post_type":"post","id":62482,"href":"https:\/\/eltrabajo.cl\/portal\/wp-json\/wp\/v2\/posts\/62482"}],"curies":[{"name":"wp","href":"https:\/\/api.w.org\/{rel}","templated":true}]}}

<p class="attachment"><a href="https://i0.wp.com/eltrabajo.cl/portal/wp-content/uploads/2015/10/Jimena-Gonzalez.jpg?ssl=1"><img loading="lazy" decoding="async" width="300" height="198" src="https://i0.wp.com/eltrabajo.cl/portal/wp-content/uploads/2015/10/Jimena-Gonzalez.jpg?fit=300%2C198&amp;ssl=1" class="attachment-medium size-medium" alt="BELLA BAILARINA.- Jimena González bailó con su huaso varios pie de cueca, jornada que alegró mucho a los presentes." srcset="https://i0.wp.com/eltrabajo.cl/portal/wp-content/uploads/2015/10/Jimena-Gonzalez.jpg?w=530&amp;ssl=1 530w, https://i0.wp.com/eltrabajo.cl/portal/wp-content/uploads/2015/10/Jimena-Gonzalez.jpg?resize=200%2C132&amp;ssl=1 200w, https://i0.wp.com/eltrabajo.cl/portal/wp-content/uploads/2015/10/Jimena-Gonzalez.jpg?resize=300%2C198&amp;ssl=1 300w, https://i0.wp.com/eltrabajo.cl/portal/wp-content/uploads/2015/10/Jimena-Gonzalez.jpg?resize=227%2C150&amp;ssl=1 227w, https://i0.wp.com/eltrabajo.cl/portal/wp-content/uploads/2015/10/Jimena-Gonzalez.jpg?resize=400%2C264&amp;ssl=1 400w" sizes="auto, (max-width: 300px) 100vw, 300px" /></a></p>
<p>BELLA BAILARINA.- Jimena González bailó con su huaso varios pie de cueca, jornada que alegró mucho a los presentes.</p>

<p>BELLA BAILARINA.- Jimena González bailó con su huaso varios pie de cueca, jornada que alegró mucho a los presentes.</p>

BELLA BAILARINA.- Jimena González bailó con su huaso varios pie de cueca, jornada que alegró mucho a los presentes.
