{"id":62523,"date":"2015-10-01T09:41:15","date_gmt":"2015-10-01T12:41:15","guid":{"rendered":"http:\/\/www.eltrabajo.cl\/portal\/wp-content\/uploads\/2015\/10\/POLICIAS.jpg"},"modified":"2015-10-01T09:43:30","modified_gmt":"2015-10-01T12:43:30","slug":"policias","status":"inherit","type":"attachment","link":"https:\/\/eltrabajo.cl\/portal\/madre-estrangula-a-su-pequeno-hijo-e-intenta-suicidarse-con-farmacos\/policias\/","title":{"rendered":"POLICIAS"},"author":482,"featured_media":0,"comment_status":"open","ping_status":"closed","template":"","meta":{"advanced_seo_description":"","jetpack_seo_html_title":"","jetpack_seo_noindex":false},"class_list":["post-62523","attachment","type-attachment","status-inherit","hentry"],"jetpack_sharing_enabled":true,"jetpack_likes_enabled":true,"description":{"rendered":"<p class=\"attachment\"><a href=\"https:\/\/i0.wp.com\/eltrabajo.cl\/portal\/wp-content\/uploads\/2015\/10\/POLICIAS.jpg?ssl=1\"><img loading=\"lazy\" decoding=\"async\" width=\"300\" height=\"198\" src=\"https:\/\/i0.wp.com\/eltrabajo.cl\/portal\/wp-content\/uploads\/2015\/10\/POLICIAS.jpg?fit=300%2C198&amp;ssl=1\" class=\"attachment-medium size-medium\" alt=\"Un amplio operativo policial se despleg\u00f3 en la vivienda ubicada en el pasaje Los Jazmines de poblaci\u00f3n Santa Mar\u00eda tras el hallazgo del asesinato de un ni\u00f1o de 5 a\u00f1os. (Fotograf\u00eda Roberto Gonz\u00e1lez Short).\" srcset=\"https:\/\/i0.wp.com\/eltrabajo.cl\/portal\/wp-content\/uploads\/2015\/10\/POLICIAS.jpg?w=530&amp;ssl=1 530w, https:\/\/i0.wp.com\/eltrabajo.cl\/portal\/wp-content\/uploads\/2015\/10\/POLICIAS.jpg?resize=200%2C132&amp;ssl=1 200w, https:\/\/i0.wp.com\/eltrabajo.cl\/portal\/wp-content\/uploads\/2015\/10\/POLICIAS.jpg?resize=300%2C198&amp;ssl=1 300w, https:\/\/i0.wp.com\/eltrabajo.cl\/portal\/wp-content\/uploads\/2015\/10\/POLICIAS.jpg?resize=227%2C150&amp;ssl=1 227w, https:\/\/i0.wp.com\/eltrabajo.cl\/portal\/wp-content\/uploads\/2015\/10\/POLICIAS.jpg?resize=400%2C264&amp;ssl=1 400w\" sizes=\"auto, (max-width: 300px) 100vw, 300px\" \/><\/a><\/p>\n<p>Un amplio operativo policial se despleg\u00f3 en la vivienda ubicada en el pasaje Los Jazmines de poblaci\u00f3n Santa Mar\u00eda tras el hallazgo del asesinato de un ni\u00f1o de 5 a\u00f1os. (Fotograf\u00eda Roberto Gonz\u00e1lez Short).<\/p>\n"},"caption":{"rendered":"<p>Un amplio operativo policial se despleg\u00f3 en la vivienda ubicada en el pasaje Los Jazmines de poblaci\u00f3n Santa Mar\u00eda tras el hallazgo del asesinato de un ni\u00f1o de 5 a\u00f1os. (Fotograf\u00eda Roberto Gonz\u00e1lez Short).<\/p>\n"},"alt_text":"Un amplio operativo policial se despleg\u00f3 en la vivienda ubicada en el pasaje Los Jazmines de poblaci\u00f3n Santa Mar\u00eda tras el hallazgo del asesinato de un ni\u00f1o de 5 a\u00f1os. (Fotograf\u00eda Roberto Gonz\u00e1lez Short).","media_type":"image","mime_type":"image\/jpeg","media_details":{"width":530,"height":350,"file":"2015\/10\/POLICIAS.jpg","sizes":{"thumbnail":{"file":"POLICIAS-200x132.jpg","width":200,"height":132,"mime_type":"image\/jpeg","source_url":"https:\/\/i0.wp.com\/eltrabajo.cl\/portal\/wp-content\/uploads\/2015\/10\/POLICIAS.jpg?fit=200%2C132&ssl=1"},"medium":{"file":"POLICIAS-300x198.jpg","width":300,"height":198,"mime_type":"image\/jpeg","source_url":"https:\/\/i0.wp.com\/eltrabajo.cl\/portal\/wp-content\/uploads\/2015\/10\/POLICIAS.jpg?fit=300%2C198&ssl=1"},"post-thumbnail":{"file":"POLICIAS-227x150.jpg","width":227,"height":150,"mime_type":"image\/jpeg","source_url":"https:\/\/i0.wp.com\/eltrabajo.cl\/portal\/wp-content\/uploads\/2015\/10\/POLICIAS.jpg?fit=227%2C150&ssl=1"},"single-post-thumbnail":{"file":"POLICIAS-400x264.jpg","width":400,"height":264,"mime_type":"image\/jpeg","source_url":"https:\/\/eltrabajo.cl\/portal\/wp-content\/uploads\/2015\/10\/POLICIAS-400x264.jpg"},"wptouch-new-thumbnail":{"file":"POLICIAS-144x144.jpg","width":144,"height":144,"mime_type":"image\/jpeg","source_url":"https:\/\/eltrabajo.cl\/portal\/wp-content\/uploads\/2015\/10\/POLICIAS-144x144.jpg"},"full":{"file":"POLICIAS.jpg?fit=530%2C350&ssl=1","width":530,"height":350,"mime_type":"image\/jpeg","source_url":"https:\/\/i0.wp.com\/eltrabajo.cl\/portal\/wp-content\/uploads\/2015\/10\/POLICIAS.jpg?fit=530%2C350&ssl=1"}},"image_meta":{"aperture":0,"credit":"","camera":"","caption":"","created_timestamp":0,"copyright":"","focal_length":0,"iso":0,"shutter_speed":0,"title":"","orientation":0}},"post":62514,"source_url":"https:\/\/eltrabajo.cl\/portal\/wp-content\/uploads\/2015\/10\/POLICIAS.jpg","_links":{"self":[{"href":"https:\/\/eltrabajo.cl\/portal\/wp-json\/wp\/v2\/media\/62523","targetHints":{"allow":["GET"]}}],"collection":[{"href":"https:\/\/eltrabajo.cl\/portal\/wp-json\/wp\/v2\/media"}],"about":[{"href":"https:\/\/eltrabajo.cl\/portal\/wp-json\/wp\/v2\/types\/attachment"}],"author":[{"embeddable":true,"href":"https:\/\/eltrabajo.cl\/portal\/wp-json\/wp\/v2\/users\/482"}],"replies":[{"embeddable":true,"href":"https:\/\/eltrabajo.cl\/portal\/wp-json\/wp\/v2\/comments?post=62523"}],"wp:attached-to":[{"embeddable":true,"post_type":"post","id":62514,"href":"https:\/\/eltrabajo.cl\/portal\/wp-json\/wp\/v2\/posts\/62514"}],"curies":[{"name":"wp","href":"https:\/\/api.w.org\/{rel}","templated":true}]}}

<p class="attachment"><a href="https://i0.wp.com/eltrabajo.cl/portal/wp-content/uploads/2015/10/POLICIAS.jpg?ssl=1"><img loading="lazy" decoding="async" width="300" height="198" src="https://i0.wp.com/eltrabajo.cl/portal/wp-content/uploads/2015/10/POLICIAS.jpg?fit=300%2C198&amp;ssl=1" class="attachment-medium size-medium" alt="Un amplio operativo policial se desplegó en la vivienda ubicada en el pasaje Los Jazmines de población Santa María tras el hallazgo del asesinato de un niño de 5 años. (Fotografía Roberto González Short)." srcset="https://i0.wp.com/eltrabajo.cl/portal/wp-content/uploads/2015/10/POLICIAS.jpg?w=530&amp;ssl=1 530w, https://i0.wp.com/eltrabajo.cl/portal/wp-content/uploads/2015/10/POLICIAS.jpg?resize=200%2C132&amp;ssl=1 200w, https://i0.wp.com/eltrabajo.cl/portal/wp-content/uploads/2015/10/POLICIAS.jpg?resize=300%2C198&amp;ssl=1 300w, https://i0.wp.com/eltrabajo.cl/portal/wp-content/uploads/2015/10/POLICIAS.jpg?resize=227%2C150&amp;ssl=1 227w, https://i0.wp.com/eltrabajo.cl/portal/wp-content/uploads/2015/10/POLICIAS.jpg?resize=400%2C264&amp;ssl=1 400w" sizes="auto, (max-width: 300px) 100vw, 300px" /></a></p>
<p>Un amplio operativo policial se desplegó en la vivienda ubicada en el pasaje Los Jazmines de población Santa María tras el hallazgo del asesinato de un niño de 5 años. (Fotografía Roberto González Short).</p>

<p>Un amplio operativo policial se desplegó en la vivienda ubicada en el pasaje Los Jazmines de población Santa María tras el hallazgo del asesinato de un niño de 5 años. (Fotografía Roberto González Short).</p>

Un amplio operativo policial se desplegó en la vivienda ubicada en el pasaje Los Jazmines de población Santa María tras el hallazgo del asesinato de un niño de 5 años. (Fotografía Roberto González Short).
