{"id":63010,"date":"2015-10-19T09:49:20","date_gmt":"2015-10-19T12:49:20","guid":{"rendered":"http:\/\/www.eltrabajo.cl\/portal\/wp-content\/uploads\/2015\/10\/Minibus.jpg"},"modified":"2015-10-19T09:49:43","modified_gmt":"2015-10-19T12:49:43","slug":"minibus","status":"inherit","type":"attachment","link":"https:\/\/eltrabajo.cl\/portal\/fatal-accidente-vehicular-en-panquehue-deja-un-muerto-y-un-conductor-en-riesgo-vital\/minibus\/","title":{"rendered":"Minibus"},"author":482,"featured_media":0,"comment_status":"open","ping_status":"closed","template":"","meta":{"advanced_seo_description":"","jetpack_seo_html_title":"","jetpack_seo_noindex":false},"class_list":["post-63010","attachment","type-attachment","status-inherit","hentry"],"jetpack_sharing_enabled":true,"jetpack_likes_enabled":true,"description":{"rendered":"<p class=\"attachment\"><a href=\"https:\/\/i0.wp.com\/eltrabajo.cl\/portal\/wp-content\/uploads\/2015\/10\/Minibus.jpg?ssl=1\"><img loading=\"lazy\" decoding=\"async\" width=\"300\" height=\"197\" src=\"https:\/\/i0.wp.com\/eltrabajo.cl\/portal\/wp-content\/uploads\/2015\/10\/Minibus.jpg?fit=300%2C197&amp;ssl=1\" class=\"attachment-medium size-medium\" alt=\"El minib\u00fas marca Hyundai conducido por Rigoberto Rodr\u00edguez, quien result\u00f3 con lesiones de gravedad quedando con riesgo vital en el Hospital San Camilo de San Felipe.\" srcset=\"https:\/\/i0.wp.com\/eltrabajo.cl\/portal\/wp-content\/uploads\/2015\/10\/Minibus.jpg?w=530&amp;ssl=1 530w, https:\/\/i0.wp.com\/eltrabajo.cl\/portal\/wp-content\/uploads\/2015\/10\/Minibus.jpg?resize=200%2C131&amp;ssl=1 200w, https:\/\/i0.wp.com\/eltrabajo.cl\/portal\/wp-content\/uploads\/2015\/10\/Minibus.jpg?resize=300%2C197&amp;ssl=1 300w, https:\/\/i0.wp.com\/eltrabajo.cl\/portal\/wp-content\/uploads\/2015\/10\/Minibus.jpg?resize=228%2C150&amp;ssl=1 228w, https:\/\/i0.wp.com\/eltrabajo.cl\/portal\/wp-content\/uploads\/2015\/10\/Minibus.jpg?resize=400%2C263&amp;ssl=1 400w\" sizes=\"auto, (max-width: 300px) 100vw, 300px\" \/><\/a><\/p>\n<p>El minib\u00fas marca Hyundai conducido por Rigoberto Rodr\u00edguez, quien result\u00f3 con lesiones de gravedad quedando con riesgo vital en el Hospital San Camilo de San Felipe. <\/p>\n"},"caption":{"rendered":"<p>El minib\u00fas marca Hyundai conducido por Rigoberto Rodr\u00edguez, quien result\u00f3 con lesiones de gravedad quedando con riesgo vital en el Hospital San Camilo de San Felipe. <\/p>\n"},"alt_text":"El minib\u00fas marca Hyundai conducido por Rigoberto Rodr\u00edguez, quien result\u00f3 con lesiones de gravedad quedando con riesgo vital en el Hospital San Camilo de San Felipe.","media_type":"image","mime_type":"image\/jpeg","media_details":{"width":530,"height":348,"file":"2015\/10\/Minibus.jpg","sizes":{"thumbnail":{"file":"Minibus-200x131.jpg","width":200,"height":131,"mime_type":"image\/jpeg","source_url":"https:\/\/i0.wp.com\/eltrabajo.cl\/portal\/wp-content\/uploads\/2015\/10\/Minibus.jpg?fit=200%2C131&ssl=1"},"medium":{"file":"Minibus-300x197.jpg","width":300,"height":197,"mime_type":"image\/jpeg","source_url":"https:\/\/i0.wp.com\/eltrabajo.cl\/portal\/wp-content\/uploads\/2015\/10\/Minibus.jpg?fit=300%2C197&ssl=1"},"post-thumbnail":{"file":"Minibus-228x150.jpg","width":228,"height":150,"mime_type":"image\/jpeg","source_url":"https:\/\/i0.wp.com\/eltrabajo.cl\/portal\/wp-content\/uploads\/2015\/10\/Minibus.jpg?fit=228%2C150&ssl=1"},"single-post-thumbnail":{"file":"Minibus-400x263.jpg","width":400,"height":263,"mime_type":"image\/jpeg","source_url":"https:\/\/eltrabajo.cl\/portal\/wp-content\/uploads\/2015\/10\/Minibus-400x263.jpg"},"wptouch-new-thumbnail":{"file":"Minibus-144x144.jpg","width":144,"height":144,"mime_type":"image\/jpeg","source_url":"https:\/\/eltrabajo.cl\/portal\/wp-content\/uploads\/2015\/10\/Minibus-144x144.jpg"},"full":{"file":"Minibus.jpg?fit=530%2C348&ssl=1","width":530,"height":348,"mime_type":"image\/jpeg","source_url":"https:\/\/i0.wp.com\/eltrabajo.cl\/portal\/wp-content\/uploads\/2015\/10\/Minibus.jpg?fit=530%2C348&ssl=1"}},"image_meta":{"aperture":0,"credit":"","camera":"","caption":"","created_timestamp":0,"copyright":"","focal_length":0,"iso":0,"shutter_speed":0,"title":"","orientation":0}},"post":63007,"source_url":"https:\/\/eltrabajo.cl\/portal\/wp-content\/uploads\/2015\/10\/Minibus.jpg","_links":{"self":[{"href":"https:\/\/eltrabajo.cl\/portal\/wp-json\/wp\/v2\/media\/63010","targetHints":{"allow":["GET"]}}],"collection":[{"href":"https:\/\/eltrabajo.cl\/portal\/wp-json\/wp\/v2\/media"}],"about":[{"href":"https:\/\/eltrabajo.cl\/portal\/wp-json\/wp\/v2\/types\/attachment"}],"author":[{"embeddable":true,"href":"https:\/\/eltrabajo.cl\/portal\/wp-json\/wp\/v2\/users\/482"}],"replies":[{"embeddable":true,"href":"https:\/\/eltrabajo.cl\/portal\/wp-json\/wp\/v2\/comments?post=63010"}],"wp:attached-to":[{"embeddable":true,"post_type":"post","id":63007,"href":"https:\/\/eltrabajo.cl\/portal\/wp-json\/wp\/v2\/posts\/63007"}],"curies":[{"name":"wp","href":"https:\/\/api.w.org\/{rel}","templated":true}]}}

<p class="attachment"><a href="https://i0.wp.com/eltrabajo.cl/portal/wp-content/uploads/2015/10/Minibus.jpg?ssl=1"><img loading="lazy" decoding="async" width="300" height="197" src="https://i0.wp.com/eltrabajo.cl/portal/wp-content/uploads/2015/10/Minibus.jpg?fit=300%2C197&amp;ssl=1" class="attachment-medium size-medium" alt="El minibús marca Hyundai conducido por Rigoberto Rodríguez, quien resultó con lesiones de gravedad quedando con riesgo vital en el Hospital San Camilo de San Felipe." srcset="https://i0.wp.com/eltrabajo.cl/portal/wp-content/uploads/2015/10/Minibus.jpg?w=530&amp;ssl=1 530w, https://i0.wp.com/eltrabajo.cl/portal/wp-content/uploads/2015/10/Minibus.jpg?resize=200%2C131&amp;ssl=1 200w, https://i0.wp.com/eltrabajo.cl/portal/wp-content/uploads/2015/10/Minibus.jpg?resize=300%2C197&amp;ssl=1 300w, https://i0.wp.com/eltrabajo.cl/portal/wp-content/uploads/2015/10/Minibus.jpg?resize=228%2C150&amp;ssl=1 228w, https://i0.wp.com/eltrabajo.cl/portal/wp-content/uploads/2015/10/Minibus.jpg?resize=400%2C263&amp;ssl=1 400w" sizes="auto, (max-width: 300px) 100vw, 300px" /></a></p>
<p>El minibús marca Hyundai conducido por Rigoberto Rodríguez, quien resultó con lesiones de gravedad quedando con riesgo vital en el Hospital San Camilo de San Felipe. </p>

<p>El minibús marca Hyundai conducido por Rigoberto Rodríguez, quien resultó con lesiones de gravedad quedando con riesgo vital en el Hospital San Camilo de San Felipe. </p>

El minibús marca Hyundai conducido por Rigoberto Rodríguez, quien resultó con lesiones de gravedad quedando con riesgo vital en el Hospital San Camilo de San Felipe.
