{"id":63141,"date":"2015-10-23T09:20:43","date_gmt":"2015-10-23T12:20:43","guid":{"rendered":"http:\/\/www.eltrabajo.cl\/portal\/wp-content\/uploads\/2015\/10\/Alumnos1.jpg"},"modified":"2015-10-23T09:20:54","modified_gmt":"2015-10-23T12:20:54","slug":"alumnos1-3","status":"inherit","type":"attachment","link":"https:\/\/eltrabajo.cl\/portal\/profes-y-alumnos-de-la-escuela-manuel-rodriguez-en-busca-de-la-felicidad\/alumnos1-3\/","title":{"rendered":"Alumnos1"},"author":482,"featured_media":0,"comment_status":"open","ping_status":"closed","template":"","meta":{"advanced_seo_description":"","jetpack_seo_html_title":"","jetpack_seo_noindex":false},"class_list":["post-63141","attachment","type-attachment","status-inherit","hentry"],"jetpack_sharing_enabled":true,"jetpack_likes_enabled":true,"description":{"rendered":"<p class=\"attachment\"><a href=\"https:\/\/i0.wp.com\/eltrabajo.cl\/portal\/wp-content\/uploads\/2015\/10\/Alumnos1.jpg?ssl=1\"><img loading=\"lazy\" decoding=\"async\" width=\"300\" height=\"198\" src=\"https:\/\/i0.wp.com\/eltrabajo.cl\/portal\/wp-content\/uploads\/2015\/10\/Alumnos1.jpg?fit=300%2C198&amp;ssl=1\" class=\"attachment-medium size-medium\" alt=\"M\u00c1S FELICES.- Pareciera que los chicos de esta escuela sanfelipe\u00f1a poco a poco aprenden a sonre\u00edr al mundo, efecto del PEI implementado por sus profesores.\" srcset=\"https:\/\/i0.wp.com\/eltrabajo.cl\/portal\/wp-content\/uploads\/2015\/10\/Alumnos1.jpg?w=530&amp;ssl=1 530w, https:\/\/i0.wp.com\/eltrabajo.cl\/portal\/wp-content\/uploads\/2015\/10\/Alumnos1.jpg?resize=200%2C132&amp;ssl=1 200w, https:\/\/i0.wp.com\/eltrabajo.cl\/portal\/wp-content\/uploads\/2015\/10\/Alumnos1.jpg?resize=300%2C198&amp;ssl=1 300w, https:\/\/i0.wp.com\/eltrabajo.cl\/portal\/wp-content\/uploads\/2015\/10\/Alumnos1.jpg?resize=227%2C150&amp;ssl=1 227w, https:\/\/i0.wp.com\/eltrabajo.cl\/portal\/wp-content\/uploads\/2015\/10\/Alumnos1.jpg?resize=400%2C264&amp;ssl=1 400w\" sizes=\"auto, (max-width: 300px) 100vw, 300px\" \/><\/a><\/p>\n<p>M\u00c1S FELICES.- Pareciera que los chicos de esta escuela sanfelipe\u00f1a poco a poco aprenden a sonre\u00edr al mundo, efecto del PEI implementado por sus profesores.<\/p>\n"},"caption":{"rendered":"<p>M\u00c1S FELICES.- Pareciera que los chicos de esta escuela sanfelipe\u00f1a poco a poco aprenden a sonre\u00edr al mundo, efecto del PEI implementado por sus profesores.<\/p>\n"},"alt_text":"M\u00c1S FELICES.- Pareciera que los chicos de esta escuela sanfelipe\u00f1a poco a poco aprenden a sonre\u00edr al mundo, efecto del PEI implementado por sus profesores.","media_type":"image","mime_type":"image\/jpeg","media_details":{"width":530,"height":350,"file":"2015\/10\/Alumnos1.jpg","sizes":{"thumbnail":{"file":"Alumnos1-200x132.jpg","width":200,"height":132,"mime_type":"image\/jpeg","source_url":"https:\/\/i0.wp.com\/eltrabajo.cl\/portal\/wp-content\/uploads\/2015\/10\/Alumnos1.jpg?fit=200%2C132&ssl=1"},"medium":{"file":"Alumnos1-300x198.jpg","width":300,"height":198,"mime_type":"image\/jpeg","source_url":"https:\/\/i0.wp.com\/eltrabajo.cl\/portal\/wp-content\/uploads\/2015\/10\/Alumnos1.jpg?fit=300%2C198&ssl=1"},"post-thumbnail":{"file":"Alumnos1-227x150.jpg","width":227,"height":150,"mime_type":"image\/jpeg","source_url":"https:\/\/i0.wp.com\/eltrabajo.cl\/portal\/wp-content\/uploads\/2015\/10\/Alumnos1.jpg?fit=227%2C150&ssl=1"},"single-post-thumbnail":{"file":"Alumnos1-400x264.jpg","width":400,"height":264,"mime_type":"image\/jpeg","source_url":"https:\/\/eltrabajo.cl\/portal\/wp-content\/uploads\/2015\/10\/Alumnos1-400x264.jpg"},"wptouch-new-thumbnail":{"file":"Alumnos1-144x144.jpg","width":144,"height":144,"mime_type":"image\/jpeg","source_url":"https:\/\/eltrabajo.cl\/portal\/wp-content\/uploads\/2015\/10\/Alumnos1-144x144.jpg"},"full":{"file":"Alumnos1.jpg?fit=530%2C350&ssl=1","width":530,"height":350,"mime_type":"image\/jpeg","source_url":"https:\/\/i0.wp.com\/eltrabajo.cl\/portal\/wp-content\/uploads\/2015\/10\/Alumnos1.jpg?fit=530%2C350&ssl=1"}},"image_meta":{"aperture":0,"credit":"","camera":"","caption":"","created_timestamp":0,"copyright":"","focal_length":0,"iso":0,"shutter_speed":0,"title":"","orientation":0}},"post":63139,"source_url":"https:\/\/eltrabajo.cl\/portal\/wp-content\/uploads\/2015\/10\/Alumnos1.jpg","_links":{"self":[{"href":"https:\/\/eltrabajo.cl\/portal\/wp-json\/wp\/v2\/media\/63141","targetHints":{"allow":["GET"]}}],"collection":[{"href":"https:\/\/eltrabajo.cl\/portal\/wp-json\/wp\/v2\/media"}],"about":[{"href":"https:\/\/eltrabajo.cl\/portal\/wp-json\/wp\/v2\/types\/attachment"}],"author":[{"embeddable":true,"href":"https:\/\/eltrabajo.cl\/portal\/wp-json\/wp\/v2\/users\/482"}],"replies":[{"embeddable":true,"href":"https:\/\/eltrabajo.cl\/portal\/wp-json\/wp\/v2\/comments?post=63141"}],"wp:attached-to":[{"embeddable":true,"post_type":"post","id":63139,"href":"https:\/\/eltrabajo.cl\/portal\/wp-json\/wp\/v2\/posts\/63139"}],"curies":[{"name":"wp","href":"https:\/\/api.w.org\/{rel}","templated":true}]}}

<p class="attachment"><a href="https://i0.wp.com/eltrabajo.cl/portal/wp-content/uploads/2015/10/Alumnos1.jpg?ssl=1"><img loading="lazy" decoding="async" width="300" height="198" src="https://i0.wp.com/eltrabajo.cl/portal/wp-content/uploads/2015/10/Alumnos1.jpg?fit=300%2C198&amp;ssl=1" class="attachment-medium size-medium" alt="MÁS FELICES.- Pareciera que los chicos de esta escuela sanfelipeña poco a poco aprenden a sonreír al mundo, efecto del PEI implementado por sus profesores." srcset="https://i0.wp.com/eltrabajo.cl/portal/wp-content/uploads/2015/10/Alumnos1.jpg?w=530&amp;ssl=1 530w, https://i0.wp.com/eltrabajo.cl/portal/wp-content/uploads/2015/10/Alumnos1.jpg?resize=200%2C132&amp;ssl=1 200w, https://i0.wp.com/eltrabajo.cl/portal/wp-content/uploads/2015/10/Alumnos1.jpg?resize=300%2C198&amp;ssl=1 300w, https://i0.wp.com/eltrabajo.cl/portal/wp-content/uploads/2015/10/Alumnos1.jpg?resize=227%2C150&amp;ssl=1 227w, https://i0.wp.com/eltrabajo.cl/portal/wp-content/uploads/2015/10/Alumnos1.jpg?resize=400%2C264&amp;ssl=1 400w" sizes="auto, (max-width: 300px) 100vw, 300px" /></a></p>
<p>MÁS FELICES.- Pareciera que los chicos de esta escuela sanfelipeña poco a poco aprenden a sonreír al mundo, efecto del PEI implementado por sus profesores.</p>

<p>MÁS FELICES.- Pareciera que los chicos de esta escuela sanfelipeña poco a poco aprenden a sonreír al mundo, efecto del PEI implementado por sus profesores.</p>

MÁS FELICES.- Pareciera que los chicos de esta escuela sanfelipeña poco a poco aprenden a sonreír al mundo, efecto del PEI implementado por sus profesores.
