{"id":63142,"date":"2015-10-23T09:20:45","date_gmt":"2015-10-23T12:20:45","guid":{"rendered":"http:\/\/www.eltrabajo.cl\/portal\/wp-content\/uploads\/2015\/10\/Alumnos2.jpg"},"modified":"2015-10-23T09:21:02","modified_gmt":"2015-10-23T12:21:02","slug":"alumnos2","status":"inherit","type":"attachment","link":"https:\/\/eltrabajo.cl\/portal\/profes-y-alumnos-de-la-escuela-manuel-rodriguez-en-busca-de-la-felicidad\/alumnos2\/","title":{"rendered":"Alumnos2"},"author":482,"featured_media":0,"comment_status":"open","ping_status":"closed","template":"","meta":{"advanced_seo_description":"","jetpack_seo_html_title":"","jetpack_seo_noindex":false},"class_list":["post-63142","attachment","type-attachment","status-inherit","hentry"],"jetpack_sharing_enabled":true,"jetpack_likes_enabled":true,"description":{"rendered":"<p class=\"attachment\"><a href=\"https:\/\/i0.wp.com\/eltrabajo.cl\/portal\/wp-content\/uploads\/2015\/10\/Alumnos2.jpg?ssl=1\"><img loading=\"lazy\" decoding=\"async\" width=\"300\" height=\"199\" src=\"https:\/\/i0.wp.com\/eltrabajo.cl\/portal\/wp-content\/uploads\/2015\/10\/Alumnos2.jpg?fit=300%2C199&amp;ssl=1\" class=\"attachment-medium size-medium\" alt=\"MUY CERCANOS.- El \u00e9xito de los profesores a nivel educativo, se debe tambi\u00e9n a su cercan\u00eda con el alumnado.\" srcset=\"https:\/\/i0.wp.com\/eltrabajo.cl\/portal\/wp-content\/uploads\/2015\/10\/Alumnos2.jpg?w=528&amp;ssl=1 528w, https:\/\/i0.wp.com\/eltrabajo.cl\/portal\/wp-content\/uploads\/2015\/10\/Alumnos2.jpg?resize=200%2C133&amp;ssl=1 200w, https:\/\/i0.wp.com\/eltrabajo.cl\/portal\/wp-content\/uploads\/2015\/10\/Alumnos2.jpg?resize=300%2C199&amp;ssl=1 300w, https:\/\/i0.wp.com\/eltrabajo.cl\/portal\/wp-content\/uploads\/2015\/10\/Alumnos2.jpg?resize=226%2C150&amp;ssl=1 226w, https:\/\/i0.wp.com\/eltrabajo.cl\/portal\/wp-content\/uploads\/2015\/10\/Alumnos2.jpg?resize=400%2C265&amp;ssl=1 400w\" sizes=\"auto, (max-width: 300px) 100vw, 300px\" \/><\/a><\/p>\n<p>MUY CERCANOS.- El \u00e9xito de los profesores a nivel educativo, se debe tambi\u00e9n a su cercan\u00eda con el alumnado.<\/p>\n"},"caption":{"rendered":"<p>MUY CERCANOS.- El \u00e9xito de los profesores a nivel educativo, se debe tambi\u00e9n a su cercan\u00eda con el alumnado.<\/p>\n"},"alt_text":"MUY CERCANOS.- El \u00e9xito de los profesores a nivel educativo, se debe tambi\u00e9n a su cercan\u00eda con el alumnado.","media_type":"image","mime_type":"image\/jpeg","media_details":{"width":528,"height":350,"file":"2015\/10\/Alumnos2.jpg","sizes":{"thumbnail":{"file":"Alumnos2-200x133.jpg","width":200,"height":133,"mime_type":"image\/jpeg","source_url":"https:\/\/i0.wp.com\/eltrabajo.cl\/portal\/wp-content\/uploads\/2015\/10\/Alumnos2.jpg?fit=200%2C133&ssl=1"},"medium":{"file":"Alumnos2-300x199.jpg","width":300,"height":199,"mime_type":"image\/jpeg","source_url":"https:\/\/i0.wp.com\/eltrabajo.cl\/portal\/wp-content\/uploads\/2015\/10\/Alumnos2.jpg?fit=300%2C199&ssl=1"},"post-thumbnail":{"file":"Alumnos2-226x150.jpg","width":226,"height":150,"mime_type":"image\/jpeg","source_url":"https:\/\/i0.wp.com\/eltrabajo.cl\/portal\/wp-content\/uploads\/2015\/10\/Alumnos2.jpg?fit=226%2C150&ssl=1"},"single-post-thumbnail":{"file":"Alumnos2-400x265.jpg","width":400,"height":265,"mime_type":"image\/jpeg","source_url":"https:\/\/eltrabajo.cl\/portal\/wp-content\/uploads\/2015\/10\/Alumnos2-400x265.jpg"},"wptouch-new-thumbnail":{"file":"Alumnos2-144x144.jpg","width":144,"height":144,"mime_type":"image\/jpeg","source_url":"https:\/\/eltrabajo.cl\/portal\/wp-content\/uploads\/2015\/10\/Alumnos2-144x144.jpg"},"full":{"file":"Alumnos2.jpg?fit=528%2C350&ssl=1","width":528,"height":350,"mime_type":"image\/jpeg","source_url":"https:\/\/i0.wp.com\/eltrabajo.cl\/portal\/wp-content\/uploads\/2015\/10\/Alumnos2.jpg?fit=528%2C350&ssl=1"}},"image_meta":{"aperture":0,"credit":"","camera":"","caption":"","created_timestamp":0,"copyright":"","focal_length":0,"iso":0,"shutter_speed":0,"title":"","orientation":0}},"post":63139,"source_url":"https:\/\/eltrabajo.cl\/portal\/wp-content\/uploads\/2015\/10\/Alumnos2.jpg","_links":{"self":[{"href":"https:\/\/eltrabajo.cl\/portal\/wp-json\/wp\/v2\/media\/63142","targetHints":{"allow":["GET"]}}],"collection":[{"href":"https:\/\/eltrabajo.cl\/portal\/wp-json\/wp\/v2\/media"}],"about":[{"href":"https:\/\/eltrabajo.cl\/portal\/wp-json\/wp\/v2\/types\/attachment"}],"author":[{"embeddable":true,"href":"https:\/\/eltrabajo.cl\/portal\/wp-json\/wp\/v2\/users\/482"}],"replies":[{"embeddable":true,"href":"https:\/\/eltrabajo.cl\/portal\/wp-json\/wp\/v2\/comments?post=63142"}],"wp:attached-to":[{"embeddable":true,"post_type":"post","id":63139,"href":"https:\/\/eltrabajo.cl\/portal\/wp-json\/wp\/v2\/posts\/63139"}],"curies":[{"name":"wp","href":"https:\/\/api.w.org\/{rel}","templated":true}]}}

<p class="attachment"><a href="https://i0.wp.com/eltrabajo.cl/portal/wp-content/uploads/2015/10/Alumnos2.jpg?ssl=1"><img loading="lazy" decoding="async" width="300" height="199" src="https://i0.wp.com/eltrabajo.cl/portal/wp-content/uploads/2015/10/Alumnos2.jpg?fit=300%2C199&amp;ssl=1" class="attachment-medium size-medium" alt="MUY CERCANOS.- El éxito de los profesores a nivel educativo, se debe también a su cercanía con el alumnado." srcset="https://i0.wp.com/eltrabajo.cl/portal/wp-content/uploads/2015/10/Alumnos2.jpg?w=528&amp;ssl=1 528w, https://i0.wp.com/eltrabajo.cl/portal/wp-content/uploads/2015/10/Alumnos2.jpg?resize=200%2C133&amp;ssl=1 200w, https://i0.wp.com/eltrabajo.cl/portal/wp-content/uploads/2015/10/Alumnos2.jpg?resize=300%2C199&amp;ssl=1 300w, https://i0.wp.com/eltrabajo.cl/portal/wp-content/uploads/2015/10/Alumnos2.jpg?resize=226%2C150&amp;ssl=1 226w, https://i0.wp.com/eltrabajo.cl/portal/wp-content/uploads/2015/10/Alumnos2.jpg?resize=400%2C265&amp;ssl=1 400w" sizes="auto, (max-width: 300px) 100vw, 300px" /></a></p>
<p>MUY CERCANOS.- El éxito de los profesores a nivel educativo, se debe también a su cercanía con el alumnado.</p>

<p>MUY CERCANOS.- El éxito de los profesores a nivel educativo, se debe también a su cercanía con el alumnado.</p>

MUY CERCANOS.- El éxito de los profesores a nivel educativo, se debe también a su cercanía con el alumnado.
