{"id":64427,"date":"2015-12-02T15:41:07","date_gmt":"2015-12-02T18:41:07","guid":{"rendered":"http:\/\/www.eltrabajo.cl\/portal\/wp-content\/uploads\/2015\/12\/Donacion4.jpg"},"modified":"2015-12-02T15:42:00","modified_gmt":"2015-12-02T18:42:00","slug":"donacion4","status":"inherit","type":"attachment","link":"https:\/\/eltrabajo.cl\/portal\/fundacion-juan-lepe-dona-150-millones-a-cinco-escuelas-municipalizadas\/donacion4\/","title":{"rendered":"Donacion4"},"author":482,"featured_media":0,"comment_status":"open","ping_status":"closed","template":"","meta":{"advanced_seo_description":"","jetpack_seo_html_title":"","jetpack_seo_noindex":false},"class_list":["post-64427","attachment","type-attachment","status-inherit","hentry"],"jetpack_sharing_enabled":true,"jetpack_likes_enabled":true,"description":{"rendered":"<p class=\"attachment\"><a href=\"https:\/\/i0.wp.com\/eltrabajo.cl\/portal\/wp-content\/uploads\/2015\/12\/Donacion4.jpg?ssl=1\"><img loading=\"lazy\" decoding=\"async\" width=\"300\" height=\"198\" src=\"https:\/\/i0.wp.com\/eltrabajo.cl\/portal\/wp-content\/uploads\/2015\/12\/Donacion4.jpg?fit=300%2C198&amp;ssl=1\" class=\"attachment-medium size-medium\" alt=\"ALTRUISMO.- El Concejo Municipal de San Felipe, el Jefe Daem Iv\u00e1n Silva y el mismo alcalde Freire, entregaron un simb\u00f3lico obsequio a do\u00f1a Ver\u00f3nica Lepe, por tan altruista regal\u00eda a nuestros ni\u00f1os sanfelipe\u00f1os.\" srcset=\"https:\/\/i0.wp.com\/eltrabajo.cl\/portal\/wp-content\/uploads\/2015\/12\/Donacion4.jpg?w=530&amp;ssl=1 530w, https:\/\/i0.wp.com\/eltrabajo.cl\/portal\/wp-content\/uploads\/2015\/12\/Donacion4.jpg?resize=200%2C132&amp;ssl=1 200w, https:\/\/i0.wp.com\/eltrabajo.cl\/portal\/wp-content\/uploads\/2015\/12\/Donacion4.jpg?resize=300%2C198&amp;ssl=1 300w, https:\/\/i0.wp.com\/eltrabajo.cl\/portal\/wp-content\/uploads\/2015\/12\/Donacion4.jpg?resize=227%2C150&amp;ssl=1 227w, https:\/\/i0.wp.com\/eltrabajo.cl\/portal\/wp-content\/uploads\/2015\/12\/Donacion4.jpg?resize=400%2C264&amp;ssl=1 400w\" sizes=\"auto, (max-width: 300px) 100vw, 300px\" \/><\/a><\/p>\n<p>ALTRUISMO.- El Concejo Municipal de San Felipe, el Jefe Daem Iv\u00e1n Silva y el mismo alcalde Freire, entregaron un simb\u00f3lico obsequio a do\u00f1a Ver\u00f3nica Lepe, por tan altruista regal\u00eda a nuestros ni\u00f1os sanfelipe\u00f1os.<\/p>\n"},"caption":{"rendered":"<p>ALTRUISMO.- El Concejo Municipal de San Felipe, el Jefe Daem Iv\u00e1n Silva y el mismo alcalde Freire, entregaron un simb\u00f3lico obsequio a do\u00f1a Ver\u00f3nica Lepe, por tan altruista regal\u00eda a nuestros ni\u00f1os sanfelipe\u00f1os.<\/p>\n"},"alt_text":"ALTRUISMO.- El Concejo Municipal de San Felipe, el Jefe Daem Iv\u00e1n Silva y el mismo alcalde Freire, entregaron un simb\u00f3lico obsequio a do\u00f1a Ver\u00f3nica Lepe, por tan altruista regal\u00eda a nuestros ni\u00f1os sanfelipe\u00f1os.","media_type":"image","mime_type":"image\/jpeg","media_details":{"width":530,"height":350,"file":"2015\/12\/Donacion4.jpg","sizes":{"thumbnail":{"file":"Donacion4-200x132.jpg","width":200,"height":132,"mime_type":"image\/jpeg","source_url":"https:\/\/i0.wp.com\/eltrabajo.cl\/portal\/wp-content\/uploads\/2015\/12\/Donacion4.jpg?fit=200%2C132&ssl=1"},"medium":{"file":"Donacion4-300x198.jpg","width":300,"height":198,"mime_type":"image\/jpeg","source_url":"https:\/\/i0.wp.com\/eltrabajo.cl\/portal\/wp-content\/uploads\/2015\/12\/Donacion4.jpg?fit=300%2C198&ssl=1"},"post-thumbnail":{"file":"Donacion4-227x150.jpg","width":227,"height":150,"mime_type":"image\/jpeg","source_url":"https:\/\/i0.wp.com\/eltrabajo.cl\/portal\/wp-content\/uploads\/2015\/12\/Donacion4.jpg?fit=227%2C150&ssl=1"},"single-post-thumbnail":{"file":"Donacion4-400x264.jpg","width":400,"height":264,"mime_type":"image\/jpeg","source_url":"https:\/\/eltrabajo.cl\/portal\/wp-content\/uploads\/2015\/12\/Donacion4-400x264.jpg"},"wptouch-new-thumbnail":{"file":"Donacion4-144x144.jpg","width":144,"height":144,"mime_type":"image\/jpeg","source_url":"https:\/\/eltrabajo.cl\/portal\/wp-content\/uploads\/2015\/12\/Donacion4-144x144.jpg"},"full":{"file":"Donacion4.jpg?fit=530%2C350&ssl=1","width":530,"height":350,"mime_type":"image\/jpeg","source_url":"https:\/\/i0.wp.com\/eltrabajo.cl\/portal\/wp-content\/uploads\/2015\/12\/Donacion4.jpg?fit=530%2C350&ssl=1"}},"image_meta":{"aperture":0,"credit":"","camera":"","caption":"","created_timestamp":0,"copyright":"","focal_length":0,"iso":0,"shutter_speed":0,"title":"","orientation":0}},"post":64422,"source_url":"https:\/\/eltrabajo.cl\/portal\/wp-content\/uploads\/2015\/12\/Donacion4.jpg","_links":{"self":[{"href":"https:\/\/eltrabajo.cl\/portal\/wp-json\/wp\/v2\/media\/64427","targetHints":{"allow":["GET"]}}],"collection":[{"href":"https:\/\/eltrabajo.cl\/portal\/wp-json\/wp\/v2\/media"}],"about":[{"href":"https:\/\/eltrabajo.cl\/portal\/wp-json\/wp\/v2\/types\/attachment"}],"author":[{"embeddable":true,"href":"https:\/\/eltrabajo.cl\/portal\/wp-json\/wp\/v2\/users\/482"}],"replies":[{"embeddable":true,"href":"https:\/\/eltrabajo.cl\/portal\/wp-json\/wp\/v2\/comments?post=64427"}],"wp:attached-to":[{"embeddable":true,"post_type":"post","id":64422,"href":"https:\/\/eltrabajo.cl\/portal\/wp-json\/wp\/v2\/posts\/64422"}],"curies":[{"name":"wp","href":"https:\/\/api.w.org\/{rel}","templated":true}]}}

<p class="attachment"><a href="https://i0.wp.com/eltrabajo.cl/portal/wp-content/uploads/2015/12/Donacion4.jpg?ssl=1"><img loading="lazy" decoding="async" width="300" height="198" src="https://i0.wp.com/eltrabajo.cl/portal/wp-content/uploads/2015/12/Donacion4.jpg?fit=300%2C198&amp;ssl=1" class="attachment-medium size-medium" alt="ALTRUISMO.- El Concejo Municipal de San Felipe, el Jefe Daem Iván Silva y el mismo alcalde Freire, entregaron un simbólico obsequio a doña Verónica Lepe, por tan altruista regalía a nuestros niños sanfelipeños." srcset="https://i0.wp.com/eltrabajo.cl/portal/wp-content/uploads/2015/12/Donacion4.jpg?w=530&amp;ssl=1 530w, https://i0.wp.com/eltrabajo.cl/portal/wp-content/uploads/2015/12/Donacion4.jpg?resize=200%2C132&amp;ssl=1 200w, https://i0.wp.com/eltrabajo.cl/portal/wp-content/uploads/2015/12/Donacion4.jpg?resize=300%2C198&amp;ssl=1 300w, https://i0.wp.com/eltrabajo.cl/portal/wp-content/uploads/2015/12/Donacion4.jpg?resize=227%2C150&amp;ssl=1 227w, https://i0.wp.com/eltrabajo.cl/portal/wp-content/uploads/2015/12/Donacion4.jpg?resize=400%2C264&amp;ssl=1 400w" sizes="auto, (max-width: 300px) 100vw, 300px" /></a></p>
<p>ALTRUISMO.- El Concejo Municipal de San Felipe, el Jefe Daem Iván Silva y el mismo alcalde Freire, entregaron un simbólico obsequio a doña Verónica Lepe, por tan altruista regalía a nuestros niños sanfelipeños.</p>

<p>ALTRUISMO.- El Concejo Municipal de San Felipe, el Jefe Daem Iván Silva y el mismo alcalde Freire, entregaron un simbólico obsequio a doña Verónica Lepe, por tan altruista regalía a nuestros niños sanfelipeños.</p>

ALTRUISMO.- El Concejo Municipal de San Felipe, el Jefe Daem Iván Silva y el mismo alcalde Freire, entregaron un simbólico obsequio a doña Verónica Lepe, por tan altruista regalía a nuestros niños sanfelipeños.
