{"id":64446,"date":"2015-12-03T15:38:06","date_gmt":"2015-12-03T18:38:06","guid":{"rendered":"http:\/\/www.eltrabajo.cl\/portal\/wp-content\/uploads\/2015\/12\/Higuera1.jpg"},"modified":"2015-12-03T15:38:32","modified_gmt":"2015-12-03T18:38:32","slug":"higuera1-5","status":"inherit","type":"attachment","link":"https:\/\/eltrabajo.cl\/portal\/peques-del-dario-salas-ganan-campeonato-de-mini-balonmano\/higuera1-5\/","title":{"rendered":"Higuera1"},"author":482,"featured_media":0,"comment_status":"open","ping_status":"closed","template":"","meta":{"advanced_seo_description":"","jetpack_seo_html_title":"","jetpack_seo_noindex":false},"class_list":["post-64446","attachment","type-attachment","status-inherit","hentry"],"jetpack_sharing_enabled":true,"jetpack_likes_enabled":true,"description":{"rendered":"<p class=\"attachment\"><a href=\"https:\/\/i0.wp.com\/eltrabajo.cl\/portal\/wp-content\/uploads\/2015\/12\/Higuera1.jpg?ssl=1\"><img loading=\"lazy\" decoding=\"async\" width=\"300\" height=\"197\" src=\"https:\/\/i0.wp.com\/eltrabajo.cl\/portal\/wp-content\/uploads\/2015\/12\/Higuera1.jpg?fit=300%2C197&amp;ssl=1\" class=\"attachment-medium size-medium\" alt=\"LA HIGUERA.- Aqu\u00ed tenemos a los peques de La Higuera, tambi\u00e9n lucharon por el t\u00edtulo, pero no lo lograron.\" srcset=\"https:\/\/i0.wp.com\/eltrabajo.cl\/portal\/wp-content\/uploads\/2015\/12\/Higuera1.jpg?w=530&amp;ssl=1 530w, https:\/\/i0.wp.com\/eltrabajo.cl\/portal\/wp-content\/uploads\/2015\/12\/Higuera1.jpg?resize=200%2C131&amp;ssl=1 200w, https:\/\/i0.wp.com\/eltrabajo.cl\/portal\/wp-content\/uploads\/2015\/12\/Higuera1.jpg?resize=300%2C197&amp;ssl=1 300w, https:\/\/i0.wp.com\/eltrabajo.cl\/portal\/wp-content\/uploads\/2015\/12\/Higuera1.jpg?resize=228%2C150&amp;ssl=1 228w, https:\/\/i0.wp.com\/eltrabajo.cl\/portal\/wp-content\/uploads\/2015\/12\/Higuera1.jpg?resize=400%2C263&amp;ssl=1 400w\" sizes=\"auto, (max-width: 300px) 100vw, 300px\" \/><\/a><\/p>\n<p>LA HIGUERA.- Aqu\u00ed tenemos a los peques de La Higuera, tambi\u00e9n lucharon por el t\u00edtulo, pero no lo lograron.<\/p>\n"},"caption":{"rendered":"<p>LA HIGUERA.- Aqu\u00ed tenemos a los peques de La Higuera, tambi\u00e9n lucharon por el t\u00edtulo, pero no lo lograron.<\/p>\n"},"alt_text":"LA HIGUERA.- Aqu\u00ed tenemos a los peques de La Higuera, tambi\u00e9n lucharon por el t\u00edtulo, pero no lo lograron.","media_type":"image","mime_type":"image\/jpeg","media_details":{"width":530,"height":348,"file":"2015\/12\/Higuera1.jpg","sizes":{"thumbnail":{"file":"Higuera1-200x131.jpg","width":200,"height":131,"mime_type":"image\/jpeg","source_url":"https:\/\/i0.wp.com\/eltrabajo.cl\/portal\/wp-content\/uploads\/2015\/12\/Higuera1.jpg?fit=200%2C131&ssl=1"},"medium":{"file":"Higuera1-300x197.jpg","width":300,"height":197,"mime_type":"image\/jpeg","source_url":"https:\/\/i0.wp.com\/eltrabajo.cl\/portal\/wp-content\/uploads\/2015\/12\/Higuera1.jpg?fit=300%2C197&ssl=1"},"post-thumbnail":{"file":"Higuera1-228x150.jpg","width":228,"height":150,"mime_type":"image\/jpeg","source_url":"https:\/\/i0.wp.com\/eltrabajo.cl\/portal\/wp-content\/uploads\/2015\/12\/Higuera1.jpg?fit=228%2C150&ssl=1"},"single-post-thumbnail":{"file":"Higuera1-400x263.jpg","width":400,"height":263,"mime_type":"image\/jpeg","source_url":"https:\/\/eltrabajo.cl\/portal\/wp-content\/uploads\/2015\/12\/Higuera1-400x263.jpg"},"full":{"file":"Higuera1.jpg?fit=530%2C348&ssl=1","width":530,"height":348,"mime_type":"image\/jpeg","source_url":"https:\/\/i0.wp.com\/eltrabajo.cl\/portal\/wp-content\/uploads\/2015\/12\/Higuera1.jpg?fit=530%2C348&ssl=1"}},"image_meta":{"aperture":0,"credit":"","camera":"","caption":"","created_timestamp":0,"copyright":"","focal_length":0,"iso":0,"shutter_speed":0,"title":"","orientation":0}},"post":64443,"source_url":"https:\/\/eltrabajo.cl\/portal\/wp-content\/uploads\/2015\/12\/Higuera1.jpg","_links":{"self":[{"href":"https:\/\/eltrabajo.cl\/portal\/wp-json\/wp\/v2\/media\/64446","targetHints":{"allow":["GET"]}}],"collection":[{"href":"https:\/\/eltrabajo.cl\/portal\/wp-json\/wp\/v2\/media"}],"about":[{"href":"https:\/\/eltrabajo.cl\/portal\/wp-json\/wp\/v2\/types\/attachment"}],"author":[{"embeddable":true,"href":"https:\/\/eltrabajo.cl\/portal\/wp-json\/wp\/v2\/users\/482"}],"replies":[{"embeddable":true,"href":"https:\/\/eltrabajo.cl\/portal\/wp-json\/wp\/v2\/comments?post=64446"}],"wp:attached-to":[{"embeddable":true,"post_type":"post","id":64443,"href":"https:\/\/eltrabajo.cl\/portal\/wp-json\/wp\/v2\/posts\/64443"}],"curies":[{"name":"wp","href":"https:\/\/api.w.org\/{rel}","templated":true}]}}

<p class="attachment"><a href="https://i0.wp.com/eltrabajo.cl/portal/wp-content/uploads/2015/12/Higuera1.jpg?ssl=1"><img loading="lazy" decoding="async" width="300" height="197" src="https://i0.wp.com/eltrabajo.cl/portal/wp-content/uploads/2015/12/Higuera1.jpg?fit=300%2C197&amp;ssl=1" class="attachment-medium size-medium" alt="LA HIGUERA.- Aquí tenemos a los peques de La Higuera, también lucharon por el título, pero no lo lograron." srcset="https://i0.wp.com/eltrabajo.cl/portal/wp-content/uploads/2015/12/Higuera1.jpg?w=530&amp;ssl=1 530w, https://i0.wp.com/eltrabajo.cl/portal/wp-content/uploads/2015/12/Higuera1.jpg?resize=200%2C131&amp;ssl=1 200w, https://i0.wp.com/eltrabajo.cl/portal/wp-content/uploads/2015/12/Higuera1.jpg?resize=300%2C197&amp;ssl=1 300w, https://i0.wp.com/eltrabajo.cl/portal/wp-content/uploads/2015/12/Higuera1.jpg?resize=228%2C150&amp;ssl=1 228w, https://i0.wp.com/eltrabajo.cl/portal/wp-content/uploads/2015/12/Higuera1.jpg?resize=400%2C263&amp;ssl=1 400w" sizes="auto, (max-width: 300px) 100vw, 300px" /></a></p>
<p>LA HIGUERA.- Aquí tenemos a los peques de La Higuera, también lucharon por el título, pero no lo lograron.</p>

<p>LA HIGUERA.- Aquí tenemos a los peques de La Higuera, también lucharon por el título, pero no lo lograron.</p>

LA HIGUERA.- Aquí tenemos a los peques de La Higuera, también lucharon por el título, pero no lo lograron.
