{"id":64539,"date":"2015-12-04T14:39:29","date_gmt":"2015-12-04T17:39:29","guid":{"rendered":"http:\/\/www.eltrabajo.cl\/portal\/wp-content\/uploads\/2015\/12\/FOTO-4-Andres-Jil-Galvez-Jefe-de-Carrera-Pedagogia-en-Educaci\u00f3n-Diferencial-de-la-UPLA.jpg"},"modified":"2015-12-04T14:39:53","modified_gmt":"2015-12-04T17:39:53","slug":"foto-4-andres-jil-galvez-jefe-de-carrera-pedagogia-en-educacion-diferencial-de-la-upla","status":"inherit","type":"attachment","link":"https:\/\/eltrabajo.cl\/portal\/conversatorio-sobre-inclusion-y-discapacidad-conto-con-numerosa-participacion-comunal\/foto-4-andres-jil-galvez-jefe-de-carrera-pedagogia-en-educacion-diferencial-de-la-upla\/","title":{"rendered":"FOTO 4 Andres Jil Galvez Jefe de Carrera Pedagogia en Educaci\u00f3n Diferencial de la UPLA"},"author":482,"featured_media":0,"comment_status":"open","ping_status":"closed","template":"","meta":{"advanced_seo_description":"","jetpack_seo_html_title":"","jetpack_seo_noindex":false},"class_list":["post-64539","attachment","type-attachment","status-inherit","hentry"],"jetpack_sharing_enabled":true,"jetpack_likes_enabled":true,"description":{"rendered":"<p class=\"attachment\"><a href=\"https:\/\/i0.wp.com\/eltrabajo.cl\/portal\/wp-content\/uploads\/2015\/12\/FOTO-4-Andres-Jil-Galvez-Jefe-de-Carrera-Pedagogia-en-Educaci%C3%B3n-Diferencial-de-la-UPLA.jpg?ssl=1\"><img loading=\"lazy\" decoding=\"async\" width=\"300\" height=\"197\" src=\"https:\/\/i0.wp.com\/eltrabajo.cl\/portal\/wp-content\/uploads\/2015\/12\/FOTO-4-Andres-Jil-Galvez-Jefe-de-Carrera-Pedagogia-en-Educaci%C3%B3n-Diferencial-de-la-UPLA.jpg?fit=300%2C197&amp;ssl=1\" class=\"attachment-medium size-medium\" alt=\"Andr\u00e9s Jil G\u00e1lez, Jefe de Carrera Pedagog\u00eda en Educaci\u00f3n Diferencial de la Upla\" \/><\/a><\/p>\n<p>Andr\u00e9s Jil G\u00e1lez, Jefe de Carrera Pedagog\u00eda en Educaci\u00f3n Diferencial de la Upla<\/p>\n"},"caption":{"rendered":"<p>Andr\u00e9s Jil G\u00e1lez, Jefe de Carrera Pedagog\u00eda en Educaci\u00f3n Diferencial de la Upla<\/p>\n"},"alt_text":"Andr\u00e9s Jil G\u00e1lez, Jefe de Carrera Pedagog\u00eda en Educaci\u00f3n Diferencial de la Upla","media_type":"image","mime_type":"image\/jpeg","media_details":{"width":530,"height":348,"file":"2015\/12\/FOTO-4-Andres-Jil-Galvez-Jefe-de-Carrera-Pedagogia-en-Educaci\u00f3n-Diferencial-de-la-UPLA.jpg","sizes":{"thumbnail":{"file":"FOTO-4-Andres-Jil-Galvez-Jefe-de-Carrera-Pedagogia-en-Educaci\u00f3n-Diferencial-de-la-UPLA-200x131.jpg","width":200,"height":131,"mime_type":"image\/jpeg","source_url":"https:\/\/i0.wp.com\/eltrabajo.cl\/portal\/wp-content\/uploads\/2015\/12\/FOTO-4-Andres-Jil-Galvez-Jefe-de-Carrera-Pedagogia-en-Educaci%C3%B3n-Diferencial-de-la-UPLA.jpg?fit=200%2C131&ssl=1"},"medium":{"file":"FOTO-4-Andres-Jil-Galvez-Jefe-de-Carrera-Pedagogia-en-Educaci\u00f3n-Diferencial-de-la-UPLA-300x197.jpg","width":300,"height":197,"mime_type":"image\/jpeg","source_url":"https:\/\/i0.wp.com\/eltrabajo.cl\/portal\/wp-content\/uploads\/2015\/12\/FOTO-4-Andres-Jil-Galvez-Jefe-de-Carrera-Pedagogia-en-Educaci%C3%B3n-Diferencial-de-la-UPLA.jpg?fit=300%2C197&ssl=1"},"post-thumbnail":{"file":"FOTO-4-Andres-Jil-Galvez-Jefe-de-Carrera-Pedagogia-en-Educaci\u00f3n-Diferencial-de-la-UPLA-228x150.jpg","width":228,"height":150,"mime_type":"image\/jpeg","source_url":"https:\/\/i0.wp.com\/eltrabajo.cl\/portal\/wp-content\/uploads\/2015\/12\/FOTO-4-Andres-Jil-Galvez-Jefe-de-Carrera-Pedagogia-en-Educaci%C3%B3n-Diferencial-de-la-UPLA.jpg?fit=228%2C150&ssl=1"},"single-post-thumbnail":{"file":"FOTO-4-Andres-Jil-Galvez-Jefe-de-Carrera-Pedagogia-en-Educaci\u00f3n-Diferencial-de-la-UPLA-400x263.jpg","width":400,"height":263,"mime_type":"image\/jpeg","source_url":"https:\/\/eltrabajo.cl\/portal\/wp-content\/uploads\/2015\/12\/FOTO-4-Andres-Jil-Galvez-Jefe-de-Carrera-Pedagogia-en-Educaci\u00f3n-Diferencial-de-la-UPLA-400x263.jpg"},"full":{"file":"FOTO-4-Andres-Jil-Galvez-Jefe-de-Carrera-Pedagogia-en-Educaci%C3%B3n-Diferencial-de-la-UPLA.jpg?fit=530%2C348&ssl=1","width":530,"height":348,"mime_type":"image\/jpeg","source_url":"https:\/\/i0.wp.com\/eltrabajo.cl\/portal\/wp-content\/uploads\/2015\/12\/FOTO-4-Andres-Jil-Galvez-Jefe-de-Carrera-Pedagogia-en-Educaci%C3%B3n-Diferencial-de-la-UPLA.jpg?fit=530%2C348&ssl=1"}},"image_meta":{"aperture":0,"credit":"","camera":"","caption":"","created_timestamp":0,"copyright":"Copyright 2012","focal_length":0,"iso":0,"shutter_speed":0,"title":"","orientation":0}},"post":64537,"source_url":"https:\/\/eltrabajo.cl\/portal\/wp-content\/uploads\/2015\/12\/FOTO-4-Andres-Jil-Galvez-Jefe-de-Carrera-Pedagogia-en-Educaci\u00f3n-Diferencial-de-la-UPLA.jpg","_links":{"self":[{"href":"https:\/\/eltrabajo.cl\/portal\/wp-json\/wp\/v2\/media\/64539","targetHints":{"allow":["GET"]}}],"collection":[{"href":"https:\/\/eltrabajo.cl\/portal\/wp-json\/wp\/v2\/media"}],"about":[{"href":"https:\/\/eltrabajo.cl\/portal\/wp-json\/wp\/v2\/types\/attachment"}],"author":[{"embeddable":true,"href":"https:\/\/eltrabajo.cl\/portal\/wp-json\/wp\/v2\/users\/482"}],"replies":[{"embeddable":true,"href":"https:\/\/eltrabajo.cl\/portal\/wp-json\/wp\/v2\/comments?post=64539"}],"wp:attached-to":[{"embeddable":true,"post_type":"post","id":64537,"href":"https:\/\/eltrabajo.cl\/portal\/wp-json\/wp\/v2\/posts\/64537"}],"curies":[{"name":"wp","href":"https:\/\/api.w.org\/{rel}","templated":true}]}}

http://www.eltrabajo.cl/portal/wp-content/uploads/2015/12/FOTO-4-Andres-Jil-Galvez-Jefe-de-Carrera-Pedagogia-en-Educación-Diferencial-de-la-UPLA.jpg

FOTO 4 Andres Jil Galvez Jefe de Carrera Pedagogia en Educación Diferencial de la UPLA

<p class="attachment"><a href="https://i0.wp.com/eltrabajo.cl/portal/wp-content/uploads/2015/12/FOTO-4-Andres-Jil-Galvez-Jefe-de-Carrera-Pedagogia-en-Educaci%C3%B3n-Diferencial-de-la-UPLA.jpg?ssl=1"><img loading="lazy" decoding="async" width="300" height="197" src="https://i0.wp.com/eltrabajo.cl/portal/wp-content/uploads/2015/12/FOTO-4-Andres-Jil-Galvez-Jefe-de-Carrera-Pedagogia-en-Educaci%C3%B3n-Diferencial-de-la-UPLA.jpg?fit=300%2C197&amp;ssl=1" class="attachment-medium size-medium" alt="Andrés Jil Gález, Jefe de Carrera Pedagogía en Educación Diferencial de la Upla" /></a></p>
<p>Andrés Jil Gález, Jefe de Carrera Pedagogía en Educación Diferencial de la Upla</p>

<p>Andrés Jil Gález, Jefe de Carrera Pedagogía en Educación Diferencial de la Upla</p>

Andrés Jil Gález, Jefe de Carrera Pedagogía en Educación Diferencial de la Upla

2015/12/FOTO-4-Andres-Jil-Galvez-Jefe-de-Carrera-Pedagogia-en-Educación-Diferencial-de-la-UPLA.jpg

FOTO-4-Andres-Jil-Galvez-Jefe-de-Carrera-Pedagogia-en-Educación-Diferencial-de-la-UPLA-200x131.jpg

FOTO-4-Andres-Jil-Galvez-Jefe-de-Carrera-Pedagogia-en-Educación-Diferencial-de-la-UPLA-300x197.jpg

FOTO-4-Andres-Jil-Galvez-Jefe-de-Carrera-Pedagogia-en-Educación-Diferencial-de-la-UPLA-228x150.jpg

FOTO-4-Andres-Jil-Galvez-Jefe-de-Carrera-Pedagogia-en-Educación-Diferencial-de-la-UPLA-400x263.jpg

https://eltrabajo.cl/portal/wp-content/uploads/2015/12/FOTO-4-Andres-Jil-Galvez-Jefe-de-Carrera-Pedagogia-en-Educación-Diferencial-de-la-UPLA-400x263.jpg

https://eltrabajo.cl/portal/wp-content/uploads/2015/12/FOTO-4-Andres-Jil-Galvez-Jefe-de-Carrera-Pedagogia-en-Educación-Diferencial-de-la-UPLA.jpg
