{"id":64642,"date":"2015-12-09T14:39:45","date_gmt":"2015-12-09T17:39:45","guid":{"rendered":"http:\/\/www.eltrabajo.cl\/portal\/wp-content\/uploads\/2015\/12\/caida-de-arbol-yungay-@aconcaguaradio.jpg"},"modified":"2015-12-09T14:39:59","modified_gmt":"2015-12-09T17:39:59","slug":"caida-de-arbol-yungay-aconcaguaradio","status":"inherit","type":"attachment","link":"https:\/\/eltrabajo.cl\/portal\/caida-de-arbol-yungay-aconcaguaradio\/","title":{"rendered":"caida de arbol yungay @aconcaguaradio"},"author":482,"featured_media":0,"comment_status":"open","ping_status":"closed","template":"","meta":{"advanced_seo_description":"","jetpack_seo_html_title":"","jetpack_seo_noindex":false},"class_list":["post-64642","attachment","type-attachment","status-inherit","hentry"],"jetpack_sharing_enabled":true,"jetpack_likes_enabled":true,"description":{"rendered":"<p class=\"attachment\"><a href=\"https:\/\/i0.wp.com\/eltrabajo.cl\/portal\/wp-content\/uploads\/2015\/12\/caida-de-arbol-yungay-%40aconcaguaradio.jpg?ssl=1\"><img loading=\"lazy\" decoding=\"async\" width=\"300\" height=\"198\" src=\"https:\/\/i0.wp.com\/eltrabajo.cl\/portal\/wp-content\/uploads\/2015\/12\/caida-de-arbol-yungay-%40aconcaguaradio.jpg?fit=300%2C198&amp;ssl=1\" class=\"attachment-medium size-medium\" alt=\"El conductor del radiotaxi, Patricio Herrera, salv\u00f3 de milagro ya que iba pasando cuando cay\u00f3 el \u00e1rbol y fue golpeado por una de sus ramas. (Foto @aconcaguaradio).\" \/><\/a><\/p>\n<p>El conductor del radiotaxi, Patricio Herrera, salv\u00f3 de milagro ya que iba pasando cuando cay\u00f3 el \u00e1rbol y fue golpeado por una de sus ramas. (Foto @aconcaguaradio).<\/p>\n"},"caption":{"rendered":"<p>El conductor del radiotaxi, Patricio Herrera, salv\u00f3 de milagro ya que iba pasando cuando cay\u00f3 el \u00e1rbol y fue golpeado por una de sus ramas. (Foto @aconcaguaradio).<\/p>\n"},"alt_text":"El conductor del radiotaxi, Patricio Herrera, salv\u00f3 de milagro ya que iba pasando cuando cay\u00f3 el \u00e1rbol y fue golpeado por una de sus ramas. (Foto @aconcaguaradio).","media_type":"image","mime_type":"image\/jpeg","media_details":{"width":530,"height":350,"file":"2015\/12\/caida-de-arbol-yungay-@aconcaguaradio.jpg","sizes":{"thumbnail":{"file":"caida-de-arbol-yungay-@aconcaguaradio-200x132.jpg","width":200,"height":132,"mime_type":"image\/jpeg","source_url":"https:\/\/i0.wp.com\/eltrabajo.cl\/portal\/wp-content\/uploads\/2015\/12\/caida-de-arbol-yungay-%40aconcaguaradio.jpg?fit=200%2C132&ssl=1"},"medium":{"file":"caida-de-arbol-yungay-@aconcaguaradio-300x198.jpg","width":300,"height":198,"mime_type":"image\/jpeg","source_url":"https:\/\/i0.wp.com\/eltrabajo.cl\/portal\/wp-content\/uploads\/2015\/12\/caida-de-arbol-yungay-%40aconcaguaradio.jpg?fit=300%2C198&ssl=1"},"post-thumbnail":{"file":"caida-de-arbol-yungay-@aconcaguaradio-227x150.jpg","width":227,"height":150,"mime_type":"image\/jpeg","source_url":"https:\/\/i0.wp.com\/eltrabajo.cl\/portal\/wp-content\/uploads\/2015\/12\/caida-de-arbol-yungay-%40aconcaguaradio.jpg?fit=227%2C150&ssl=1"},"single-post-thumbnail":{"file":"caida-de-arbol-yungay-@aconcaguaradio-400x264.jpg","width":400,"height":264,"mime_type":"image\/jpeg","source_url":"https:\/\/eltrabajo.cl\/portal\/wp-content\/uploads\/2015\/12\/caida-de-arbol-yungay-@aconcaguaradio-400x264.jpg"},"full":{"file":"caida-de-arbol-yungay-%40aconcaguaradio.jpg?fit=530%2C350&ssl=1","width":530,"height":350,"mime_type":"image\/jpeg","source_url":"https:\/\/i0.wp.com\/eltrabajo.cl\/portal\/wp-content\/uploads\/2015\/12\/caida-de-arbol-yungay-%40aconcaguaradio.jpg?fit=530%2C350&ssl=1"}},"image_meta":{"aperture":0,"credit":"","camera":"","caption":"","created_timestamp":0,"copyright":"","focal_length":0,"iso":0,"shutter_speed":0,"title":"","orientation":0}},"post":null,"source_url":"https:\/\/eltrabajo.cl\/portal\/wp-content\/uploads\/2015\/12\/caida-de-arbol-yungay-@aconcaguaradio.jpg","_links":{"self":[{"href":"https:\/\/eltrabajo.cl\/portal\/wp-json\/wp\/v2\/media\/64642","targetHints":{"allow":["GET"]}}],"collection":[{"href":"https:\/\/eltrabajo.cl\/portal\/wp-json\/wp\/v2\/media"}],"about":[{"href":"https:\/\/eltrabajo.cl\/portal\/wp-json\/wp\/v2\/types\/attachment"}],"author":[{"embeddable":true,"href":"https:\/\/eltrabajo.cl\/portal\/wp-json\/wp\/v2\/users\/482"}],"replies":[{"embeddable":true,"href":"https:\/\/eltrabajo.cl\/portal\/wp-json\/wp\/v2\/comments?post=64642"}]}}

<p class="attachment"><a href="https://i0.wp.com/eltrabajo.cl/portal/wp-content/uploads/2015/12/caida-de-arbol-yungay-%40aconcaguaradio.jpg?ssl=1"><img loading="lazy" decoding="async" width="300" height="198" src="https://i0.wp.com/eltrabajo.cl/portal/wp-content/uploads/2015/12/caida-de-arbol-yungay-%40aconcaguaradio.jpg?fit=300%2C198&amp;ssl=1" class="attachment-medium size-medium" alt="El conductor del radiotaxi, Patricio Herrera, salvó de milagro ya que iba pasando cuando cayó el árbol y fue golpeado por una de sus ramas. (Foto @aconcaguaradio)." /></a></p>
<p>El conductor del radiotaxi, Patricio Herrera, salvó de milagro ya que iba pasando cuando cayó el árbol y fue golpeado por una de sus ramas. (Foto @aconcaguaradio).</p>

<p>El conductor del radiotaxi, Patricio Herrera, salvó de milagro ya que iba pasando cuando cayó el árbol y fue golpeado por una de sus ramas. (Foto @aconcaguaradio).</p>

El conductor del radiotaxi, Patricio Herrera, salvó de milagro ya que iba pasando cuando cayó el árbol y fue golpeado por una de sus ramas. (Foto @aconcaguaradio).
