{"id":64643,"date":"2015-12-09T14:39:47","date_gmt":"2015-12-09T17:39:47","guid":{"rendered":"http:\/\/www.eltrabajo.cl\/portal\/wp-content\/uploads\/2015\/12\/caida-de-arbol-yungay.jpg"},"modified":"2015-12-09T14:40:05","modified_gmt":"2015-12-09T17:40:05","slug":"caida-de-arbol-yungay","status":"inherit","type":"attachment","link":"https:\/\/eltrabajo.cl\/portal\/caida-de-arbol-yungay\/","title":{"rendered":"caida de arbol yungay"},"author":482,"featured_media":0,"comment_status":"open","ping_status":"closed","template":"","meta":{"advanced_seo_description":"","jetpack_seo_html_title":"","jetpack_seo_noindex":false},"class_list":["post-64643","attachment","type-attachment","status-inherit","hentry"],"jetpack_sharing_enabled":true,"jetpack_likes_enabled":true,"description":{"rendered":"<p class=\"attachment\"><a href=\"https:\/\/i0.wp.com\/eltrabajo.cl\/portal\/wp-content\/uploads\/2015\/12\/caida-de-arbol-yungay.jpg?ssl=1\"><img loading=\"lazy\" decoding=\"async\" width=\"300\" height=\"198\" src=\"https:\/\/i0.wp.com\/eltrabajo.cl\/portal\/wp-content\/uploads\/2015\/12\/caida-de-arbol-yungay.jpg?fit=300%2C198&amp;ssl=1\" class=\"attachment-medium size-medium\" alt=\"Aparentemente el mal estado de las ra\u00edces habr\u00eda provocado que el antiguo \u00e1lamo se precipitara a tierra.\" srcset=\"https:\/\/i0.wp.com\/eltrabajo.cl\/portal\/wp-content\/uploads\/2015\/12\/caida-de-arbol-yungay.jpg?w=530&amp;ssl=1 530w, https:\/\/i0.wp.com\/eltrabajo.cl\/portal\/wp-content\/uploads\/2015\/12\/caida-de-arbol-yungay.jpg?resize=200%2C132&amp;ssl=1 200w, https:\/\/i0.wp.com\/eltrabajo.cl\/portal\/wp-content\/uploads\/2015\/12\/caida-de-arbol-yungay.jpg?resize=300%2C198&amp;ssl=1 300w, https:\/\/i0.wp.com\/eltrabajo.cl\/portal\/wp-content\/uploads\/2015\/12\/caida-de-arbol-yungay.jpg?resize=227%2C150&amp;ssl=1 227w, https:\/\/i0.wp.com\/eltrabajo.cl\/portal\/wp-content\/uploads\/2015\/12\/caida-de-arbol-yungay.jpg?resize=400%2C264&amp;ssl=1 400w\" sizes=\"auto, (max-width: 300px) 100vw, 300px\" \/><\/a><\/p>\n<p>Aparentemente el mal estado de las ra\u00edces habr\u00eda provocado que el antiguo \u00e1lamo se precipitara a tierra.<\/p>\n"},"caption":{"rendered":"<p>Aparentemente el mal estado de las ra\u00edces habr\u00eda provocado que el antiguo \u00e1lamo se precipitara a tierra.<\/p>\n"},"alt_text":"Aparentemente el mal estado de las ra\u00edces habr\u00eda provocado que el antiguo \u00e1lamo se precipitara a tierra.","media_type":"image","mime_type":"image\/jpeg","media_details":{"width":530,"height":350,"file":"2015\/12\/caida-de-arbol-yungay.jpg","sizes":{"thumbnail":{"file":"caida-de-arbol-yungay-200x132.jpg","width":200,"height":132,"mime_type":"image\/jpeg","source_url":"https:\/\/i0.wp.com\/eltrabajo.cl\/portal\/wp-content\/uploads\/2015\/12\/caida-de-arbol-yungay.jpg?fit=200%2C132&ssl=1"},"medium":{"file":"caida-de-arbol-yungay-300x198.jpg","width":300,"height":198,"mime_type":"image\/jpeg","source_url":"https:\/\/i0.wp.com\/eltrabajo.cl\/portal\/wp-content\/uploads\/2015\/12\/caida-de-arbol-yungay.jpg?fit=300%2C198&ssl=1"},"post-thumbnail":{"file":"caida-de-arbol-yungay-227x150.jpg","width":227,"height":150,"mime_type":"image\/jpeg","source_url":"https:\/\/i0.wp.com\/eltrabajo.cl\/portal\/wp-content\/uploads\/2015\/12\/caida-de-arbol-yungay.jpg?fit=227%2C150&ssl=1"},"single-post-thumbnail":{"file":"caida-de-arbol-yungay-400x264.jpg","width":400,"height":264,"mime_type":"image\/jpeg","source_url":"https:\/\/eltrabajo.cl\/portal\/wp-content\/uploads\/2015\/12\/caida-de-arbol-yungay-400x264.jpg"},"full":{"file":"caida-de-arbol-yungay.jpg?fit=530%2C350&ssl=1","width":530,"height":350,"mime_type":"image\/jpeg","source_url":"https:\/\/i0.wp.com\/eltrabajo.cl\/portal\/wp-content\/uploads\/2015\/12\/caida-de-arbol-yungay.jpg?fit=530%2C350&ssl=1"}},"image_meta":{"aperture":0,"credit":"","camera":"","caption":"","created_timestamp":0,"copyright":"","focal_length":0,"iso":0,"shutter_speed":0,"title":"","orientation":0}},"post":null,"source_url":"https:\/\/eltrabajo.cl\/portal\/wp-content\/uploads\/2015\/12\/caida-de-arbol-yungay.jpg","_links":{"self":[{"href":"https:\/\/eltrabajo.cl\/portal\/wp-json\/wp\/v2\/media\/64643","targetHints":{"allow":["GET"]}}],"collection":[{"href":"https:\/\/eltrabajo.cl\/portal\/wp-json\/wp\/v2\/media"}],"about":[{"href":"https:\/\/eltrabajo.cl\/portal\/wp-json\/wp\/v2\/types\/attachment"}],"author":[{"embeddable":true,"href":"https:\/\/eltrabajo.cl\/portal\/wp-json\/wp\/v2\/users\/482"}],"replies":[{"embeddable":true,"href":"https:\/\/eltrabajo.cl\/portal\/wp-json\/wp\/v2\/comments?post=64643"}]}}

<p class="attachment"><a href="https://i0.wp.com/eltrabajo.cl/portal/wp-content/uploads/2015/12/caida-de-arbol-yungay.jpg?ssl=1"><img loading="lazy" decoding="async" width="300" height="198" src="https://i0.wp.com/eltrabajo.cl/portal/wp-content/uploads/2015/12/caida-de-arbol-yungay.jpg?fit=300%2C198&amp;ssl=1" class="attachment-medium size-medium" alt="Aparentemente el mal estado de las raíces habría provocado que el antiguo álamo se precipitara a tierra." srcset="https://i0.wp.com/eltrabajo.cl/portal/wp-content/uploads/2015/12/caida-de-arbol-yungay.jpg?w=530&amp;ssl=1 530w, https://i0.wp.com/eltrabajo.cl/portal/wp-content/uploads/2015/12/caida-de-arbol-yungay.jpg?resize=200%2C132&amp;ssl=1 200w, https://i0.wp.com/eltrabajo.cl/portal/wp-content/uploads/2015/12/caida-de-arbol-yungay.jpg?resize=300%2C198&amp;ssl=1 300w, https://i0.wp.com/eltrabajo.cl/portal/wp-content/uploads/2015/12/caida-de-arbol-yungay.jpg?resize=227%2C150&amp;ssl=1 227w, https://i0.wp.com/eltrabajo.cl/portal/wp-content/uploads/2015/12/caida-de-arbol-yungay.jpg?resize=400%2C264&amp;ssl=1 400w" sizes="auto, (max-width: 300px) 100vw, 300px" /></a></p>
<p>Aparentemente el mal estado de las raíces habría provocado que el antiguo álamo se precipitara a tierra.</p>

<p>Aparentemente el mal estado de las raíces habría provocado que el antiguo álamo se precipitara a tierra.</p>

Aparentemente el mal estado de las raíces habría provocado que el antiguo álamo se precipitara a tierra.
