{"id":64691,"date":"2015-12-10T14:54:18","date_gmt":"2015-12-10T17:54:18","guid":{"rendered":"http:\/\/www.eltrabajo.cl\/portal\/wp-content\/uploads\/2015\/12\/FOTO-2-Luis-Zelaya-comerciante-sanfelipeno.jpg"},"modified":"2015-12-10T14:54:35","modified_gmt":"2015-12-10T17:54:35","slug":"foto-2-luis-zelaya-comerciante-sanfelipeno","status":"inherit","type":"attachment","link":"https:\/\/eltrabajo.cl\/portal\/max-navas-dueno-de-tienda-la-ciguena-si-seguimos-asi-la-ciudadania-va-a-tener-que-armarse-para-defender-el-esfuerzo-de-cada-uno\/foto-2-luis-zelaya-comerciante-sanfelipeno\/","title":{"rendered":"FOTO 2 Luis Zelaya comerciante sanfelipeno"},"author":482,"featured_media":0,"comment_status":"open","ping_status":"closed","template":"","meta":{"advanced_seo_description":"","jetpack_seo_html_title":"","jetpack_seo_noindex":false},"class_list":["post-64691","attachment","type-attachment","status-inherit","hentry"],"jetpack_sharing_enabled":true,"jetpack_likes_enabled":true,"description":{"rendered":"<p class=\"attachment\"><a href=\"https:\/\/i0.wp.com\/eltrabajo.cl\/portal\/wp-content\/uploads\/2015\/12\/FOTO-2-Luis-Zelaya-comerciante-sanfelipeno.jpg?ssl=1\"><img loading=\"lazy\" decoding=\"async\" width=\"300\" height=\"198\" src=\"https:\/\/i0.wp.com\/eltrabajo.cl\/portal\/wp-content\/uploads\/2015\/12\/FOTO-2-Luis-Zelaya-comerciante-sanfelipeno.jpg?fit=300%2C198&amp;ssl=1\" class=\"attachment-medium size-medium\" alt=\"Luis Zelaya, comerciante sanfelipe\u00f1o que en medio de l\u00e1grimas mostr\u00f3 impotencia al no ver penas efectivas para el responsable de los robos.\" srcset=\"https:\/\/i0.wp.com\/eltrabajo.cl\/portal\/wp-content\/uploads\/2015\/12\/FOTO-2-Luis-Zelaya-comerciante-sanfelipeno.jpg?w=530&amp;ssl=1 530w, https:\/\/i0.wp.com\/eltrabajo.cl\/portal\/wp-content\/uploads\/2015\/12\/FOTO-2-Luis-Zelaya-comerciante-sanfelipeno.jpg?resize=200%2C132&amp;ssl=1 200w, https:\/\/i0.wp.com\/eltrabajo.cl\/portal\/wp-content\/uploads\/2015\/12\/FOTO-2-Luis-Zelaya-comerciante-sanfelipeno.jpg?resize=300%2C198&amp;ssl=1 300w, https:\/\/i0.wp.com\/eltrabajo.cl\/portal\/wp-content\/uploads\/2015\/12\/FOTO-2-Luis-Zelaya-comerciante-sanfelipeno.jpg?resize=227%2C150&amp;ssl=1 227w, https:\/\/i0.wp.com\/eltrabajo.cl\/portal\/wp-content\/uploads\/2015\/12\/FOTO-2-Luis-Zelaya-comerciante-sanfelipeno.jpg?resize=400%2C264&amp;ssl=1 400w\" sizes=\"auto, (max-width: 300px) 100vw, 300px\" \/><\/a><\/p>\n<p>Luis Zelaya, comerciante sanfelipe\u00f1o que en medio de l\u00e1grimas mostr\u00f3 impotencia al no ver penas efectivas para el responsable de los robos.<\/p>\n"},"caption":{"rendered":"<p>Luis Zelaya, comerciante sanfelipe\u00f1o que en medio de l\u00e1grimas mostr\u00f3 impotencia al no ver penas efectivas para el responsable de los robos.<\/p>\n"},"alt_text":"Luis Zelaya, comerciante sanfelipe\u00f1o que en medio de l\u00e1grimas mostr\u00f3 impotencia al no ver penas efectivas para el responsable de los robos.","media_type":"image","mime_type":"image\/jpeg","media_details":{"width":530,"height":350,"file":"2015\/12\/FOTO-2-Luis-Zelaya-comerciante-sanfelipeno.jpg","sizes":{"thumbnail":{"file":"FOTO-2-Luis-Zelaya-comerciante-sanfelipeno-200x132.jpg","width":200,"height":132,"mime_type":"image\/jpeg","source_url":"https:\/\/i0.wp.com\/eltrabajo.cl\/portal\/wp-content\/uploads\/2015\/12\/FOTO-2-Luis-Zelaya-comerciante-sanfelipeno.jpg?fit=200%2C132&ssl=1"},"medium":{"file":"FOTO-2-Luis-Zelaya-comerciante-sanfelipeno-300x198.jpg","width":300,"height":198,"mime_type":"image\/jpeg","source_url":"https:\/\/i0.wp.com\/eltrabajo.cl\/portal\/wp-content\/uploads\/2015\/12\/FOTO-2-Luis-Zelaya-comerciante-sanfelipeno.jpg?fit=300%2C198&ssl=1"},"post-thumbnail":{"file":"FOTO-2-Luis-Zelaya-comerciante-sanfelipeno-227x150.jpg","width":227,"height":150,"mime_type":"image\/jpeg","source_url":"https:\/\/i0.wp.com\/eltrabajo.cl\/portal\/wp-content\/uploads\/2015\/12\/FOTO-2-Luis-Zelaya-comerciante-sanfelipeno.jpg?fit=227%2C150&ssl=1"},"single-post-thumbnail":{"file":"FOTO-2-Luis-Zelaya-comerciante-sanfelipeno-400x264.jpg","width":400,"height":264,"mime_type":"image\/jpeg","source_url":"https:\/\/eltrabajo.cl\/portal\/wp-content\/uploads\/2015\/12\/FOTO-2-Luis-Zelaya-comerciante-sanfelipeno-400x264.jpg"},"full":{"file":"FOTO-2-Luis-Zelaya-comerciante-sanfelipeno.jpg?fit=530%2C350&ssl=1","width":530,"height":350,"mime_type":"image\/jpeg","source_url":"https:\/\/i0.wp.com\/eltrabajo.cl\/portal\/wp-content\/uploads\/2015\/12\/FOTO-2-Luis-Zelaya-comerciante-sanfelipeno.jpg?fit=530%2C350&ssl=1"}},"image_meta":{"aperture":0,"credit":"","camera":"","caption":"","created_timestamp":0,"copyright":"Copyright 2012","focal_length":0,"iso":0,"shutter_speed":0,"title":"","orientation":0,"keywords":[]}},"post":64688,"source_url":"https:\/\/eltrabajo.cl\/portal\/wp-content\/uploads\/2015\/12\/FOTO-2-Luis-Zelaya-comerciante-sanfelipeno.jpg","_links":{"self":[{"href":"https:\/\/eltrabajo.cl\/portal\/wp-json\/wp\/v2\/media\/64691","targetHints":{"allow":["GET"]}}],"collection":[{"href":"https:\/\/eltrabajo.cl\/portal\/wp-json\/wp\/v2\/media"}],"about":[{"href":"https:\/\/eltrabajo.cl\/portal\/wp-json\/wp\/v2\/types\/attachment"}],"author":[{"embeddable":true,"href":"https:\/\/eltrabajo.cl\/portal\/wp-json\/wp\/v2\/users\/482"}],"replies":[{"embeddable":true,"href":"https:\/\/eltrabajo.cl\/portal\/wp-json\/wp\/v2\/comments?post=64691"}],"wp:attached-to":[{"embeddable":true,"post_type":"post","id":64688,"href":"https:\/\/eltrabajo.cl\/portal\/wp-json\/wp\/v2\/posts\/64688"}],"curies":[{"name":"wp","href":"https:\/\/api.w.org\/{rel}","templated":true}]}}

<p class="attachment"><a href="https://i0.wp.com/eltrabajo.cl/portal/wp-content/uploads/2015/12/FOTO-2-Luis-Zelaya-comerciante-sanfelipeno.jpg?ssl=1"><img loading="lazy" decoding="async" width="300" height="198" src="https://i0.wp.com/eltrabajo.cl/portal/wp-content/uploads/2015/12/FOTO-2-Luis-Zelaya-comerciante-sanfelipeno.jpg?fit=300%2C198&amp;ssl=1" class="attachment-medium size-medium" alt="Luis Zelaya, comerciante sanfelipeño que en medio de lágrimas mostró impotencia al no ver penas efectivas para el responsable de los robos." srcset="https://i0.wp.com/eltrabajo.cl/portal/wp-content/uploads/2015/12/FOTO-2-Luis-Zelaya-comerciante-sanfelipeno.jpg?w=530&amp;ssl=1 530w, https://i0.wp.com/eltrabajo.cl/portal/wp-content/uploads/2015/12/FOTO-2-Luis-Zelaya-comerciante-sanfelipeno.jpg?resize=200%2C132&amp;ssl=1 200w, https://i0.wp.com/eltrabajo.cl/portal/wp-content/uploads/2015/12/FOTO-2-Luis-Zelaya-comerciante-sanfelipeno.jpg?resize=300%2C198&amp;ssl=1 300w, https://i0.wp.com/eltrabajo.cl/portal/wp-content/uploads/2015/12/FOTO-2-Luis-Zelaya-comerciante-sanfelipeno.jpg?resize=227%2C150&amp;ssl=1 227w, https://i0.wp.com/eltrabajo.cl/portal/wp-content/uploads/2015/12/FOTO-2-Luis-Zelaya-comerciante-sanfelipeno.jpg?resize=400%2C264&amp;ssl=1 400w" sizes="auto, (max-width: 300px) 100vw, 300px" /></a></p>
<p>Luis Zelaya, comerciante sanfelipeño que en medio de lágrimas mostró impotencia al no ver penas efectivas para el responsable de los robos.</p>

<p>Luis Zelaya, comerciante sanfelipeño que en medio de lágrimas mostró impotencia al no ver penas efectivas para el responsable de los robos.</p>

Luis Zelaya, comerciante sanfelipeño que en medio de lágrimas mostró impotencia al no ver penas efectivas para el responsable de los robos.
