{"id":64754,"date":"2015-12-14T14:50:19","date_gmt":"2015-12-14T17:50:19","guid":{"rendered":"http:\/\/www.eltrabajo.cl\/portal\/wp-content\/uploads\/2015\/12\/PATRICIA-Y-ORGANIZACIONES.jpg"},"modified":"2015-12-14T14:50:31","modified_gmt":"2015-12-14T17:50:31","slug":"patricia-y-organizaciones","status":"inherit","type":"attachment","link":"https:\/\/eltrabajo.cl\/portal\/con-diversas-actividades-celebran-el-dia-de-personas-con-capacidades-diferentes\/patricia-y-organizaciones\/","title":{"rendered":"PATRICIA Y ORGANIZACIONES"},"author":482,"featured_media":0,"comment_status":"open","ping_status":"closed","template":"","meta":{"advanced_seo_description":"","jetpack_seo_html_title":"","jetpack_seo_noindex":false},"class_list":["post-64754","attachment","type-attachment","status-inherit","hentry"],"jetpack_sharing_enabled":true,"jetpack_likes_enabled":true,"description":{"rendered":"<p class=\"attachment\"><a href=\"https:\/\/i0.wp.com\/eltrabajo.cl\/portal\/wp-content\/uploads\/2015\/12\/PATRICIA-Y-ORGANIZACIONES.jpg?ssl=1\"><img loading=\"lazy\" decoding=\"async\" width=\"300\" height=\"197\" src=\"https:\/\/i0.wp.com\/eltrabajo.cl\/portal\/wp-content\/uploads\/2015\/12\/PATRICIA-Y-ORGANIZACIONES.jpg?fit=300%2C197&amp;ssl=1\" class=\"attachment-medium size-medium\" alt=\"De esta celebraci\u00f3n participaron autoridades junto a las organizaciones: Los Querubines, Agrupaci\u00f3n Renacer, colegio especial Brillo de Luna y Agrupaci\u00f3n de personas con artrosis.\" srcset=\"https:\/\/i0.wp.com\/eltrabajo.cl\/portal\/wp-content\/uploads\/2015\/12\/PATRICIA-Y-ORGANIZACIONES.jpg?w=530&amp;ssl=1 530w, https:\/\/i0.wp.com\/eltrabajo.cl\/portal\/wp-content\/uploads\/2015\/12\/PATRICIA-Y-ORGANIZACIONES.jpg?resize=200%2C131&amp;ssl=1 200w, https:\/\/i0.wp.com\/eltrabajo.cl\/portal\/wp-content\/uploads\/2015\/12\/PATRICIA-Y-ORGANIZACIONES.jpg?resize=300%2C197&amp;ssl=1 300w, https:\/\/i0.wp.com\/eltrabajo.cl\/portal\/wp-content\/uploads\/2015\/12\/PATRICIA-Y-ORGANIZACIONES.jpg?resize=228%2C150&amp;ssl=1 228w, https:\/\/i0.wp.com\/eltrabajo.cl\/portal\/wp-content\/uploads\/2015\/12\/PATRICIA-Y-ORGANIZACIONES.jpg?resize=400%2C263&amp;ssl=1 400w\" sizes=\"auto, (max-width: 300px) 100vw, 300px\" \/><\/a><\/p>\n<p>De esta celebraci\u00f3n participaron autoridades junto a las organizaciones: Los Querubines, Agrupaci\u00f3n Renacer, colegio especial Brillo de Luna y Agrupaci\u00f3n de personas con artrosis.<\/p>\n"},"caption":{"rendered":"<p>De esta celebraci\u00f3n participaron autoridades junto a las organizaciones: Los Querubines, Agrupaci\u00f3n Renacer, colegio especial Brillo de Luna y Agrupaci\u00f3n de personas con artrosis.<\/p>\n"},"alt_text":"De esta celebraci\u00f3n participaron autoridades junto a las organizaciones: Los Querubines, Agrupaci\u00f3n Renacer, colegio especial Brillo de Luna y Agrupaci\u00f3n de personas con artrosis.","media_type":"image","mime_type":"image\/jpeg","media_details":{"width":530,"height":348,"file":"2015\/12\/PATRICIA-Y-ORGANIZACIONES.jpg","sizes":{"thumbnail":{"file":"PATRICIA-Y-ORGANIZACIONES-200x131.jpg","width":200,"height":131,"mime_type":"image\/jpeg","source_url":"https:\/\/i0.wp.com\/eltrabajo.cl\/portal\/wp-content\/uploads\/2015\/12\/PATRICIA-Y-ORGANIZACIONES.jpg?fit=200%2C131&ssl=1"},"medium":{"file":"PATRICIA-Y-ORGANIZACIONES-300x197.jpg","width":300,"height":197,"mime_type":"image\/jpeg","source_url":"https:\/\/i0.wp.com\/eltrabajo.cl\/portal\/wp-content\/uploads\/2015\/12\/PATRICIA-Y-ORGANIZACIONES.jpg?fit=300%2C197&ssl=1"},"post-thumbnail":{"file":"PATRICIA-Y-ORGANIZACIONES-228x150.jpg","width":228,"height":150,"mime_type":"image\/jpeg","source_url":"https:\/\/i0.wp.com\/eltrabajo.cl\/portal\/wp-content\/uploads\/2015\/12\/PATRICIA-Y-ORGANIZACIONES.jpg?fit=228%2C150&ssl=1"},"single-post-thumbnail":{"file":"PATRICIA-Y-ORGANIZACIONES-400x263.jpg","width":400,"height":263,"mime_type":"image\/jpeg","source_url":"https:\/\/eltrabajo.cl\/portal\/wp-content\/uploads\/2015\/12\/PATRICIA-Y-ORGANIZACIONES-400x263.jpg"},"full":{"file":"PATRICIA-Y-ORGANIZACIONES.jpg?fit=530%2C348&ssl=1","width":530,"height":348,"mime_type":"image\/jpeg","source_url":"https:\/\/i0.wp.com\/eltrabajo.cl\/portal\/wp-content\/uploads\/2015\/12\/PATRICIA-Y-ORGANIZACIONES.jpg?fit=530%2C348&ssl=1"}},"image_meta":{"aperture":0,"credit":"","camera":"","caption":"","created_timestamp":0,"copyright":"","focal_length":0,"iso":0,"shutter_speed":0,"title":"","orientation":0,"keywords":[]}},"post":64752,"source_url":"https:\/\/eltrabajo.cl\/portal\/wp-content\/uploads\/2015\/12\/PATRICIA-Y-ORGANIZACIONES.jpg","_links":{"self":[{"href":"https:\/\/eltrabajo.cl\/portal\/wp-json\/wp\/v2\/media\/64754","targetHints":{"allow":["GET"]}}],"collection":[{"href":"https:\/\/eltrabajo.cl\/portal\/wp-json\/wp\/v2\/media"}],"about":[{"href":"https:\/\/eltrabajo.cl\/portal\/wp-json\/wp\/v2\/types\/attachment"}],"author":[{"embeddable":true,"href":"https:\/\/eltrabajo.cl\/portal\/wp-json\/wp\/v2\/users\/482"}],"replies":[{"embeddable":true,"href":"https:\/\/eltrabajo.cl\/portal\/wp-json\/wp\/v2\/comments?post=64754"}],"wp:attached-to":[{"embeddable":true,"post_type":"post","id":64752,"href":"https:\/\/eltrabajo.cl\/portal\/wp-json\/wp\/v2\/posts\/64752"}],"curies":[{"name":"wp","href":"https:\/\/api.w.org\/{rel}","templated":true}]}}

<p class="attachment"><a href="https://i0.wp.com/eltrabajo.cl/portal/wp-content/uploads/2015/12/PATRICIA-Y-ORGANIZACIONES.jpg?ssl=1"><img loading="lazy" decoding="async" width="300" height="197" src="https://i0.wp.com/eltrabajo.cl/portal/wp-content/uploads/2015/12/PATRICIA-Y-ORGANIZACIONES.jpg?fit=300%2C197&amp;ssl=1" class="attachment-medium size-medium" alt="De esta celebración participaron autoridades junto a las organizaciones: Los Querubines, Agrupación Renacer, colegio especial Brillo de Luna y Agrupación de personas con artrosis." srcset="https://i0.wp.com/eltrabajo.cl/portal/wp-content/uploads/2015/12/PATRICIA-Y-ORGANIZACIONES.jpg?w=530&amp;ssl=1 530w, https://i0.wp.com/eltrabajo.cl/portal/wp-content/uploads/2015/12/PATRICIA-Y-ORGANIZACIONES.jpg?resize=200%2C131&amp;ssl=1 200w, https://i0.wp.com/eltrabajo.cl/portal/wp-content/uploads/2015/12/PATRICIA-Y-ORGANIZACIONES.jpg?resize=300%2C197&amp;ssl=1 300w, https://i0.wp.com/eltrabajo.cl/portal/wp-content/uploads/2015/12/PATRICIA-Y-ORGANIZACIONES.jpg?resize=228%2C150&amp;ssl=1 228w, https://i0.wp.com/eltrabajo.cl/portal/wp-content/uploads/2015/12/PATRICIA-Y-ORGANIZACIONES.jpg?resize=400%2C263&amp;ssl=1 400w" sizes="auto, (max-width: 300px) 100vw, 300px" /></a></p>
<p>De esta celebración participaron autoridades junto a las organizaciones: Los Querubines, Agrupación Renacer, colegio especial Brillo de Luna y Agrupación de personas con artrosis.</p>

<p>De esta celebración participaron autoridades junto a las organizaciones: Los Querubines, Agrupación Renacer, colegio especial Brillo de Luna y Agrupación de personas con artrosis.</p>

De esta celebración participaron autoridades junto a las organizaciones: Los Querubines, Agrupación Renacer, colegio especial Brillo de Luna y Agrupación de personas con artrosis.
