{"id":64806,"date":"2015-12-15T14:26:25","date_gmt":"2015-12-15T17:26:25","guid":{"rendered":"http:\/\/www.eltrabajo.cl\/portal\/wp-content\/uploads\/2015\/12\/Publico33.jpg"},"modified":"2015-12-15T14:26:40","modified_gmt":"2015-12-15T17:26:40","slug":"publico33","status":"inherit","type":"attachment","link":"https:\/\/eltrabajo.cl\/portal\/cuatro-jardines-infantiles-presentaron-su-gala-en-el-teatro-municipal\/publico33\/","title":{"rendered":"Publico33"},"author":482,"featured_media":0,"comment_status":"open","ping_status":"closed","template":"","meta":{"advanced_seo_description":"","jetpack_seo_html_title":"","jetpack_seo_noindex":false},"class_list":["post-64806","attachment","type-attachment","status-inherit","hentry"],"jetpack_sharing_enabled":true,"jetpack_likes_enabled":true,"description":{"rendered":"<p class=\"attachment\"><a href=\"https:\/\/i0.wp.com\/eltrabajo.cl\/portal\/wp-content\/uploads\/2015\/12\/Publico33.jpg?ssl=1\"><img loading=\"lazy\" decoding=\"async\" width=\"300\" height=\"198\" src=\"https:\/\/i0.wp.com\/eltrabajo.cl\/portal\/wp-content\/uploads\/2015\/12\/Publico33.jpg?fit=300%2C198&amp;ssl=1\" class=\"attachment-medium size-medium\" alt=\"TEATRO FULL.- El Teatro Municipal de Santa Mar\u00eda estaba lleno total y las c\u00e1maras de Diario El Trabajo no pod\u00edan faltar.\" srcset=\"https:\/\/i0.wp.com\/eltrabajo.cl\/portal\/wp-content\/uploads\/2015\/12\/Publico33.jpg?w=530&amp;ssl=1 530w, https:\/\/i0.wp.com\/eltrabajo.cl\/portal\/wp-content\/uploads\/2015\/12\/Publico33.jpg?resize=200%2C132&amp;ssl=1 200w, https:\/\/i0.wp.com\/eltrabajo.cl\/portal\/wp-content\/uploads\/2015\/12\/Publico33.jpg?resize=300%2C198&amp;ssl=1 300w, https:\/\/i0.wp.com\/eltrabajo.cl\/portal\/wp-content\/uploads\/2015\/12\/Publico33.jpg?resize=227%2C150&amp;ssl=1 227w, https:\/\/i0.wp.com\/eltrabajo.cl\/portal\/wp-content\/uploads\/2015\/12\/Publico33.jpg?resize=400%2C264&amp;ssl=1 400w\" sizes=\"auto, (max-width: 300px) 100vw, 300px\" \/><\/a><\/p>\n<p>TEATRO FULL.- El Teatro Municipal de Santa Mar\u00eda estaba lleno total y las c\u00e1maras de Diario El Trabajo no pod\u00edan faltar.<\/p>\n"},"caption":{"rendered":"<p>TEATRO FULL.- El Teatro Municipal de Santa Mar\u00eda estaba lleno total y las c\u00e1maras de Diario El Trabajo no pod\u00edan faltar.<\/p>\n"},"alt_text":"TEATRO FULL.- El Teatro Municipal de Santa Mar\u00eda estaba lleno total y las c\u00e1maras de Diario El Trabajo no pod\u00edan faltar.","media_type":"image","mime_type":"image\/jpeg","media_details":{"width":530,"height":350,"file":"2015\/12\/Publico33.jpg","sizes":{"thumbnail":{"file":"Publico33-200x132.jpg","width":200,"height":132,"mime_type":"image\/jpeg","source_url":"https:\/\/i0.wp.com\/eltrabajo.cl\/portal\/wp-content\/uploads\/2015\/12\/Publico33.jpg?fit=200%2C132&ssl=1"},"medium":{"file":"Publico33-300x198.jpg","width":300,"height":198,"mime_type":"image\/jpeg","source_url":"https:\/\/i0.wp.com\/eltrabajo.cl\/portal\/wp-content\/uploads\/2015\/12\/Publico33.jpg?fit=300%2C198&ssl=1"},"post-thumbnail":{"file":"Publico33-227x150.jpg","width":227,"height":150,"mime_type":"image\/jpeg","source_url":"https:\/\/i0.wp.com\/eltrabajo.cl\/portal\/wp-content\/uploads\/2015\/12\/Publico33.jpg?fit=227%2C150&ssl=1"},"single-post-thumbnail":{"file":"Publico33-400x264.jpg","width":400,"height":264,"mime_type":"image\/jpeg","source_url":"https:\/\/eltrabajo.cl\/portal\/wp-content\/uploads\/2015\/12\/Publico33-400x264.jpg"},"full":{"file":"Publico33.jpg?fit=530%2C350&ssl=1","width":530,"height":350,"mime_type":"image\/jpeg","source_url":"https:\/\/i0.wp.com\/eltrabajo.cl\/portal\/wp-content\/uploads\/2015\/12\/Publico33.jpg?fit=530%2C350&ssl=1"}},"image_meta":{"aperture":0,"credit":"","camera":"","caption":"","created_timestamp":0,"copyright":"","focal_length":0,"iso":0,"shutter_speed":0,"title":"","orientation":0,"keywords":[]}},"post":64803,"source_url":"https:\/\/eltrabajo.cl\/portal\/wp-content\/uploads\/2015\/12\/Publico33.jpg","_links":{"self":[{"href":"https:\/\/eltrabajo.cl\/portal\/wp-json\/wp\/v2\/media\/64806","targetHints":{"allow":["GET"]}}],"collection":[{"href":"https:\/\/eltrabajo.cl\/portal\/wp-json\/wp\/v2\/media"}],"about":[{"href":"https:\/\/eltrabajo.cl\/portal\/wp-json\/wp\/v2\/types\/attachment"}],"author":[{"embeddable":true,"href":"https:\/\/eltrabajo.cl\/portal\/wp-json\/wp\/v2\/users\/482"}],"replies":[{"embeddable":true,"href":"https:\/\/eltrabajo.cl\/portal\/wp-json\/wp\/v2\/comments?post=64806"}],"wp:attached-to":[{"embeddable":true,"post_type":"post","id":64803,"href":"https:\/\/eltrabajo.cl\/portal\/wp-json\/wp\/v2\/posts\/64803"}],"curies":[{"name":"wp","href":"https:\/\/api.w.org\/{rel}","templated":true}]}}

<p class="attachment"><a href="https://i0.wp.com/eltrabajo.cl/portal/wp-content/uploads/2015/12/Publico33.jpg?ssl=1"><img loading="lazy" decoding="async" width="300" height="198" src="https://i0.wp.com/eltrabajo.cl/portal/wp-content/uploads/2015/12/Publico33.jpg?fit=300%2C198&amp;ssl=1" class="attachment-medium size-medium" alt="TEATRO FULL.- El Teatro Municipal de Santa María estaba lleno total y las cámaras de Diario El Trabajo no podían faltar." srcset="https://i0.wp.com/eltrabajo.cl/portal/wp-content/uploads/2015/12/Publico33.jpg?w=530&amp;ssl=1 530w, https://i0.wp.com/eltrabajo.cl/portal/wp-content/uploads/2015/12/Publico33.jpg?resize=200%2C132&amp;ssl=1 200w, https://i0.wp.com/eltrabajo.cl/portal/wp-content/uploads/2015/12/Publico33.jpg?resize=300%2C198&amp;ssl=1 300w, https://i0.wp.com/eltrabajo.cl/portal/wp-content/uploads/2015/12/Publico33.jpg?resize=227%2C150&amp;ssl=1 227w, https://i0.wp.com/eltrabajo.cl/portal/wp-content/uploads/2015/12/Publico33.jpg?resize=400%2C264&amp;ssl=1 400w" sizes="auto, (max-width: 300px) 100vw, 300px" /></a></p>
<p>TEATRO FULL.- El Teatro Municipal de Santa María estaba lleno total y las cámaras de Diario El Trabajo no podían faltar.</p>

<p>TEATRO FULL.- El Teatro Municipal de Santa María estaba lleno total y las cámaras de Diario El Trabajo no podían faltar.</p>

TEATRO FULL.- El Teatro Municipal de Santa María estaba lleno total y las cámaras de Diario El Trabajo no podían faltar.
