{"id":65015,"date":"2015-12-21T15:31:49","date_gmt":"2015-12-21T18:31:49","guid":{"rendered":"http:\/\/www.eltrabajo.cl\/portal\/wp-content\/uploads\/2015\/12\/ahumada_huertos2.jpg"},"modified":"2015-12-21T15:31:59","modified_gmt":"2015-12-21T18:31:59","slug":"ahumada_huertos2","status":"inherit","type":"attachment","link":"https:\/\/eltrabajo.cl\/portal\/auxiliar-de-buses-ahumada-muere-en-colision-con-camion-en-til-til\/ahumada_huertos2\/","title":{"rendered":"ahumada_huertos2"},"author":482,"featured_media":0,"comment_status":"open","ping_status":"closed","template":"","meta":{"advanced_seo_description":"","jetpack_seo_html_title":"","jetpack_seo_noindex":false},"class_list":["post-65015","attachment","type-attachment","status-inherit","hentry"],"jetpack_sharing_enabled":true,"jetpack_likes_enabled":true,"description":{"rendered":"<p class=\"attachment\"><a href=\"https:\/\/i0.wp.com\/eltrabajo.cl\/portal\/wp-content\/uploads\/2015\/12\/ahumada_huertos2.jpg?ssl=1\"><img loading=\"lazy\" decoding=\"async\" width=\"300\" height=\"198\" src=\"https:\/\/i0.wp.com\/eltrabajo.cl\/portal\/wp-content\/uploads\/2015\/12\/ahumada_huertos2.jpg?fit=300%2C198&amp;ssl=1\" class=\"attachment-medium size-medium\" alt=\"El accidente se produjo cuando el cami\u00f3n que hac\u00eda ingreso a la ruta desde un camino lateral, no respet\u00f3 el disco Pare, provocando la colisi\u00f3n.\" srcset=\"https:\/\/i0.wp.com\/eltrabajo.cl\/portal\/wp-content\/uploads\/2015\/12\/ahumada_huertos2.jpg?w=530&amp;ssl=1 530w, https:\/\/i0.wp.com\/eltrabajo.cl\/portal\/wp-content\/uploads\/2015\/12\/ahumada_huertos2.jpg?resize=200%2C132&amp;ssl=1 200w, https:\/\/i0.wp.com\/eltrabajo.cl\/portal\/wp-content\/uploads\/2015\/12\/ahumada_huertos2.jpg?resize=300%2C198&amp;ssl=1 300w, https:\/\/i0.wp.com\/eltrabajo.cl\/portal\/wp-content\/uploads\/2015\/12\/ahumada_huertos2.jpg?resize=228%2C150&amp;ssl=1 228w, https:\/\/i0.wp.com\/eltrabajo.cl\/portal\/wp-content\/uploads\/2015\/12\/ahumada_huertos2.jpg?resize=400%2C263&amp;ssl=1 400w\" sizes=\"auto, (max-width: 300px) 100vw, 300px\" \/><\/a><\/p>\n<p>El accidente se produjo cuando el cami\u00f3n que hac\u00eda ingreso a la ruta desde un camino lateral, no respet\u00f3 el disco Pare, provocando la colisi\u00f3n.<\/p>\n"},"caption":{"rendered":"<p>El accidente se produjo cuando el cami\u00f3n que hac\u00eda ingreso a la ruta desde un camino lateral, no respet\u00f3 el disco Pare, provocando la colisi\u00f3n.<\/p>\n"},"alt_text":"El accidente se produjo cuando el cami\u00f3n que hac\u00eda ingreso a la ruta desde un camino lateral, no respet\u00f3 el disco Pare, provocando la colisi\u00f3n.","media_type":"image","mime_type":"image\/jpeg","media_details":{"width":530,"height":349,"file":"2015\/12\/ahumada_huertos2.jpg","sizes":{"thumbnail":{"file":"ahumada_huertos2-200x132.jpg","width":200,"height":132,"mime_type":"image\/jpeg","source_url":"https:\/\/i0.wp.com\/eltrabajo.cl\/portal\/wp-content\/uploads\/2015\/12\/ahumada_huertos2.jpg?fit=200%2C132&ssl=1"},"medium":{"file":"ahumada_huertos2-300x198.jpg","width":300,"height":198,"mime_type":"image\/jpeg","source_url":"https:\/\/i0.wp.com\/eltrabajo.cl\/portal\/wp-content\/uploads\/2015\/12\/ahumada_huertos2.jpg?fit=300%2C198&ssl=1"},"post-thumbnail":{"file":"ahumada_huertos2-228x150.jpg","width":228,"height":150,"mime_type":"image\/jpeg","source_url":"https:\/\/i0.wp.com\/eltrabajo.cl\/portal\/wp-content\/uploads\/2015\/12\/ahumada_huertos2.jpg?fit=228%2C150&ssl=1"},"single-post-thumbnail":{"file":"ahumada_huertos2-400x263.jpg","width":400,"height":263,"mime_type":"image\/jpeg","source_url":"https:\/\/eltrabajo.cl\/portal\/wp-content\/uploads\/2015\/12\/ahumada_huertos2-400x263.jpg"},"full":{"file":"ahumada_huertos2.jpg?fit=530%2C349&ssl=1","width":530,"height":349,"mime_type":"image\/jpeg","source_url":"https:\/\/i0.wp.com\/eltrabajo.cl\/portal\/wp-content\/uploads\/2015\/12\/ahumada_huertos2.jpg?fit=530%2C349&ssl=1"}},"image_meta":{"aperture":0,"credit":"","camera":"","caption":"","created_timestamp":0,"copyright":"","focal_length":0,"iso":0,"shutter_speed":0,"title":"","orientation":0,"keywords":[]}},"post":65013,"source_url":"https:\/\/eltrabajo.cl\/portal\/wp-content\/uploads\/2015\/12\/ahumada_huertos2.jpg","_links":{"self":[{"href":"https:\/\/eltrabajo.cl\/portal\/wp-json\/wp\/v2\/media\/65015","targetHints":{"allow":["GET"]}}],"collection":[{"href":"https:\/\/eltrabajo.cl\/portal\/wp-json\/wp\/v2\/media"}],"about":[{"href":"https:\/\/eltrabajo.cl\/portal\/wp-json\/wp\/v2\/types\/attachment"}],"author":[{"embeddable":true,"href":"https:\/\/eltrabajo.cl\/portal\/wp-json\/wp\/v2\/users\/482"}],"replies":[{"embeddable":true,"href":"https:\/\/eltrabajo.cl\/portal\/wp-json\/wp\/v2\/comments?post=65015"}],"wp:attached-to":[{"embeddable":true,"post_type":"post","id":65013,"href":"https:\/\/eltrabajo.cl\/portal\/wp-json\/wp\/v2\/posts\/65013"}],"curies":[{"name":"wp","href":"https:\/\/api.w.org\/{rel}","templated":true}]}}

<p class="attachment"><a href="https://i0.wp.com/eltrabajo.cl/portal/wp-content/uploads/2015/12/ahumada_huertos2.jpg?ssl=1"><img loading="lazy" decoding="async" width="300" height="198" src="https://i0.wp.com/eltrabajo.cl/portal/wp-content/uploads/2015/12/ahumada_huertos2.jpg?fit=300%2C198&amp;ssl=1" class="attachment-medium size-medium" alt="El accidente se produjo cuando el camión que hacía ingreso a la ruta desde un camino lateral, no respetó el disco Pare, provocando la colisión." srcset="https://i0.wp.com/eltrabajo.cl/portal/wp-content/uploads/2015/12/ahumada_huertos2.jpg?w=530&amp;ssl=1 530w, https://i0.wp.com/eltrabajo.cl/portal/wp-content/uploads/2015/12/ahumada_huertos2.jpg?resize=200%2C132&amp;ssl=1 200w, https://i0.wp.com/eltrabajo.cl/portal/wp-content/uploads/2015/12/ahumada_huertos2.jpg?resize=300%2C198&amp;ssl=1 300w, https://i0.wp.com/eltrabajo.cl/portal/wp-content/uploads/2015/12/ahumada_huertos2.jpg?resize=228%2C150&amp;ssl=1 228w, https://i0.wp.com/eltrabajo.cl/portal/wp-content/uploads/2015/12/ahumada_huertos2.jpg?resize=400%2C263&amp;ssl=1 400w" sizes="auto, (max-width: 300px) 100vw, 300px" /></a></p>
<p>El accidente se produjo cuando el camión que hacía ingreso a la ruta desde un camino lateral, no respetó el disco Pare, provocando la colisión.</p>

<p>El accidente se produjo cuando el camión que hacía ingreso a la ruta desde un camino lateral, no respetó el disco Pare, provocando la colisión.</p>

El accidente se produjo cuando el camión que hacía ingreso a la ruta desde un camino lateral, no respetó el disco Pare, provocando la colisión.
