{"id":65046,"date":"2015-12-22T14:35:05","date_gmt":"2015-12-22T17:35:05","guid":{"rendered":"http:\/\/www.eltrabajo.cl\/portal\/wp-content\/uploads\/2015\/12\/Golpe1.jpg"},"modified":"2015-12-22T14:35:14","modified_gmt":"2015-12-22T17:35:14","slug":"golpe1-4","status":"inherit","type":"attachment","link":"https:\/\/eltrabajo.cl\/portal\/mujer-de-73-anos-tropieza-en-peligrosa-baldosa-de-acera-en-calle-coimas\/golpe1-4\/","title":{"rendered":"Golpe1"},"author":482,"featured_media":0,"comment_status":"open","ping_status":"closed","template":"","meta":{"advanced_seo_description":"","jetpack_seo_html_title":"","jetpack_seo_noindex":false},"class_list":["post-65046","attachment","type-attachment","status-inherit","hentry"],"jetpack_sharing_enabled":true,"jetpack_likes_enabled":true,"description":{"rendered":"<p class=\"attachment\"><a href=\"https:\/\/i0.wp.com\/eltrabajo.cl\/portal\/wp-content\/uploads\/2015\/12\/Golpe1.jpg?ssl=1\"><img loading=\"lazy\" decoding=\"async\" width=\"300\" height=\"198\" src=\"https:\/\/i0.wp.com\/eltrabajo.cl\/portal\/wp-content\/uploads\/2015\/12\/Golpe1.jpg?fit=300%2C198&amp;ssl=1\" class=\"attachment-medium size-medium\" alt=\"FUE AUXILIADA.- As\u00ed qued\u00f3 do\u00f1a Sonia Bruna tras la aparatosa ca\u00edda en la acera, el sangrado es notorio.\" srcset=\"https:\/\/i0.wp.com\/eltrabajo.cl\/portal\/wp-content\/uploads\/2015\/12\/Golpe1.jpg?w=530&amp;ssl=1 530w, https:\/\/i0.wp.com\/eltrabajo.cl\/portal\/wp-content\/uploads\/2015\/12\/Golpe1.jpg?resize=200%2C132&amp;ssl=1 200w, https:\/\/i0.wp.com\/eltrabajo.cl\/portal\/wp-content\/uploads\/2015\/12\/Golpe1.jpg?resize=300%2C198&amp;ssl=1 300w, https:\/\/i0.wp.com\/eltrabajo.cl\/portal\/wp-content\/uploads\/2015\/12\/Golpe1.jpg?resize=227%2C150&amp;ssl=1 227w, https:\/\/i0.wp.com\/eltrabajo.cl\/portal\/wp-content\/uploads\/2015\/12\/Golpe1.jpg?resize=400%2C264&amp;ssl=1 400w\" sizes=\"auto, (max-width: 300px) 100vw, 300px\" \/><\/a><\/p>\n<p>FUE AUXILIADA.- As\u00ed qued\u00f3 do\u00f1a Sonia Bruna tras la aparatosa ca\u00edda en la acera, el sangrado es notorio.<\/p>\n"},"caption":{"rendered":"<p>FUE AUXILIADA.- As\u00ed qued\u00f3 do\u00f1a Sonia Bruna tras la aparatosa ca\u00edda en la acera, el sangrado es notorio.<\/p>\n"},"alt_text":"FUE AUXILIADA.- As\u00ed qued\u00f3 do\u00f1a Sonia Bruna tras la aparatosa ca\u00edda en la acera, el sangrado es notorio.","media_type":"image","mime_type":"image\/jpeg","media_details":{"width":530,"height":350,"file":"2015\/12\/Golpe1.jpg","sizes":{"thumbnail":{"file":"Golpe1-200x132.jpg","width":200,"height":132,"mime_type":"image\/jpeg","source_url":"https:\/\/i0.wp.com\/eltrabajo.cl\/portal\/wp-content\/uploads\/2015\/12\/Golpe1.jpg?fit=200%2C132&ssl=1"},"medium":{"file":"Golpe1-300x198.jpg","width":300,"height":198,"mime_type":"image\/jpeg","source_url":"https:\/\/i0.wp.com\/eltrabajo.cl\/portal\/wp-content\/uploads\/2015\/12\/Golpe1.jpg?fit=300%2C198&ssl=1"},"post-thumbnail":{"file":"Golpe1-227x150.jpg","width":227,"height":150,"mime_type":"image\/jpeg","source_url":"https:\/\/i0.wp.com\/eltrabajo.cl\/portal\/wp-content\/uploads\/2015\/12\/Golpe1.jpg?fit=227%2C150&ssl=1"},"single-post-thumbnail":{"file":"Golpe1-400x264.jpg","width":400,"height":264,"mime_type":"image\/jpeg","source_url":"https:\/\/eltrabajo.cl\/portal\/wp-content\/uploads\/2015\/12\/Golpe1-400x264.jpg"},"full":{"file":"Golpe1.jpg?fit=530%2C350&ssl=1","width":530,"height":350,"mime_type":"image\/jpeg","source_url":"https:\/\/i0.wp.com\/eltrabajo.cl\/portal\/wp-content\/uploads\/2015\/12\/Golpe1.jpg?fit=530%2C350&ssl=1"}},"image_meta":{"aperture":0,"credit":"","camera":"","caption":"","created_timestamp":0,"copyright":"","focal_length":0,"iso":0,"shutter_speed":0,"title":"","orientation":0,"keywords":[]}},"post":65045,"source_url":"https:\/\/eltrabajo.cl\/portal\/wp-content\/uploads\/2015\/12\/Golpe1.jpg","_links":{"self":[{"href":"https:\/\/eltrabajo.cl\/portal\/wp-json\/wp\/v2\/media\/65046","targetHints":{"allow":["GET"]}}],"collection":[{"href":"https:\/\/eltrabajo.cl\/portal\/wp-json\/wp\/v2\/media"}],"about":[{"href":"https:\/\/eltrabajo.cl\/portal\/wp-json\/wp\/v2\/types\/attachment"}],"author":[{"embeddable":true,"href":"https:\/\/eltrabajo.cl\/portal\/wp-json\/wp\/v2\/users\/482"}],"replies":[{"embeddable":true,"href":"https:\/\/eltrabajo.cl\/portal\/wp-json\/wp\/v2\/comments?post=65046"}],"wp:attached-to":[{"embeddable":true,"post_type":"post","id":65045,"href":"https:\/\/eltrabajo.cl\/portal\/wp-json\/wp\/v2\/posts\/65045"}],"curies":[{"name":"wp","href":"https:\/\/api.w.org\/{rel}","templated":true}]}}

<p class="attachment"><a href="https://i0.wp.com/eltrabajo.cl/portal/wp-content/uploads/2015/12/Golpe1.jpg?ssl=1"><img loading="lazy" decoding="async" width="300" height="198" src="https://i0.wp.com/eltrabajo.cl/portal/wp-content/uploads/2015/12/Golpe1.jpg?fit=300%2C198&amp;ssl=1" class="attachment-medium size-medium" alt="FUE AUXILIADA.- Así quedó doña Sonia Bruna tras la aparatosa caída en la acera, el sangrado es notorio." srcset="https://i0.wp.com/eltrabajo.cl/portal/wp-content/uploads/2015/12/Golpe1.jpg?w=530&amp;ssl=1 530w, https://i0.wp.com/eltrabajo.cl/portal/wp-content/uploads/2015/12/Golpe1.jpg?resize=200%2C132&amp;ssl=1 200w, https://i0.wp.com/eltrabajo.cl/portal/wp-content/uploads/2015/12/Golpe1.jpg?resize=300%2C198&amp;ssl=1 300w, https://i0.wp.com/eltrabajo.cl/portal/wp-content/uploads/2015/12/Golpe1.jpg?resize=227%2C150&amp;ssl=1 227w, https://i0.wp.com/eltrabajo.cl/portal/wp-content/uploads/2015/12/Golpe1.jpg?resize=400%2C264&amp;ssl=1 400w" sizes="auto, (max-width: 300px) 100vw, 300px" /></a></p>
<p>FUE AUXILIADA.- Así quedó doña Sonia Bruna tras la aparatosa caída en la acera, el sangrado es notorio.</p>

<p>FUE AUXILIADA.- Así quedó doña Sonia Bruna tras la aparatosa caída en la acera, el sangrado es notorio.</p>

FUE AUXILIADA.- Así quedó doña Sonia Bruna tras la aparatosa caída en la acera, el sangrado es notorio.
