{"id":65156,"date":"2015-12-24T14:29:13","date_gmt":"2015-12-24T17:29:13","guid":{"rendered":"http:\/\/www.eltrabajo.cl\/portal\/wp-content\/uploads\/2015\/12\/FOTO-4-GRAFICA-QUE-MUESTRA-EL-GRUPO-ETAREO-MAS-AFECTADO-POR-BROTE-DE-MENINGITIS-VIRAL.jpg"},"modified":"2015-12-24T14:29:33","modified_gmt":"2015-12-24T17:29:33","slug":"foto-4-grafica-que-muestra-el-grupo-etareo-mas-afectado-por-brote-de-meningitis-viral","status":"inherit","type":"attachment","link":"https:\/\/eltrabajo.cl\/portal\/meningitis-viral-comienza-a-alejarse-de-su-periodo-mas-critico-en-el-valle-de-aconcagua\/foto-4-grafica-que-muestra-el-grupo-etareo-mas-afectado-por-brote-de-meningitis-viral\/","title":{"rendered":"FOTO 4 GRAFICA QUE MUESTRA EL GRUPO ETAREO MAS AFECTADO POR BROTE DE MENINGITIS VIRAL"},"author":482,"featured_media":0,"comment_status":"open","ping_status":"closed","template":"","meta":{"advanced_seo_description":"","jetpack_seo_html_title":"","jetpack_seo_noindex":false},"class_list":["post-65156","attachment","type-attachment","status-inherit","hentry"],"jetpack_sharing_enabled":true,"jetpack_likes_enabled":true,"description":{"rendered":"<p class=\"attachment\"><a href=\"https:\/\/i0.wp.com\/eltrabajo.cl\/portal\/wp-content\/uploads\/2015\/12\/FOTO-4-GRAFICA-QUE-MUESTRA-EL-GRUPO-ETAREO-MAS-AFECTADO-POR-BROTE-DE-MENINGITIS-VIRAL.jpg?ssl=1\"><img loading=\"lazy\" decoding=\"async\" width=\"300\" height=\"199\" src=\"https:\/\/i0.wp.com\/eltrabajo.cl\/portal\/wp-content\/uploads\/2015\/12\/FOTO-4-GRAFICA-QUE-MUESTRA-EL-GRUPO-ETAREO-MAS-AFECTADO-POR-BROTE-DE-MENINGITIS-VIRAL.jpg?fit=300%2C199&amp;ssl=1\" class=\"attachment-medium size-medium\" alt=\"Gr\u00e1fica que muestra el grupo et\u00e1reo m\u00e1s afectado por brote de meningitis viral.\" srcset=\"https:\/\/i0.wp.com\/eltrabajo.cl\/portal\/wp-content\/uploads\/2015\/12\/FOTO-4-GRAFICA-QUE-MUESTRA-EL-GRUPO-ETAREO-MAS-AFECTADO-POR-BROTE-DE-MENINGITIS-VIRAL.jpg?w=528&amp;ssl=1 528w, https:\/\/i0.wp.com\/eltrabajo.cl\/portal\/wp-content\/uploads\/2015\/12\/FOTO-4-GRAFICA-QUE-MUESTRA-EL-GRUPO-ETAREO-MAS-AFECTADO-POR-BROTE-DE-MENINGITIS-VIRAL.jpg?resize=200%2C133&amp;ssl=1 200w, https:\/\/i0.wp.com\/eltrabajo.cl\/portal\/wp-content\/uploads\/2015\/12\/FOTO-4-GRAFICA-QUE-MUESTRA-EL-GRUPO-ETAREO-MAS-AFECTADO-POR-BROTE-DE-MENINGITIS-VIRAL.jpg?resize=300%2C199&amp;ssl=1 300w, https:\/\/i0.wp.com\/eltrabajo.cl\/portal\/wp-content\/uploads\/2015\/12\/FOTO-4-GRAFICA-QUE-MUESTRA-EL-GRUPO-ETAREO-MAS-AFECTADO-POR-BROTE-DE-MENINGITIS-VIRAL.jpg?resize=226%2C150&amp;ssl=1 226w, https:\/\/i0.wp.com\/eltrabajo.cl\/portal\/wp-content\/uploads\/2015\/12\/FOTO-4-GRAFICA-QUE-MUESTRA-EL-GRUPO-ETAREO-MAS-AFECTADO-POR-BROTE-DE-MENINGITIS-VIRAL.jpg?resize=400%2C265&amp;ssl=1 400w\" sizes=\"auto, (max-width: 300px) 100vw, 300px\" \/><\/a><\/p>\n<p>Gr\u00e1fica que muestra el grupo et\u00e1reo m\u00e1s afectado por brote de meningitis viral.<\/p>\n"},"caption":{"rendered":"<p>Gr\u00e1fica que muestra el grupo et\u00e1reo m\u00e1s afectado por brote de meningitis viral.<\/p>\n"},"alt_text":"Gr\u00e1fica que muestra el grupo et\u00e1reo m\u00e1s afectado por brote de meningitis viral.","media_type":"image","mime_type":"image\/jpeg","media_details":{"width":528,"height":350,"file":"2015\/12\/FOTO-4-GRAFICA-QUE-MUESTRA-EL-GRUPO-ETAREO-MAS-AFECTADO-POR-BROTE-DE-MENINGITIS-VIRAL.jpg","sizes":{"thumbnail":{"file":"FOTO-4-GRAFICA-QUE-MUESTRA-EL-GRUPO-ETAREO-MAS-AFECTADO-POR-BROTE-DE-MENINGITIS-VIRAL-200x133.jpg","width":200,"height":133,"mime_type":"image\/jpeg","source_url":"https:\/\/i0.wp.com\/eltrabajo.cl\/portal\/wp-content\/uploads\/2015\/12\/FOTO-4-GRAFICA-QUE-MUESTRA-EL-GRUPO-ETAREO-MAS-AFECTADO-POR-BROTE-DE-MENINGITIS-VIRAL.jpg?fit=200%2C133&ssl=1"},"medium":{"file":"FOTO-4-GRAFICA-QUE-MUESTRA-EL-GRUPO-ETAREO-MAS-AFECTADO-POR-BROTE-DE-MENINGITIS-VIRAL-300x199.jpg","width":300,"height":199,"mime_type":"image\/jpeg","source_url":"https:\/\/i0.wp.com\/eltrabajo.cl\/portal\/wp-content\/uploads\/2015\/12\/FOTO-4-GRAFICA-QUE-MUESTRA-EL-GRUPO-ETAREO-MAS-AFECTADO-POR-BROTE-DE-MENINGITIS-VIRAL.jpg?fit=300%2C199&ssl=1"},"post-thumbnail":{"file":"FOTO-4-GRAFICA-QUE-MUESTRA-EL-GRUPO-ETAREO-MAS-AFECTADO-POR-BROTE-DE-MENINGITIS-VIRAL-226x150.jpg","width":226,"height":150,"mime_type":"image\/jpeg","source_url":"https:\/\/i0.wp.com\/eltrabajo.cl\/portal\/wp-content\/uploads\/2015\/12\/FOTO-4-GRAFICA-QUE-MUESTRA-EL-GRUPO-ETAREO-MAS-AFECTADO-POR-BROTE-DE-MENINGITIS-VIRAL.jpg?fit=226%2C150&ssl=1"},"single-post-thumbnail":{"file":"FOTO-4-GRAFICA-QUE-MUESTRA-EL-GRUPO-ETAREO-MAS-AFECTADO-POR-BROTE-DE-MENINGITIS-VIRAL-400x265.jpg","width":400,"height":265,"mime_type":"image\/jpeg","source_url":"https:\/\/eltrabajo.cl\/portal\/wp-content\/uploads\/2015\/12\/FOTO-4-GRAFICA-QUE-MUESTRA-EL-GRUPO-ETAREO-MAS-AFECTADO-POR-BROTE-DE-MENINGITIS-VIRAL-400x265.jpg"},"full":{"file":"FOTO-4-GRAFICA-QUE-MUESTRA-EL-GRUPO-ETAREO-MAS-AFECTADO-POR-BROTE-DE-MENINGITIS-VIRAL.jpg?fit=528%2C350&ssl=1","width":528,"height":350,"mime_type":"image\/jpeg","source_url":"https:\/\/i0.wp.com\/eltrabajo.cl\/portal\/wp-content\/uploads\/2015\/12\/FOTO-4-GRAFICA-QUE-MUESTRA-EL-GRUPO-ETAREO-MAS-AFECTADO-POR-BROTE-DE-MENINGITIS-VIRAL.jpg?fit=528%2C350&ssl=1"}},"image_meta":{"aperture":0,"credit":"","camera":"","caption":"","created_timestamp":0,"copyright":"Copyright 2012","focal_length":0,"iso":0,"shutter_speed":0,"title":"","orientation":0,"keywords":[]}},"post":65153,"source_url":"https:\/\/eltrabajo.cl\/portal\/wp-content\/uploads\/2015\/12\/FOTO-4-GRAFICA-QUE-MUESTRA-EL-GRUPO-ETAREO-MAS-AFECTADO-POR-BROTE-DE-MENINGITIS-VIRAL.jpg","_links":{"self":[{"href":"https:\/\/eltrabajo.cl\/portal\/wp-json\/wp\/v2\/media\/65156","targetHints":{"allow":["GET"]}}],"collection":[{"href":"https:\/\/eltrabajo.cl\/portal\/wp-json\/wp\/v2\/media"}],"about":[{"href":"https:\/\/eltrabajo.cl\/portal\/wp-json\/wp\/v2\/types\/attachment"}],"author":[{"embeddable":true,"href":"https:\/\/eltrabajo.cl\/portal\/wp-json\/wp\/v2\/users\/482"}],"replies":[{"embeddable":true,"href":"https:\/\/eltrabajo.cl\/portal\/wp-json\/wp\/v2\/comments?post=65156"}],"wp:attached-to":[{"embeddable":true,"post_type":"post","id":65153,"href":"https:\/\/eltrabajo.cl\/portal\/wp-json\/wp\/v2\/posts\/65153"}],"curies":[{"name":"wp","href":"https:\/\/api.w.org\/{rel}","templated":true}]}}

<p class="attachment"><a href="https://i0.wp.com/eltrabajo.cl/portal/wp-content/uploads/2015/12/FOTO-4-GRAFICA-QUE-MUESTRA-EL-GRUPO-ETAREO-MAS-AFECTADO-POR-BROTE-DE-MENINGITIS-VIRAL.jpg?ssl=1"><img loading="lazy" decoding="async" width="300" height="199" src="https://i0.wp.com/eltrabajo.cl/portal/wp-content/uploads/2015/12/FOTO-4-GRAFICA-QUE-MUESTRA-EL-GRUPO-ETAREO-MAS-AFECTADO-POR-BROTE-DE-MENINGITIS-VIRAL.jpg?fit=300%2C199&amp;ssl=1" class="attachment-medium size-medium" alt="Gráfica que muestra el grupo etáreo más afectado por brote de meningitis viral." srcset="https://i0.wp.com/eltrabajo.cl/portal/wp-content/uploads/2015/12/FOTO-4-GRAFICA-QUE-MUESTRA-EL-GRUPO-ETAREO-MAS-AFECTADO-POR-BROTE-DE-MENINGITIS-VIRAL.jpg?w=528&amp;ssl=1 528w, https://i0.wp.com/eltrabajo.cl/portal/wp-content/uploads/2015/12/FOTO-4-GRAFICA-QUE-MUESTRA-EL-GRUPO-ETAREO-MAS-AFECTADO-POR-BROTE-DE-MENINGITIS-VIRAL.jpg?resize=200%2C133&amp;ssl=1 200w, https://i0.wp.com/eltrabajo.cl/portal/wp-content/uploads/2015/12/FOTO-4-GRAFICA-QUE-MUESTRA-EL-GRUPO-ETAREO-MAS-AFECTADO-POR-BROTE-DE-MENINGITIS-VIRAL.jpg?resize=300%2C199&amp;ssl=1 300w, https://i0.wp.com/eltrabajo.cl/portal/wp-content/uploads/2015/12/FOTO-4-GRAFICA-QUE-MUESTRA-EL-GRUPO-ETAREO-MAS-AFECTADO-POR-BROTE-DE-MENINGITIS-VIRAL.jpg?resize=226%2C150&amp;ssl=1 226w, https://i0.wp.com/eltrabajo.cl/portal/wp-content/uploads/2015/12/FOTO-4-GRAFICA-QUE-MUESTRA-EL-GRUPO-ETAREO-MAS-AFECTADO-POR-BROTE-DE-MENINGITIS-VIRAL.jpg?resize=400%2C265&amp;ssl=1 400w" sizes="auto, (max-width: 300px) 100vw, 300px" /></a></p>
<p>Gráfica que muestra el grupo etáreo más afectado por brote de meningitis viral.</p>

<p>Gráfica que muestra el grupo etáreo más afectado por brote de meningitis viral.</p>

Gráfica que muestra el grupo etáreo más afectado por brote de meningitis viral.
