{"id":65162,"date":"2015-12-24T14:32:51","date_gmt":"2015-12-24T17:32:51","guid":{"rendered":"http:\/\/www.eltrabajo.cl\/portal\/wp-content\/uploads\/2015\/12\/FOTO-1-Sargento-Segundo-Luis-Medina-Leon-Presidente-Provincial-de-la-Asociacion-Nacional-de-Sub-Oficiales-Planta-2-Gendarmer\u00eda-de-Chile-ANSOG.jpg"},"modified":"2015-12-24T14:33:07","modified_gmt":"2015-12-24T17:33:07","slug":"foto-1-sargento-segundo-luis-medina-leon-presidente-provincial-de-la-asociacion-nacional-de-sub-oficiales-planta-2-gendarmeria-de-chile-ansog","status":"inherit","type":"attachment","link":"https:\/\/eltrabajo.cl\/portal\/gendarmes-de-san-felipe-inician-movilizacion-que-podria-terminar-en-un-paro-total-de-funciones\/foto-1-sargento-segundo-luis-medina-leon-presidente-provincial-de-la-asociacion-nacional-de-sub-oficiales-planta-2-gendarmeria-de-chile-ansog\/","title":{"rendered":"FOTO 1 Sargento Segundo Luis Medina Leon Presidente Provincial de la Asociacion Nacional de Sub Oficiales Planta 2 Gendarmer\u00eda de Chile ANSOG"},"author":482,"featured_media":0,"comment_status":"open","ping_status":"closed","template":"","meta":{"advanced_seo_description":"","jetpack_seo_html_title":"","jetpack_seo_noindex":false},"class_list":["post-65162","attachment","type-attachment","status-inherit","hentry"],"jetpack_sharing_enabled":true,"jetpack_likes_enabled":true,"description":{"rendered":"<p class=\"attachment\"><a href=\"https:\/\/i0.wp.com\/eltrabajo.cl\/portal\/wp-content\/uploads\/2015\/12\/FOTO-1-Sargento-Segundo-Luis-Medina-Leon-Presidente-Provincial-de-la-Asociacion-Nacional-de-Sub-Oficiales-Planta-2-Gendarmer%C3%ADa-de-Chile-ANSOG.jpg?ssl=1\"><img loading=\"lazy\" decoding=\"async\" width=\"300\" height=\"197\" src=\"https:\/\/i0.wp.com\/eltrabajo.cl\/portal\/wp-content\/uploads\/2015\/12\/FOTO-1-Sargento-Segundo-Luis-Medina-Leon-Presidente-Provincial-de-la-Asociacion-Nacional-de-Sub-Oficiales-Planta-2-Gendarmer%C3%ADa-de-Chile-ANSOG.jpg?fit=300%2C197&amp;ssl=1\" class=\"attachment-medium size-medium\" alt=\"Sargento Segundo Luis Medina Le\u00f3n, presidente provincial de la Asociaci\u00f3n Nacional de Sub Oficiales Planta 2 Gendarmer\u00eda de Chile, Ansog.\" \/><\/a><\/p>\n<p>Sargento Segundo Luis Medina Le\u00f3n, presidente provincial de la Asociaci\u00f3n Nacional de Sub Oficiales Planta 2 Gendarmer\u00eda de Chile, Ansog.<\/p>\n"},"caption":{"rendered":"<p>Sargento Segundo Luis Medina Le\u00f3n, presidente provincial de la Asociaci\u00f3n Nacional de Sub Oficiales Planta 2 Gendarmer\u00eda de Chile, Ansog.<\/p>\n"},"alt_text":"Sargento Segundo Luis Medina Le\u00f3n, presidente provincial de la Asociaci\u00f3n Nacional de Sub Oficiales Planta 2 Gendarmer\u00eda de Chile, Ansog.","media_type":"image","mime_type":"image\/jpeg","media_details":{"width":530,"height":348,"file":"2015\/12\/FOTO-1-Sargento-Segundo-Luis-Medina-Leon-Presidente-Provincial-de-la-Asociacion-Nacional-de-Sub-Oficiales-Planta-2-Gendarmer\u00eda-de-Chile-ANSOG.jpg","sizes":{"thumbnail":{"file":"FOTO-1-Sargento-Segundo-Luis-Medina-Leon-Presidente-Provincial-de-la-Asociacion-Nacional-de-Sub-Oficiales-Planta-2-Gendarmer\u00eda-de-Chile-ANSOG-200x131.jpg","width":200,"height":131,"mime_type":"image\/jpeg","source_url":"https:\/\/i0.wp.com\/eltrabajo.cl\/portal\/wp-content\/uploads\/2015\/12\/FOTO-1-Sargento-Segundo-Luis-Medina-Leon-Presidente-Provincial-de-la-Asociacion-Nacional-de-Sub-Oficiales-Planta-2-Gendarmer%C3%ADa-de-Chile-ANSOG.jpg?fit=200%2C131&ssl=1"},"medium":{"file":"FOTO-1-Sargento-Segundo-Luis-Medina-Leon-Presidente-Provincial-de-la-Asociacion-Nacional-de-Sub-Oficiales-Planta-2-Gendarmer\u00eda-de-Chile-ANSOG-300x197.jpg","width":300,"height":197,"mime_type":"image\/jpeg","source_url":"https:\/\/i0.wp.com\/eltrabajo.cl\/portal\/wp-content\/uploads\/2015\/12\/FOTO-1-Sargento-Segundo-Luis-Medina-Leon-Presidente-Provincial-de-la-Asociacion-Nacional-de-Sub-Oficiales-Planta-2-Gendarmer%C3%ADa-de-Chile-ANSOG.jpg?fit=300%2C197&ssl=1"},"post-thumbnail":{"file":"FOTO-1-Sargento-Segundo-Luis-Medina-Leon-Presidente-Provincial-de-la-Asociacion-Nacional-de-Sub-Oficiales-Planta-2-Gendarmer\u00eda-de-Chile-ANSOG-228x150.jpg","width":228,"height":150,"mime_type":"image\/jpeg","source_url":"https:\/\/i0.wp.com\/eltrabajo.cl\/portal\/wp-content\/uploads\/2015\/12\/FOTO-1-Sargento-Segundo-Luis-Medina-Leon-Presidente-Provincial-de-la-Asociacion-Nacional-de-Sub-Oficiales-Planta-2-Gendarmer%C3%ADa-de-Chile-ANSOG.jpg?fit=228%2C150&ssl=1"},"single-post-thumbnail":{"file":"FOTO-1-Sargento-Segundo-Luis-Medina-Leon-Presidente-Provincial-de-la-Asociacion-Nacional-de-Sub-Oficiales-Planta-2-Gendarmer\u00eda-de-Chile-ANSOG-400x263.jpg","width":400,"height":263,"mime_type":"image\/jpeg","source_url":"https:\/\/eltrabajo.cl\/portal\/wp-content\/uploads\/2015\/12\/FOTO-1-Sargento-Segundo-Luis-Medina-Leon-Presidente-Provincial-de-la-Asociacion-Nacional-de-Sub-Oficiales-Planta-2-Gendarmer\u00eda-de-Chile-ANSOG-400x263.jpg"},"full":{"file":"FOTO-1-Sargento-Segundo-Luis-Medina-Leon-Presidente-Provincial-de-la-Asociacion-Nacional-de-Sub-Oficiales-Planta-2-Gendarmer%C3%ADa-de-Chile-ANSOG.jpg?fit=530%2C348&ssl=1","width":530,"height":348,"mime_type":"image\/jpeg","source_url":"https:\/\/i0.wp.com\/eltrabajo.cl\/portal\/wp-content\/uploads\/2015\/12\/FOTO-1-Sargento-Segundo-Luis-Medina-Leon-Presidente-Provincial-de-la-Asociacion-Nacional-de-Sub-Oficiales-Planta-2-Gendarmer%C3%ADa-de-Chile-ANSOG.jpg?fit=530%2C348&ssl=1"}},"image_meta":{"aperture":0,"credit":"","camera":"","caption":"","created_timestamp":0,"copyright":"Copyright 2012","focal_length":0,"iso":0,"shutter_speed":0,"title":"","orientation":0,"keywords":[]}},"post":65160,"source_url":"https:\/\/eltrabajo.cl\/portal\/wp-content\/uploads\/2015\/12\/FOTO-1-Sargento-Segundo-Luis-Medina-Leon-Presidente-Provincial-de-la-Asociacion-Nacional-de-Sub-Oficiales-Planta-2-Gendarmer\u00eda-de-Chile-ANSOG.jpg","_links":{"self":[{"href":"https:\/\/eltrabajo.cl\/portal\/wp-json\/wp\/v2\/media\/65162","targetHints":{"allow":["GET"]}}],"collection":[{"href":"https:\/\/eltrabajo.cl\/portal\/wp-json\/wp\/v2\/media"}],"about":[{"href":"https:\/\/eltrabajo.cl\/portal\/wp-json\/wp\/v2\/types\/attachment"}],"author":[{"embeddable":true,"href":"https:\/\/eltrabajo.cl\/portal\/wp-json\/wp\/v2\/users\/482"}],"replies":[{"embeddable":true,"href":"https:\/\/eltrabajo.cl\/portal\/wp-json\/wp\/v2\/comments?post=65162"}],"wp:attached-to":[{"embeddable":true,"post_type":"post","id":65160,"href":"https:\/\/eltrabajo.cl\/portal\/wp-json\/wp\/v2\/posts\/65160"}],"curies":[{"name":"wp","href":"https:\/\/api.w.org\/{rel}","templated":true}]}}

http://www.eltrabajo.cl/portal/wp-content/uploads/2015/12/FOTO-1-Sargento-Segundo-Luis-Medina-Leon-Presidente-Provincial-de-la-Asociacion-Nacional-de-Sub-Oficiales-Planta-2-Gendarmería-de-Chile-ANSOG.jpg

FOTO 1 Sargento Segundo Luis Medina Leon Presidente Provincial de la Asociacion Nacional de Sub Oficiales Planta 2 Gendarmería de Chile ANSOG

<p class="attachment"><a href="https://i0.wp.com/eltrabajo.cl/portal/wp-content/uploads/2015/12/FOTO-1-Sargento-Segundo-Luis-Medina-Leon-Presidente-Provincial-de-la-Asociacion-Nacional-de-Sub-Oficiales-Planta-2-Gendarmer%C3%ADa-de-Chile-ANSOG.jpg?ssl=1"><img loading="lazy" decoding="async" width="300" height="197" src="https://i0.wp.com/eltrabajo.cl/portal/wp-content/uploads/2015/12/FOTO-1-Sargento-Segundo-Luis-Medina-Leon-Presidente-Provincial-de-la-Asociacion-Nacional-de-Sub-Oficiales-Planta-2-Gendarmer%C3%ADa-de-Chile-ANSOG.jpg?fit=300%2C197&amp;ssl=1" class="attachment-medium size-medium" alt="Sargento Segundo Luis Medina León, presidente provincial de la Asociación Nacional de Sub Oficiales Planta 2 Gendarmería de Chile, Ansog." /></a></p>
<p>Sargento Segundo Luis Medina León, presidente provincial de la Asociación Nacional de Sub Oficiales Planta 2 Gendarmería de Chile, Ansog.</p>

<p>Sargento Segundo Luis Medina León, presidente provincial de la Asociación Nacional de Sub Oficiales Planta 2 Gendarmería de Chile, Ansog.</p>

Sargento Segundo Luis Medina León, presidente provincial de la Asociación Nacional de Sub Oficiales Planta 2 Gendarmería de Chile, Ansog.

2015/12/FOTO-1-Sargento-Segundo-Luis-Medina-Leon-Presidente-Provincial-de-la-Asociacion-Nacional-de-Sub-Oficiales-Planta-2-Gendarmería-de-Chile-ANSOG.jpg

FOTO-1-Sargento-Segundo-Luis-Medina-Leon-Presidente-Provincial-de-la-Asociacion-Nacional-de-Sub-Oficiales-Planta-2-Gendarmería-de-Chile-ANSOG-200x131.jpg

FOTO-1-Sargento-Segundo-Luis-Medina-Leon-Presidente-Provincial-de-la-Asociacion-Nacional-de-Sub-Oficiales-Planta-2-Gendarmería-de-Chile-ANSOG-300x197.jpg

FOTO-1-Sargento-Segundo-Luis-Medina-Leon-Presidente-Provincial-de-la-Asociacion-Nacional-de-Sub-Oficiales-Planta-2-Gendarmería-de-Chile-ANSOG-228x150.jpg

FOTO-1-Sargento-Segundo-Luis-Medina-Leon-Presidente-Provincial-de-la-Asociacion-Nacional-de-Sub-Oficiales-Planta-2-Gendarmería-de-Chile-ANSOG-400x263.jpg

https://eltrabajo.cl/portal/wp-content/uploads/2015/12/FOTO-1-Sargento-Segundo-Luis-Medina-Leon-Presidente-Provincial-de-la-Asociacion-Nacional-de-Sub-Oficiales-Planta-2-Gendarmería-de-Chile-ANSOG-400x263.jpg

https://eltrabajo.cl/portal/wp-content/uploads/2015/12/FOTO-1-Sargento-Segundo-Luis-Medina-Leon-Presidente-Provincial-de-la-Asociacion-Nacional-de-Sub-Oficiales-Planta-2-Gendarmería-de-Chile-ANSOG.jpg
