{"id":65224,"date":"2015-12-28T15:05:25","date_gmt":"2015-12-28T18:05:25","guid":{"rendered":"http:\/\/www.eltrabajo.cl\/portal\/wp-content\/uploads\/2015\/12\/incendio-3.jpg"},"modified":"2015-12-28T15:05:54","modified_gmt":"2015-12-28T18:05:54","slug":"incendio-3-9","status":"inherit","type":"attachment","link":"https:\/\/eltrabajo.cl\/portal\/incendio-arruino-navidad-a-familia-de-carabinero-calcinando-parte-de-su-vivienda\/incendio-3-9\/","title":{"rendered":"incendio 3"},"author":482,"featured_media":0,"comment_status":"open","ping_status":"closed","template":"","meta":{"advanced_seo_description":"","jetpack_seo_html_title":"","jetpack_seo_noindex":false},"class_list":["post-65224","attachment","type-attachment","status-inherit","hentry"],"jetpack_sharing_enabled":true,"jetpack_likes_enabled":true,"description":{"rendered":"<p class=\"attachment\"><a href=\"https:\/\/i0.wp.com\/eltrabajo.cl\/portal\/wp-content\/uploads\/2015\/12\/incendio-3.jpg?ssl=1\"><img loading=\"lazy\" decoding=\"async\" width=\"300\" height=\"198\" src=\"https:\/\/i0.wp.com\/eltrabajo.cl\/portal\/wp-content\/uploads\/2015\/12\/incendio-3.jpg?fit=300%2C198&amp;ssl=1\" class=\"attachment-medium size-medium\" alt=\"Bomberos control\u00f3 el incendio gracias a la intervenci\u00f3n de cuatro compa\u00f1\u00edas.\" srcset=\"https:\/\/i0.wp.com\/eltrabajo.cl\/portal\/wp-content\/uploads\/2015\/12\/incendio-3.jpg?w=530&amp;ssl=1 530w, https:\/\/i0.wp.com\/eltrabajo.cl\/portal\/wp-content\/uploads\/2015\/12\/incendio-3.jpg?resize=200%2C132&amp;ssl=1 200w, https:\/\/i0.wp.com\/eltrabajo.cl\/portal\/wp-content\/uploads\/2015\/12\/incendio-3.jpg?resize=300%2C198&amp;ssl=1 300w, https:\/\/i0.wp.com\/eltrabajo.cl\/portal\/wp-content\/uploads\/2015\/12\/incendio-3.jpg?resize=228%2C150&amp;ssl=1 228w, https:\/\/i0.wp.com\/eltrabajo.cl\/portal\/wp-content\/uploads\/2015\/12\/incendio-3.jpg?resize=400%2C263&amp;ssl=1 400w\" sizes=\"auto, (max-width: 300px) 100vw, 300px\" \/><\/a><\/p>\n<p>Bomberos control\u00f3 el incendio gracias a la intervenci\u00f3n de cuatro compa\u00f1\u00edas.<\/p>\n"},"caption":{"rendered":"<p>Bomberos control\u00f3 el incendio gracias a la intervenci\u00f3n de cuatro compa\u00f1\u00edas.<\/p>\n"},"alt_text":"Bomberos control\u00f3 el incendio gracias a la intervenci\u00f3n de cuatro compa\u00f1\u00edas.","media_type":"image","mime_type":"image\/jpeg","media_details":{"width":530,"height":349,"file":"2015\/12\/incendio-3.jpg","sizes":{"thumbnail":{"file":"incendio-3-200x132.jpg","width":200,"height":132,"mime_type":"image\/jpeg","source_url":"https:\/\/i0.wp.com\/eltrabajo.cl\/portal\/wp-content\/uploads\/2015\/12\/incendio-3.jpg?fit=200%2C132&ssl=1"},"medium":{"file":"incendio-3-300x198.jpg","width":300,"height":198,"mime_type":"image\/jpeg","source_url":"https:\/\/i0.wp.com\/eltrabajo.cl\/portal\/wp-content\/uploads\/2015\/12\/incendio-3.jpg?fit=300%2C198&ssl=1"},"post-thumbnail":{"file":"incendio-3-228x150.jpg","width":228,"height":150,"mime_type":"image\/jpeg","source_url":"https:\/\/i0.wp.com\/eltrabajo.cl\/portal\/wp-content\/uploads\/2015\/12\/incendio-3.jpg?fit=228%2C150&ssl=1"},"single-post-thumbnail":{"file":"incendio-3-400x263.jpg","width":400,"height":263,"mime_type":"image\/jpeg","source_url":"https:\/\/eltrabajo.cl\/portal\/wp-content\/uploads\/2015\/12\/incendio-3-400x263.jpg"},"full":{"file":"incendio-3.jpg?fit=530%2C349&ssl=1","width":530,"height":349,"mime_type":"image\/jpeg","source_url":"https:\/\/i0.wp.com\/eltrabajo.cl\/portal\/wp-content\/uploads\/2015\/12\/incendio-3.jpg?fit=530%2C349&ssl=1"}},"image_meta":{"aperture":0,"credit":"","camera":"","caption":"","created_timestamp":0,"copyright":"","focal_length":0,"iso":0,"shutter_speed":0,"title":"","orientation":0,"keywords":[]}},"post":65221,"source_url":"https:\/\/eltrabajo.cl\/portal\/wp-content\/uploads\/2015\/12\/incendio-3.jpg","_links":{"self":[{"href":"https:\/\/eltrabajo.cl\/portal\/wp-json\/wp\/v2\/media\/65224","targetHints":{"allow":["GET"]}}],"collection":[{"href":"https:\/\/eltrabajo.cl\/portal\/wp-json\/wp\/v2\/media"}],"about":[{"href":"https:\/\/eltrabajo.cl\/portal\/wp-json\/wp\/v2\/types\/attachment"}],"author":[{"embeddable":true,"href":"https:\/\/eltrabajo.cl\/portal\/wp-json\/wp\/v2\/users\/482"}],"replies":[{"embeddable":true,"href":"https:\/\/eltrabajo.cl\/portal\/wp-json\/wp\/v2\/comments?post=65224"}],"wp:attached-to":[{"embeddable":true,"post_type":"post","id":65221,"href":"https:\/\/eltrabajo.cl\/portal\/wp-json\/wp\/v2\/posts\/65221"}],"curies":[{"name":"wp","href":"https:\/\/api.w.org\/{rel}","templated":true}]}}

<p class="attachment"><a href="https://i0.wp.com/eltrabajo.cl/portal/wp-content/uploads/2015/12/incendio-3.jpg?ssl=1"><img loading="lazy" decoding="async" width="300" height="198" src="https://i0.wp.com/eltrabajo.cl/portal/wp-content/uploads/2015/12/incendio-3.jpg?fit=300%2C198&amp;ssl=1" class="attachment-medium size-medium" alt="Bomberos controló el incendio gracias a la intervención de cuatro compañías." srcset="https://i0.wp.com/eltrabajo.cl/portal/wp-content/uploads/2015/12/incendio-3.jpg?w=530&amp;ssl=1 530w, https://i0.wp.com/eltrabajo.cl/portal/wp-content/uploads/2015/12/incendio-3.jpg?resize=200%2C132&amp;ssl=1 200w, https://i0.wp.com/eltrabajo.cl/portal/wp-content/uploads/2015/12/incendio-3.jpg?resize=300%2C198&amp;ssl=1 300w, https://i0.wp.com/eltrabajo.cl/portal/wp-content/uploads/2015/12/incendio-3.jpg?resize=228%2C150&amp;ssl=1 228w, https://i0.wp.com/eltrabajo.cl/portal/wp-content/uploads/2015/12/incendio-3.jpg?resize=400%2C263&amp;ssl=1 400w" sizes="auto, (max-width: 300px) 100vw, 300px" /></a></p>
<p>Bomberos controló el incendio gracias a la intervención de cuatro compañías.</p>

<p>Bomberos controló el incendio gracias a la intervención de cuatro compañías.</p>

Bomberos controló el incendio gracias a la intervención de cuatro compañías.
