{"id":65266,"date":"2015-12-29T15:57:26","date_gmt":"2015-12-29T18:57:26","guid":{"rendered":"http:\/\/www.eltrabajo.cl\/portal\/wp-content\/uploads\/2015\/12\/FOTO-2-MAS-DE-UNA-DECADA-QUE-LOS-SANFELIPENOS-NO-PODIAN-VER-ESTE-CAUDAL-EN-EL-RIO-ACONCAGUA.jpg"},"modified":"2015-12-29T15:57:44","modified_gmt":"2015-12-29T18:57:44","slug":"foto-2-mas-de-una-decada-que-los-sanfelipenos-no-podian-ver-este-caudal-en-el-rio-aconcagua","status":"inherit","type":"attachment","link":"https:\/\/eltrabajo.cl\/portal\/rio-aconcagua-vuelve-a-tener-un-caudal-que-no-mostraba-hace-una-decada\/foto-2-mas-de-una-decada-que-los-sanfelipenos-no-podian-ver-este-caudal-en-el-rio-aconcagua\/","title":{"rendered":"FOTO 2 MAS DE UNA DECADA QUE LOS SANFELIPENOS NO PODIAN VER ESTE CAUDAL  EN EL RIO ACONCAGUA"},"author":482,"featured_media":0,"comment_status":"open","ping_status":"closed","template":"","meta":{"advanced_seo_description":"","jetpack_seo_html_title":"","jetpack_seo_noindex":false},"class_list":["post-65266","attachment","type-attachment","status-inherit","hentry"],"jetpack_sharing_enabled":true,"jetpack_likes_enabled":true,"description":{"rendered":"<p class=\"attachment\"><a href=\"https:\/\/i0.wp.com\/eltrabajo.cl\/portal\/wp-content\/uploads\/2015\/12\/FOTO-2-MAS-DE-UNA-DECADA-QUE-LOS-SANFELIPENOS-NO-PODIAN-VER-ESTE-CAUDAL-EN-EL-RIO-ACONCAGUA.jpg?ssl=1\"><img loading=\"lazy\" decoding=\"async\" width=\"300\" height=\"198\" src=\"https:\/\/i0.wp.com\/eltrabajo.cl\/portal\/wp-content\/uploads\/2015\/12\/FOTO-2-MAS-DE-UNA-DECADA-QUE-LOS-SANFELIPENOS-NO-PODIAN-VER-ESTE-CAUDAL-EN-EL-RIO-ACONCAGUA.jpg?fit=300%2C198&amp;ssl=1\" class=\"attachment-medium size-medium\" alt=\"M\u00e1s de una d\u00e9cada que los sanfelipe\u00f1os no pod\u00edan ver este caudal del Aconcagua.\" srcset=\"https:\/\/i0.wp.com\/eltrabajo.cl\/portal\/wp-content\/uploads\/2015\/12\/FOTO-2-MAS-DE-UNA-DECADA-QUE-LOS-SANFELIPENOS-NO-PODIAN-VER-ESTE-CAUDAL-EN-EL-RIO-ACONCAGUA.jpg?w=530&amp;ssl=1 530w, https:\/\/i0.wp.com\/eltrabajo.cl\/portal\/wp-content\/uploads\/2015\/12\/FOTO-2-MAS-DE-UNA-DECADA-QUE-LOS-SANFELIPENOS-NO-PODIAN-VER-ESTE-CAUDAL-EN-EL-RIO-ACONCAGUA.jpg?resize=200%2C132&amp;ssl=1 200w, https:\/\/i0.wp.com\/eltrabajo.cl\/portal\/wp-content\/uploads\/2015\/12\/FOTO-2-MAS-DE-UNA-DECADA-QUE-LOS-SANFELIPENOS-NO-PODIAN-VER-ESTE-CAUDAL-EN-EL-RIO-ACONCAGUA.jpg?resize=300%2C198&amp;ssl=1 300w, https:\/\/i0.wp.com\/eltrabajo.cl\/portal\/wp-content\/uploads\/2015\/12\/FOTO-2-MAS-DE-UNA-DECADA-QUE-LOS-SANFELIPENOS-NO-PODIAN-VER-ESTE-CAUDAL-EN-EL-RIO-ACONCAGUA.jpg?resize=228%2C150&amp;ssl=1 228w, https:\/\/i0.wp.com\/eltrabajo.cl\/portal\/wp-content\/uploads\/2015\/12\/FOTO-2-MAS-DE-UNA-DECADA-QUE-LOS-SANFELIPENOS-NO-PODIAN-VER-ESTE-CAUDAL-EN-EL-RIO-ACONCAGUA.jpg?resize=400%2C263&amp;ssl=1 400w\" sizes=\"auto, (max-width: 300px) 100vw, 300px\" \/><\/a><\/p>\n<p>M\u00e1s de una d\u00e9cada que los sanfelipe\u00f1os no pod\u00edan ver este caudal del Aconcagua.<\/p>\n"},"caption":{"rendered":"<p>M\u00e1s de una d\u00e9cada que los sanfelipe\u00f1os no pod\u00edan ver este caudal del Aconcagua.<\/p>\n"},"alt_text":"M\u00e1s de una d\u00e9cada que los sanfelipe\u00f1os no pod\u00edan ver este caudal del Aconcagua.","media_type":"image","mime_type":"image\/jpeg","media_details":{"width":530,"height":349,"file":"2015\/12\/FOTO-2-MAS-DE-UNA-DECADA-QUE-LOS-SANFELIPENOS-NO-PODIAN-VER-ESTE-CAUDAL-EN-EL-RIO-ACONCAGUA.jpg","sizes":{"thumbnail":{"file":"FOTO-2-MAS-DE-UNA-DECADA-QUE-LOS-SANFELIPENOS-NO-PODIAN-VER-ESTE-CAUDAL-EN-EL-RIO-ACONCAGUA-200x132.jpg","width":200,"height":132,"mime_type":"image\/jpeg","source_url":"https:\/\/i0.wp.com\/eltrabajo.cl\/portal\/wp-content\/uploads\/2015\/12\/FOTO-2-MAS-DE-UNA-DECADA-QUE-LOS-SANFELIPENOS-NO-PODIAN-VER-ESTE-CAUDAL-EN-EL-RIO-ACONCAGUA.jpg?fit=200%2C132&ssl=1"},"medium":{"file":"FOTO-2-MAS-DE-UNA-DECADA-QUE-LOS-SANFELIPENOS-NO-PODIAN-VER-ESTE-CAUDAL-EN-EL-RIO-ACONCAGUA-300x198.jpg","width":300,"height":198,"mime_type":"image\/jpeg","source_url":"https:\/\/i0.wp.com\/eltrabajo.cl\/portal\/wp-content\/uploads\/2015\/12\/FOTO-2-MAS-DE-UNA-DECADA-QUE-LOS-SANFELIPENOS-NO-PODIAN-VER-ESTE-CAUDAL-EN-EL-RIO-ACONCAGUA.jpg?fit=300%2C198&ssl=1"},"post-thumbnail":{"file":"FOTO-2-MAS-DE-UNA-DECADA-QUE-LOS-SANFELIPENOS-NO-PODIAN-VER-ESTE-CAUDAL-EN-EL-RIO-ACONCAGUA-228x150.jpg","width":228,"height":150,"mime_type":"image\/jpeg","source_url":"https:\/\/i0.wp.com\/eltrabajo.cl\/portal\/wp-content\/uploads\/2015\/12\/FOTO-2-MAS-DE-UNA-DECADA-QUE-LOS-SANFELIPENOS-NO-PODIAN-VER-ESTE-CAUDAL-EN-EL-RIO-ACONCAGUA.jpg?fit=228%2C150&ssl=1"},"single-post-thumbnail":{"file":"FOTO-2-MAS-DE-UNA-DECADA-QUE-LOS-SANFELIPENOS-NO-PODIAN-VER-ESTE-CAUDAL-EN-EL-RIO-ACONCAGUA-400x263.jpg","width":400,"height":263,"mime_type":"image\/jpeg","source_url":"https:\/\/eltrabajo.cl\/portal\/wp-content\/uploads\/2015\/12\/FOTO-2-MAS-DE-UNA-DECADA-QUE-LOS-SANFELIPENOS-NO-PODIAN-VER-ESTE-CAUDAL-EN-EL-RIO-ACONCAGUA-400x263.jpg"},"full":{"file":"FOTO-2-MAS-DE-UNA-DECADA-QUE-LOS-SANFELIPENOS-NO-PODIAN-VER-ESTE-CAUDAL-EN-EL-RIO-ACONCAGUA.jpg?fit=530%2C349&ssl=1","width":530,"height":349,"mime_type":"image\/jpeg","source_url":"https:\/\/i0.wp.com\/eltrabajo.cl\/portal\/wp-content\/uploads\/2015\/12\/FOTO-2-MAS-DE-UNA-DECADA-QUE-LOS-SANFELIPENOS-NO-PODIAN-VER-ESTE-CAUDAL-EN-EL-RIO-ACONCAGUA.jpg?fit=530%2C349&ssl=1"}},"image_meta":{"aperture":0,"credit":"","camera":"","caption":"","created_timestamp":0,"copyright":"","focal_length":0,"iso":0,"shutter_speed":0,"title":"","orientation":0,"keywords":[]}},"post":65264,"source_url":"https:\/\/eltrabajo.cl\/portal\/wp-content\/uploads\/2015\/12\/FOTO-2-MAS-DE-UNA-DECADA-QUE-LOS-SANFELIPENOS-NO-PODIAN-VER-ESTE-CAUDAL-EN-EL-RIO-ACONCAGUA.jpg","_links":{"self":[{"href":"https:\/\/eltrabajo.cl\/portal\/wp-json\/wp\/v2\/media\/65266","targetHints":{"allow":["GET"]}}],"collection":[{"href":"https:\/\/eltrabajo.cl\/portal\/wp-json\/wp\/v2\/media"}],"about":[{"href":"https:\/\/eltrabajo.cl\/portal\/wp-json\/wp\/v2\/types\/attachment"}],"author":[{"embeddable":true,"href":"https:\/\/eltrabajo.cl\/portal\/wp-json\/wp\/v2\/users\/482"}],"replies":[{"embeddable":true,"href":"https:\/\/eltrabajo.cl\/portal\/wp-json\/wp\/v2\/comments?post=65266"}],"wp:attached-to":[{"embeddable":true,"post_type":"post","id":65264,"href":"https:\/\/eltrabajo.cl\/portal\/wp-json\/wp\/v2\/posts\/65264"}],"curies":[{"name":"wp","href":"https:\/\/api.w.org\/{rel}","templated":true}]}}

<p class="attachment"><a href="https://i0.wp.com/eltrabajo.cl/portal/wp-content/uploads/2015/12/FOTO-2-MAS-DE-UNA-DECADA-QUE-LOS-SANFELIPENOS-NO-PODIAN-VER-ESTE-CAUDAL-EN-EL-RIO-ACONCAGUA.jpg?ssl=1"><img loading="lazy" decoding="async" width="300" height="198" src="https://i0.wp.com/eltrabajo.cl/portal/wp-content/uploads/2015/12/FOTO-2-MAS-DE-UNA-DECADA-QUE-LOS-SANFELIPENOS-NO-PODIAN-VER-ESTE-CAUDAL-EN-EL-RIO-ACONCAGUA.jpg?fit=300%2C198&amp;ssl=1" class="attachment-medium size-medium" alt="Más de una década que los sanfelipeños no podían ver este caudal del Aconcagua." srcset="https://i0.wp.com/eltrabajo.cl/portal/wp-content/uploads/2015/12/FOTO-2-MAS-DE-UNA-DECADA-QUE-LOS-SANFELIPENOS-NO-PODIAN-VER-ESTE-CAUDAL-EN-EL-RIO-ACONCAGUA.jpg?w=530&amp;ssl=1 530w, https://i0.wp.com/eltrabajo.cl/portal/wp-content/uploads/2015/12/FOTO-2-MAS-DE-UNA-DECADA-QUE-LOS-SANFELIPENOS-NO-PODIAN-VER-ESTE-CAUDAL-EN-EL-RIO-ACONCAGUA.jpg?resize=200%2C132&amp;ssl=1 200w, https://i0.wp.com/eltrabajo.cl/portal/wp-content/uploads/2015/12/FOTO-2-MAS-DE-UNA-DECADA-QUE-LOS-SANFELIPENOS-NO-PODIAN-VER-ESTE-CAUDAL-EN-EL-RIO-ACONCAGUA.jpg?resize=300%2C198&amp;ssl=1 300w, https://i0.wp.com/eltrabajo.cl/portal/wp-content/uploads/2015/12/FOTO-2-MAS-DE-UNA-DECADA-QUE-LOS-SANFELIPENOS-NO-PODIAN-VER-ESTE-CAUDAL-EN-EL-RIO-ACONCAGUA.jpg?resize=228%2C150&amp;ssl=1 228w, https://i0.wp.com/eltrabajo.cl/portal/wp-content/uploads/2015/12/FOTO-2-MAS-DE-UNA-DECADA-QUE-LOS-SANFELIPENOS-NO-PODIAN-VER-ESTE-CAUDAL-EN-EL-RIO-ACONCAGUA.jpg?resize=400%2C263&amp;ssl=1 400w" sizes="auto, (max-width: 300px) 100vw, 300px" /></a></p>
<p>Más de una década que los sanfelipeños no podían ver este caudal del Aconcagua.</p>

<p>Más de una década que los sanfelipeños no podían ver este caudal del Aconcagua.</p>

Más de una década que los sanfelipeños no podían ver este caudal del Aconcagua.
