{"id":65302,"date":"2015-12-30T14:44:58","date_gmt":"2015-12-30T17:44:58","guid":{"rendered":"http:\/\/www.eltrabajo.cl\/portal\/wp-content\/uploads\/2015\/12\/Maqueta33.jpg"},"modified":"2015-12-30T14:48:18","modified_gmt":"2015-12-30T17:48:18","slug":"maqueta33","status":"inherit","type":"attachment","link":"https:\/\/eltrabajo.cl\/portal\/villa-el-senorial-clama-por-tener-una-nueva-sede-vecinal\/maqueta33\/","title":{"rendered":"Maqueta33"},"author":482,"featured_media":0,"comment_status":"open","ping_status":"closed","template":"","meta":{"advanced_seo_description":"","jetpack_seo_html_title":"","jetpack_seo_noindex":false},"class_list":["post-65302","attachment","type-attachment","status-inherit","hentry"],"jetpack_sharing_enabled":true,"jetpack_likes_enabled":true,"description":{"rendered":"<p class=\"attachment\"><a href=\"https:\/\/i0.wp.com\/eltrabajo.cl\/portal\/wp-content\/uploads\/2015\/12\/Maqueta33.jpg?ssl=1\"><img loading=\"lazy\" decoding=\"async\" width=\"300\" height=\"198\" src=\"https:\/\/i0.wp.com\/eltrabajo.cl\/portal\/wp-content\/uploads\/2015\/12\/Maqueta33.jpg?fit=300%2C198&amp;ssl=1\" class=\"attachment-medium size-medium\" alt=\"UN SUE\u00d1O POSIBLE.- Esta es la maqueta de planificaci\u00f3n, que muestra c\u00f3mo ser\u00e1 la nueva sede vecinal en villa El Se\u00f1orial.\" srcset=\"https:\/\/i0.wp.com\/eltrabajo.cl\/portal\/wp-content\/uploads\/2015\/12\/Maqueta33.jpg?w=530&amp;ssl=1 530w, https:\/\/i0.wp.com\/eltrabajo.cl\/portal\/wp-content\/uploads\/2015\/12\/Maqueta33.jpg?resize=200%2C132&amp;ssl=1 200w, https:\/\/i0.wp.com\/eltrabajo.cl\/portal\/wp-content\/uploads\/2015\/12\/Maqueta33.jpg?resize=300%2C198&amp;ssl=1 300w, https:\/\/i0.wp.com\/eltrabajo.cl\/portal\/wp-content\/uploads\/2015\/12\/Maqueta33.jpg?resize=227%2C150&amp;ssl=1 227w, https:\/\/i0.wp.com\/eltrabajo.cl\/portal\/wp-content\/uploads\/2015\/12\/Maqueta33.jpg?resize=400%2C264&amp;ssl=1 400w\" sizes=\"auto, (max-width: 300px) 100vw, 300px\" \/><\/a><\/p>\n<p>UN SUE\u00d1O POSIBLE.- Esta es la maqueta de planificaci\u00f3n, que muestra c\u00f3mo ser\u00e1 la nueva sede vecinal en villa El Se\u00f1orial.<\/p>\n"},"caption":{"rendered":"<p>UN SUE\u00d1O POSIBLE.- Esta es la maqueta de planificaci\u00f3n, que muestra c\u00f3mo ser\u00e1 la nueva sede vecinal en villa El Se\u00f1orial.<\/p>\n"},"alt_text":"UN SUE\u00d1O POSIBLE.- Esta es la maqueta de planificaci\u00f3n, que muestra c\u00f3mo ser\u00e1 la nueva sede vecinal en villa El Se\u00f1orial.","media_type":"image","mime_type":"image\/jpeg","media_details":{"width":530,"height":350,"file":"2015\/12\/Maqueta33.jpg","sizes":{"thumbnail":{"file":"Maqueta33-200x132.jpg","width":200,"height":132,"mime_type":"image\/jpeg","source_url":"https:\/\/i0.wp.com\/eltrabajo.cl\/portal\/wp-content\/uploads\/2015\/12\/Maqueta33.jpg?fit=200%2C132&ssl=1"},"medium":{"file":"Maqueta33-300x198.jpg","width":300,"height":198,"mime_type":"image\/jpeg","source_url":"https:\/\/i0.wp.com\/eltrabajo.cl\/portal\/wp-content\/uploads\/2015\/12\/Maqueta33.jpg?fit=300%2C198&ssl=1"},"post-thumbnail":{"file":"Maqueta33-227x150.jpg","width":227,"height":150,"mime_type":"image\/jpeg","source_url":"https:\/\/i0.wp.com\/eltrabajo.cl\/portal\/wp-content\/uploads\/2015\/12\/Maqueta33.jpg?fit=227%2C150&ssl=1"},"single-post-thumbnail":{"file":"Maqueta33-400x264.jpg","width":400,"height":264,"mime_type":"image\/jpeg","source_url":"https:\/\/eltrabajo.cl\/portal\/wp-content\/uploads\/2015\/12\/Maqueta33-400x264.jpg"},"full":{"file":"Maqueta33.jpg?fit=530%2C350&ssl=1","width":530,"height":350,"mime_type":"image\/jpeg","source_url":"https:\/\/i0.wp.com\/eltrabajo.cl\/portal\/wp-content\/uploads\/2015\/12\/Maqueta33.jpg?fit=530%2C350&ssl=1"}},"image_meta":{"aperture":0,"credit":"","camera":"","caption":"","created_timestamp":0,"copyright":"","focal_length":0,"iso":0,"shutter_speed":0,"title":"","orientation":0,"keywords":[]}},"post":65297,"source_url":"https:\/\/eltrabajo.cl\/portal\/wp-content\/uploads\/2015\/12\/Maqueta33.jpg","_links":{"self":[{"href":"https:\/\/eltrabajo.cl\/portal\/wp-json\/wp\/v2\/media\/65302","targetHints":{"allow":["GET"]}}],"collection":[{"href":"https:\/\/eltrabajo.cl\/portal\/wp-json\/wp\/v2\/media"}],"about":[{"href":"https:\/\/eltrabajo.cl\/portal\/wp-json\/wp\/v2\/types\/attachment"}],"author":[{"embeddable":true,"href":"https:\/\/eltrabajo.cl\/portal\/wp-json\/wp\/v2\/users\/482"}],"replies":[{"embeddable":true,"href":"https:\/\/eltrabajo.cl\/portal\/wp-json\/wp\/v2\/comments?post=65302"}],"wp:attached-to":[{"embeddable":true,"post_type":"post","id":65297,"href":"https:\/\/eltrabajo.cl\/portal\/wp-json\/wp\/v2\/posts\/65297"}],"curies":[{"name":"wp","href":"https:\/\/api.w.org\/{rel}","templated":true}]}}

<p class="attachment"><a href="https://i0.wp.com/eltrabajo.cl/portal/wp-content/uploads/2015/12/Maqueta33.jpg?ssl=1"><img loading="lazy" decoding="async" width="300" height="198" src="https://i0.wp.com/eltrabajo.cl/portal/wp-content/uploads/2015/12/Maqueta33.jpg?fit=300%2C198&amp;ssl=1" class="attachment-medium size-medium" alt="UN SUEÑO POSIBLE.- Esta es la maqueta de planificación, que muestra cómo será la nueva sede vecinal en villa El Señorial." srcset="https://i0.wp.com/eltrabajo.cl/portal/wp-content/uploads/2015/12/Maqueta33.jpg?w=530&amp;ssl=1 530w, https://i0.wp.com/eltrabajo.cl/portal/wp-content/uploads/2015/12/Maqueta33.jpg?resize=200%2C132&amp;ssl=1 200w, https://i0.wp.com/eltrabajo.cl/portal/wp-content/uploads/2015/12/Maqueta33.jpg?resize=300%2C198&amp;ssl=1 300w, https://i0.wp.com/eltrabajo.cl/portal/wp-content/uploads/2015/12/Maqueta33.jpg?resize=227%2C150&amp;ssl=1 227w, https://i0.wp.com/eltrabajo.cl/portal/wp-content/uploads/2015/12/Maqueta33.jpg?resize=400%2C264&amp;ssl=1 400w" sizes="auto, (max-width: 300px) 100vw, 300px" /></a></p>
<p>UN SUEÑO POSIBLE.- Esta es la maqueta de planificación, que muestra cómo será la nueva sede vecinal en villa El Señorial.</p>

<p>UN SUEÑO POSIBLE.- Esta es la maqueta de planificación, que muestra cómo será la nueva sede vecinal en villa El Señorial.</p>

UN SUEÑO POSIBLE.- Esta es la maqueta de planificación, que muestra cómo será la nueva sede vecinal en villa El Señorial.
