{"id":65335,"date":"2015-12-31T14:43:36","date_gmt":"2015-12-31T17:43:36","guid":{"rendered":"http:\/\/www.eltrabajo.cl\/portal\/wp-content\/uploads\/2015\/12\/trasandino.jpg"},"modified":"2015-12-31T14:43:58","modified_gmt":"2015-12-31T17:43:58","slug":"trasandino-10","status":"inherit","type":"attachment","link":"https:\/\/eltrabajo.cl\/portal\/un-ano-donde-el-triunfo-deportivo-otra-vez-tuvo-perfume-de-mujer\/trasandino-10\/","title":{"rendered":"trasandino"},"author":482,"featured_media":0,"comment_status":"open","ping_status":"closed","template":"","meta":{"advanced_seo_description":"","jetpack_seo_html_title":"","jetpack_seo_noindex":false},"class_list":["post-65335","attachment","type-attachment","status-inherit","hentry"],"jetpack_sharing_enabled":true,"jetpack_likes_enabled":true,"description":{"rendered":"<p class=\"attachment\"><a href=\"https:\/\/i0.wp.com\/eltrabajo.cl\/portal\/wp-content\/uploads\/2015\/12\/trasandino.jpg?ssl=1\"><img loading=\"lazy\" decoding=\"async\" width=\"300\" height=\"197\" src=\"https:\/\/i0.wp.com\/eltrabajo.cl\/portal\/wp-content\/uploads\/2015\/12\/trasandino.jpg?fit=300%2C197&amp;ssl=1\" class=\"attachment-medium size-medium\" alt=\"El C\u00f3ndor tuvo una finalizaci\u00f3n de a\u00f1o espectacular y muchos en Los Andes se ilusionan que el 2016 ser\u00e1 el a\u00f1o del ascenso a la Primera B.\" srcset=\"https:\/\/i0.wp.com\/eltrabajo.cl\/portal\/wp-content\/uploads\/2015\/12\/trasandino.jpg?w=530&amp;ssl=1 530w, https:\/\/i0.wp.com\/eltrabajo.cl\/portal\/wp-content\/uploads\/2015\/12\/trasandino.jpg?resize=200%2C131&amp;ssl=1 200w, https:\/\/i0.wp.com\/eltrabajo.cl\/portal\/wp-content\/uploads\/2015\/12\/trasandino.jpg?resize=300%2C197&amp;ssl=1 300w, https:\/\/i0.wp.com\/eltrabajo.cl\/portal\/wp-content\/uploads\/2015\/12\/trasandino.jpg?resize=228%2C150&amp;ssl=1 228w, https:\/\/i0.wp.com\/eltrabajo.cl\/portal\/wp-content\/uploads\/2015\/12\/trasandino.jpg?resize=400%2C263&amp;ssl=1 400w\" sizes=\"auto, (max-width: 300px) 100vw, 300px\" \/><\/a><\/p>\n<p>El C\u00f3ndor tuvo una finalizaci\u00f3n de a\u00f1o espectacular y muchos en Los Andes se ilusionan que el 2016 ser\u00e1 el a\u00f1o del ascenso a la Primera B.<\/p>\n"},"caption":{"rendered":"<p>El C\u00f3ndor tuvo una finalizaci\u00f3n de a\u00f1o espectacular y muchos en Los Andes se ilusionan que el 2016 ser\u00e1 el a\u00f1o del ascenso a la Primera B.<\/p>\n"},"alt_text":"El C\u00f3ndor tuvo una finalizaci\u00f3n de a\u00f1o espectacular y muchos en Los Andes se ilusionan que el 2016 ser\u00e1 el a\u00f1o del ascenso a la Primera B.","media_type":"image","mime_type":"image\/jpeg","media_details":{"width":530,"height":348,"file":"2015\/12\/trasandino.jpg","sizes":{"thumbnail":{"file":"trasandino-200x131.jpg","width":200,"height":131,"mime_type":"image\/jpeg","source_url":"https:\/\/i0.wp.com\/eltrabajo.cl\/portal\/wp-content\/uploads\/2015\/12\/trasandino.jpg?fit=200%2C131&ssl=1"},"medium":{"file":"trasandino-300x197.jpg","width":300,"height":197,"mime_type":"image\/jpeg","source_url":"https:\/\/i0.wp.com\/eltrabajo.cl\/portal\/wp-content\/uploads\/2015\/12\/trasandino.jpg?fit=300%2C197&ssl=1"},"post-thumbnail":{"file":"trasandino-228x150.jpg","width":228,"height":150,"mime_type":"image\/jpeg","source_url":"https:\/\/i0.wp.com\/eltrabajo.cl\/portal\/wp-content\/uploads\/2015\/12\/trasandino.jpg?fit=228%2C150&ssl=1"},"single-post-thumbnail":{"file":"trasandino-400x263.jpg","width":400,"height":263,"mime_type":"image\/jpeg","source_url":"https:\/\/eltrabajo.cl\/portal\/wp-content\/uploads\/2015\/12\/trasandino-400x263.jpg"},"full":{"file":"trasandino.jpg?fit=530%2C348&ssl=1","width":530,"height":348,"mime_type":"image\/jpeg","source_url":"https:\/\/i0.wp.com\/eltrabajo.cl\/portal\/wp-content\/uploads\/2015\/12\/trasandino.jpg?fit=530%2C348&ssl=1"}},"image_meta":{"aperture":0,"credit":"","camera":"","caption":"","created_timestamp":0,"copyright":"","focal_length":0,"iso":0,"shutter_speed":0,"title":"","orientation":0,"keywords":[]}},"post":65331,"source_url":"https:\/\/eltrabajo.cl\/portal\/wp-content\/uploads\/2015\/12\/trasandino.jpg","_links":{"self":[{"href":"https:\/\/eltrabajo.cl\/portal\/wp-json\/wp\/v2\/media\/65335","targetHints":{"allow":["GET"]}}],"collection":[{"href":"https:\/\/eltrabajo.cl\/portal\/wp-json\/wp\/v2\/media"}],"about":[{"href":"https:\/\/eltrabajo.cl\/portal\/wp-json\/wp\/v2\/types\/attachment"}],"author":[{"embeddable":true,"href":"https:\/\/eltrabajo.cl\/portal\/wp-json\/wp\/v2\/users\/482"}],"replies":[{"embeddable":true,"href":"https:\/\/eltrabajo.cl\/portal\/wp-json\/wp\/v2\/comments?post=65335"}],"wp:attached-to":[{"embeddable":true,"post_type":"post","id":65331,"href":"https:\/\/eltrabajo.cl\/portal\/wp-json\/wp\/v2\/posts\/65331"}],"curies":[{"name":"wp","href":"https:\/\/api.w.org\/{rel}","templated":true}]}}

<p class="attachment"><a href="https://i0.wp.com/eltrabajo.cl/portal/wp-content/uploads/2015/12/trasandino.jpg?ssl=1"><img loading="lazy" decoding="async" width="300" height="197" src="https://i0.wp.com/eltrabajo.cl/portal/wp-content/uploads/2015/12/trasandino.jpg?fit=300%2C197&amp;ssl=1" class="attachment-medium size-medium" alt="El Cóndor tuvo una finalización de año espectacular y muchos en Los Andes se ilusionan que el 2016 será el año del ascenso a la Primera B." srcset="https://i0.wp.com/eltrabajo.cl/portal/wp-content/uploads/2015/12/trasandino.jpg?w=530&amp;ssl=1 530w, https://i0.wp.com/eltrabajo.cl/portal/wp-content/uploads/2015/12/trasandino.jpg?resize=200%2C131&amp;ssl=1 200w, https://i0.wp.com/eltrabajo.cl/portal/wp-content/uploads/2015/12/trasandino.jpg?resize=300%2C197&amp;ssl=1 300w, https://i0.wp.com/eltrabajo.cl/portal/wp-content/uploads/2015/12/trasandino.jpg?resize=228%2C150&amp;ssl=1 228w, https://i0.wp.com/eltrabajo.cl/portal/wp-content/uploads/2015/12/trasandino.jpg?resize=400%2C263&amp;ssl=1 400w" sizes="auto, (max-width: 300px) 100vw, 300px" /></a></p>
<p>El Cóndor tuvo una finalización de año espectacular y muchos en Los Andes se ilusionan que el 2016 será el año del ascenso a la Primera B.</p>

<p>El Cóndor tuvo una finalización de año espectacular y muchos en Los Andes se ilusionan que el 2016 será el año del ascenso a la Primera B.</p>

El Cóndor tuvo una finalización de año espectacular y muchos en Los Andes se ilusionan que el 2016 será el año del ascenso a la Primera B.
