{"id":65336,"date":"2015-12-31T14:43:38","date_gmt":"2015-12-31T17:43:38","guid":{"rendered":"http:\/\/www.eltrabajo.cl\/portal\/wp-content\/uploads\/2015\/12\/uni-uni.jpg"},"modified":"2015-12-31T14:44:09","modified_gmt":"2015-12-31T17:44:09","slug":"uni-uni-176","status":"inherit","type":"attachment","link":"https:\/\/eltrabajo.cl\/portal\/un-ano-donde-el-triunfo-deportivo-otra-vez-tuvo-perfume-de-mujer\/uni-uni-176\/","title":{"rendered":"uni uni"},"author":482,"featured_media":0,"comment_status":"open","ping_status":"closed","template":"","meta":{"advanced_seo_description":"","jetpack_seo_html_title":"","jetpack_seo_noindex":false},"class_list":["post-65336","attachment","type-attachment","status-inherit","hentry"],"jetpack_sharing_enabled":true,"jetpack_likes_enabled":true,"description":{"rendered":"<p class=\"attachment\"><a href=\"https:\/\/i0.wp.com\/eltrabajo.cl\/portal\/wp-content\/uploads\/2015\/12\/uni-uni.jpg?ssl=1\"><img loading=\"lazy\" decoding=\"async\" width=\"300\" height=\"198\" src=\"https:\/\/i0.wp.com\/eltrabajo.cl\/portal\/wp-content\/uploads\/2015\/12\/uni-uni.jpg?fit=300%2C198&amp;ssl=1\" class=\"attachment-medium size-medium\" alt=\"Uni\u00f3n San Felipe, pese a su gran campa\u00f1a no pudo ascender al f\u00fatbol grande de Chile.\" srcset=\"https:\/\/i0.wp.com\/eltrabajo.cl\/portal\/wp-content\/uploads\/2015\/12\/uni-uni.jpg?w=530&amp;ssl=1 530w, https:\/\/i0.wp.com\/eltrabajo.cl\/portal\/wp-content\/uploads\/2015\/12\/uni-uni.jpg?resize=200%2C132&amp;ssl=1 200w, https:\/\/i0.wp.com\/eltrabajo.cl\/portal\/wp-content\/uploads\/2015\/12\/uni-uni.jpg?resize=300%2C198&amp;ssl=1 300w, https:\/\/i0.wp.com\/eltrabajo.cl\/portal\/wp-content\/uploads\/2015\/12\/uni-uni.jpg?resize=228%2C150&amp;ssl=1 228w, https:\/\/i0.wp.com\/eltrabajo.cl\/portal\/wp-content\/uploads\/2015\/12\/uni-uni.jpg?resize=400%2C263&amp;ssl=1 400w\" sizes=\"auto, (max-width: 300px) 100vw, 300px\" \/><\/a><\/p>\n<p>Uni\u00f3n San Felipe, pese a su gran campa\u00f1a no pudo ascender al f\u00fatbol grande de Chile.<\/p>\n"},"caption":{"rendered":"<p>Uni\u00f3n San Felipe, pese a su gran campa\u00f1a no pudo ascender al f\u00fatbol grande de Chile.<\/p>\n"},"alt_text":"Uni\u00f3n San Felipe, pese a su gran campa\u00f1a no pudo ascender al f\u00fatbol grande de Chile.","media_type":"image","mime_type":"image\/jpeg","media_details":{"width":530,"height":349,"file":"2015\/12\/uni-uni.jpg","sizes":{"thumbnail":{"file":"uni-uni-200x132.jpg","width":200,"height":132,"mime_type":"image\/jpeg","source_url":"https:\/\/i0.wp.com\/eltrabajo.cl\/portal\/wp-content\/uploads\/2015\/12\/uni-uni.jpg?fit=200%2C132&ssl=1"},"medium":{"file":"uni-uni-300x198.jpg","width":300,"height":198,"mime_type":"image\/jpeg","source_url":"https:\/\/i0.wp.com\/eltrabajo.cl\/portal\/wp-content\/uploads\/2015\/12\/uni-uni.jpg?fit=300%2C198&ssl=1"},"post-thumbnail":{"file":"uni-uni-228x150.jpg","width":228,"height":150,"mime_type":"image\/jpeg","source_url":"https:\/\/i0.wp.com\/eltrabajo.cl\/portal\/wp-content\/uploads\/2015\/12\/uni-uni.jpg?fit=228%2C150&ssl=1"},"single-post-thumbnail":{"file":"uni-uni-400x263.jpg","width":400,"height":263,"mime_type":"image\/jpeg","source_url":"https:\/\/eltrabajo.cl\/portal\/wp-content\/uploads\/2015\/12\/uni-uni-400x263.jpg"},"full":{"file":"uni-uni.jpg?fit=530%2C349&ssl=1","width":530,"height":349,"mime_type":"image\/jpeg","source_url":"https:\/\/i0.wp.com\/eltrabajo.cl\/portal\/wp-content\/uploads\/2015\/12\/uni-uni.jpg?fit=530%2C349&ssl=1"}},"image_meta":{"aperture":0,"credit":"","camera":"","caption":"","created_timestamp":0,"copyright":"","focal_length":0,"iso":0,"shutter_speed":0,"title":"","orientation":0,"keywords":["usf- magallanes"]}},"post":65331,"source_url":"https:\/\/eltrabajo.cl\/portal\/wp-content\/uploads\/2015\/12\/uni-uni.jpg","_links":{"self":[{"href":"https:\/\/eltrabajo.cl\/portal\/wp-json\/wp\/v2\/media\/65336","targetHints":{"allow":["GET"]}}],"collection":[{"href":"https:\/\/eltrabajo.cl\/portal\/wp-json\/wp\/v2\/media"}],"about":[{"href":"https:\/\/eltrabajo.cl\/portal\/wp-json\/wp\/v2\/types\/attachment"}],"author":[{"embeddable":true,"href":"https:\/\/eltrabajo.cl\/portal\/wp-json\/wp\/v2\/users\/482"}],"replies":[{"embeddable":true,"href":"https:\/\/eltrabajo.cl\/portal\/wp-json\/wp\/v2\/comments?post=65336"}],"wp:attached-to":[{"embeddable":true,"post_type":"post","id":65331,"href":"https:\/\/eltrabajo.cl\/portal\/wp-json\/wp\/v2\/posts\/65331"}],"curies":[{"name":"wp","href":"https:\/\/api.w.org\/{rel}","templated":true}]}}

<p class="attachment"><a href="https://i0.wp.com/eltrabajo.cl/portal/wp-content/uploads/2015/12/uni-uni.jpg?ssl=1"><img loading="lazy" decoding="async" width="300" height="198" src="https://i0.wp.com/eltrabajo.cl/portal/wp-content/uploads/2015/12/uni-uni.jpg?fit=300%2C198&amp;ssl=1" class="attachment-medium size-medium" alt="Unión San Felipe, pese a su gran campaña no pudo ascender al fútbol grande de Chile." srcset="https://i0.wp.com/eltrabajo.cl/portal/wp-content/uploads/2015/12/uni-uni.jpg?w=530&amp;ssl=1 530w, https://i0.wp.com/eltrabajo.cl/portal/wp-content/uploads/2015/12/uni-uni.jpg?resize=200%2C132&amp;ssl=1 200w, https://i0.wp.com/eltrabajo.cl/portal/wp-content/uploads/2015/12/uni-uni.jpg?resize=300%2C198&amp;ssl=1 300w, https://i0.wp.com/eltrabajo.cl/portal/wp-content/uploads/2015/12/uni-uni.jpg?resize=228%2C150&amp;ssl=1 228w, https://i0.wp.com/eltrabajo.cl/portal/wp-content/uploads/2015/12/uni-uni.jpg?resize=400%2C263&amp;ssl=1 400w" sizes="auto, (max-width: 300px) 100vw, 300px" /></a></p>
<p>Unión San Felipe, pese a su gran campaña no pudo ascender al fútbol grande de Chile.</p>

<p>Unión San Felipe, pese a su gran campaña no pudo ascender al fútbol grande de Chile.</p>

Unión San Felipe, pese a su gran campaña no pudo ascender al fútbol grande de Chile.
