{"id":65468,"date":"2016-01-05T14:49:07","date_gmt":"2016-01-05T17:49:07","guid":{"rendered":"http:\/\/www.eltrabajo.cl\/portal\/wp-content\/uploads\/2016\/01\/FOTO-2-ALCALDE-PATRICIO-FREIRE-SE-REUNE-CON-LOS-MUCHACHOS-QUE-PARTICIPARON-DE-LA-PRIMERA-JORNADA-DE-LOS-TALLERES-DE-FUTBOL-BASQUETBOL-Y-VOLEIBOL-EN-EL-ESTADIO-FISCAL.jpg"},"modified":"2016-01-05T14:49:30","modified_gmt":"2016-01-05T17:49:30","slug":"foto-2-alcalde-patricio-freire-se-reune-con-los-muchachos-que-participaron-de-la-primera-jornada-de-los-talleres-de-futbol-basquetbol-y-voleibol-en-el-estadio-fiscal","status":"inherit","type":"attachment","link":"https:\/\/eltrabajo.cl\/portal\/verano-entretenido-dio-el-vamos-a-su-temporada-2016-con-cerca-de-200-participantes\/foto-2-alcalde-patricio-freire-se-reune-con-los-muchachos-que-participaron-de-la-primera-jornada-de-los-talleres-de-futbol-basquetbol-y-voleibol-en-el-estadio-fiscal\/","title":{"rendered":"FOTO 2 ALCALDE PATRICIO FREIRE SE REUNE CON LOS MUCHACHOS QUE PARTICIPARON DE LA PRIMERA JORNADA DE LOS TALLERES DE FUTBOL BASQUETBOL Y VOLEIBOL EN EL ESTADIO FISCAL"},"author":482,"featured_media":0,"comment_status":"open","ping_status":"closed","template":"","meta":{"advanced_seo_description":"","jetpack_seo_html_title":"","jetpack_seo_noindex":false},"class_list":["post-65468","attachment","type-attachment","status-inherit","hentry"],"jetpack_sharing_enabled":true,"jetpack_likes_enabled":true,"description":{"rendered":"<p class=\"attachment\"><a href=\"https:\/\/i0.wp.com\/eltrabajo.cl\/portal\/wp-content\/uploads\/2016\/01\/FOTO-2-ALCALDE-PATRICIO-FREIRE-SE-REUNE-CON-LOS-MUCHACHOS-QUE-PARTICIPARON-DE-LA-PRIMERA-JORNADA-DE-LOS-TALLERES-DE-FUTBOL-BASQUETBOL-Y-VOLEIBOL-EN-EL-ESTADIO-FISCAL.jpg?ssl=1\"><img loading=\"lazy\" decoding=\"async\" width=\"300\" height=\"198\" src=\"https:\/\/i0.wp.com\/eltrabajo.cl\/portal\/wp-content\/uploads\/2016\/01\/FOTO-2-ALCALDE-PATRICIO-FREIRE-SE-REUNE-CON-LOS-MUCHACHOS-QUE-PARTICIPARON-DE-LA-PRIMERA-JORNADA-DE-LOS-TALLERES-DE-FUTBOL-BASQUETBOL-Y-VOLEIBOL-EN-EL-ESTADIO-FISCAL.jpg?fit=300%2C198&amp;ssl=1\" class=\"attachment-medium size-medium\" alt=\"Alcalde Patricio Freire se re\u00fane con los muchachos que participaron de la primera jornada de los talleres de f\u00fatbol, b\u00e1squetbol y v\u00f3leibol en el Estadio Fiscal.\" srcset=\"https:\/\/i0.wp.com\/eltrabajo.cl\/portal\/wp-content\/uploads\/2016\/01\/FOTO-2-ALCALDE-PATRICIO-FREIRE-SE-REUNE-CON-LOS-MUCHACHOS-QUE-PARTICIPARON-DE-LA-PRIMERA-JORNADA-DE-LOS-TALLERES-DE-FUTBOL-BASQUETBOL-Y-VOLEIBOL-EN-EL-ESTADIO-FISCAL.jpg?w=530&amp;ssl=1 530w, https:\/\/i0.wp.com\/eltrabajo.cl\/portal\/wp-content\/uploads\/2016\/01\/FOTO-2-ALCALDE-PATRICIO-FREIRE-SE-REUNE-CON-LOS-MUCHACHOS-QUE-PARTICIPARON-DE-LA-PRIMERA-JORNADA-DE-LOS-TALLERES-DE-FUTBOL-BASQUETBOL-Y-VOLEIBOL-EN-EL-ESTADIO-FISCAL.jpg?resize=200%2C132&amp;ssl=1 200w, https:\/\/i0.wp.com\/eltrabajo.cl\/portal\/wp-content\/uploads\/2016\/01\/FOTO-2-ALCALDE-PATRICIO-FREIRE-SE-REUNE-CON-LOS-MUCHACHOS-QUE-PARTICIPARON-DE-LA-PRIMERA-JORNADA-DE-LOS-TALLERES-DE-FUTBOL-BASQUETBOL-Y-VOLEIBOL-EN-EL-ESTADIO-FISCAL.jpg?resize=300%2C198&amp;ssl=1 300w, https:\/\/i0.wp.com\/eltrabajo.cl\/portal\/wp-content\/uploads\/2016\/01\/FOTO-2-ALCALDE-PATRICIO-FREIRE-SE-REUNE-CON-LOS-MUCHACHOS-QUE-PARTICIPARON-DE-LA-PRIMERA-JORNADA-DE-LOS-TALLERES-DE-FUTBOL-BASQUETBOL-Y-VOLEIBOL-EN-EL-ESTADIO-FISCAL.jpg?resize=228%2C150&amp;ssl=1 228w, https:\/\/i0.wp.com\/eltrabajo.cl\/portal\/wp-content\/uploads\/2016\/01\/FOTO-2-ALCALDE-PATRICIO-FREIRE-SE-REUNE-CON-LOS-MUCHACHOS-QUE-PARTICIPARON-DE-LA-PRIMERA-JORNADA-DE-LOS-TALLERES-DE-FUTBOL-BASQUETBOL-Y-VOLEIBOL-EN-EL-ESTADIO-FISCAL.jpg?resize=400%2C263&amp;ssl=1 400w\" sizes=\"auto, (max-width: 300px) 100vw, 300px\" \/><\/a><\/p>\n<p>Alcalde Patricio Freire se re\u00fane con los muchachos que participaron de la primera jornada de los talleres de f\u00fatbol, b\u00e1squetbol y v\u00f3leibol en el Estadio Fiscal.<\/p>\n"},"caption":{"rendered":"<p>Alcalde Patricio Freire se re\u00fane con los muchachos que participaron de la primera jornada de los talleres de f\u00fatbol, b\u00e1squetbol y v\u00f3leibol en el Estadio Fiscal.<\/p>\n"},"alt_text":"Alcalde Patricio Freire se re\u00fane con los muchachos que participaron de la primera jornada de los talleres de f\u00fatbol, b\u00e1squetbol y v\u00f3leibol en el Estadio Fiscal.","media_type":"image","mime_type":"image\/jpeg","media_details":{"width":530,"height":349,"file":"2016\/01\/FOTO-2-ALCALDE-PATRICIO-FREIRE-SE-REUNE-CON-LOS-MUCHACHOS-QUE-PARTICIPARON-DE-LA-PRIMERA-JORNADA-DE-LOS-TALLERES-DE-FUTBOL-BASQUETBOL-Y-VOLEIBOL-EN-EL-ESTADIO-FISCAL.jpg","sizes":{"thumbnail":{"file":"FOTO-2-ALCALDE-PATRICIO-FREIRE-SE-REUNE-CON-LOS-MUCHACHOS-QUE-PARTICIPARON-DE-LA-PRIMERA-JORNADA-DE-LOS-TALLERES-DE-FUTBOL-BASQUETBOL-Y-VOLEIBOL-EN-EL-ESTADIO-FISCAL-200x132.jpg","width":200,"height":132,"mime_type":"image\/jpeg","source_url":"https:\/\/i0.wp.com\/eltrabajo.cl\/portal\/wp-content\/uploads\/2016\/01\/FOTO-2-ALCALDE-PATRICIO-FREIRE-SE-REUNE-CON-LOS-MUCHACHOS-QUE-PARTICIPARON-DE-LA-PRIMERA-JORNADA-DE-LOS-TALLERES-DE-FUTBOL-BASQUETBOL-Y-VOLEIBOL-EN-EL-ESTADIO-FISCAL.jpg?fit=200%2C132&ssl=1"},"medium":{"file":"FOTO-2-ALCALDE-PATRICIO-FREIRE-SE-REUNE-CON-LOS-MUCHACHOS-QUE-PARTICIPARON-DE-LA-PRIMERA-JORNADA-DE-LOS-TALLERES-DE-FUTBOL-BASQUETBOL-Y-VOLEIBOL-EN-EL-ESTADIO-FISCAL-300x198.jpg","width":300,"height":198,"mime_type":"image\/jpeg","source_url":"https:\/\/i0.wp.com\/eltrabajo.cl\/portal\/wp-content\/uploads\/2016\/01\/FOTO-2-ALCALDE-PATRICIO-FREIRE-SE-REUNE-CON-LOS-MUCHACHOS-QUE-PARTICIPARON-DE-LA-PRIMERA-JORNADA-DE-LOS-TALLERES-DE-FUTBOL-BASQUETBOL-Y-VOLEIBOL-EN-EL-ESTADIO-FISCAL.jpg?fit=300%2C198&ssl=1"},"post-thumbnail":{"file":"FOTO-2-ALCALDE-PATRICIO-FREIRE-SE-REUNE-CON-LOS-MUCHACHOS-QUE-PARTICIPARON-DE-LA-PRIMERA-JORNADA-DE-LOS-TALLERES-DE-FUTBOL-BASQUETBOL-Y-VOLEIBOL-EN-EL-ESTADIO-FISCAL-228x150.jpg","width":228,"height":150,"mime_type":"image\/jpeg","source_url":"https:\/\/i0.wp.com\/eltrabajo.cl\/portal\/wp-content\/uploads\/2016\/01\/FOTO-2-ALCALDE-PATRICIO-FREIRE-SE-REUNE-CON-LOS-MUCHACHOS-QUE-PARTICIPARON-DE-LA-PRIMERA-JORNADA-DE-LOS-TALLERES-DE-FUTBOL-BASQUETBOL-Y-VOLEIBOL-EN-EL-ESTADIO-FISCAL.jpg?fit=228%2C150&ssl=1"},"single-post-thumbnail":{"file":"FOTO-2-ALCALDE-PATRICIO-FREIRE-SE-REUNE-CON-LOS-MUCHACHOS-QUE-PARTICIPARON-DE-LA-PRIMERA-JORNADA-DE-LOS-TALLERES-DE-FUTBOL-BASQUETBOL-Y-VOLEIBOL-EN-EL-ESTADIO-FISCAL-400x263.jpg","width":400,"height":263,"mime_type":"image\/jpeg","source_url":"https:\/\/eltrabajo.cl\/portal\/wp-content\/uploads\/2016\/01\/FOTO-2-ALCALDE-PATRICIO-FREIRE-SE-REUNE-CON-LOS-MUCHACHOS-QUE-PARTICIPARON-DE-LA-PRIMERA-JORNADA-DE-LOS-TALLERES-DE-FUTBOL-BASQUETBOL-Y-VOLEIBOL-EN-EL-ESTADIO-FISCAL-400x263.jpg"},"full":{"file":"FOTO-2-ALCALDE-PATRICIO-FREIRE-SE-REUNE-CON-LOS-MUCHACHOS-QUE-PARTICIPARON-DE-LA-PRIMERA-JORNADA-DE-LOS-TALLERES-DE-FUTBOL-BASQUETBOL-Y-VOLEIBOL-EN-EL-ESTADIO-FISCAL.jpg?fit=530%2C349&ssl=1","width":530,"height":349,"mime_type":"image\/jpeg","source_url":"https:\/\/i0.wp.com\/eltrabajo.cl\/portal\/wp-content\/uploads\/2016\/01\/FOTO-2-ALCALDE-PATRICIO-FREIRE-SE-REUNE-CON-LOS-MUCHACHOS-QUE-PARTICIPARON-DE-LA-PRIMERA-JORNADA-DE-LOS-TALLERES-DE-FUTBOL-BASQUETBOL-Y-VOLEIBOL-EN-EL-ESTADIO-FISCAL.jpg?fit=530%2C349&ssl=1"}},"image_meta":{"aperture":0,"credit":"","camera":"","caption":"","created_timestamp":0,"copyright":"Copyright 2012","focal_length":0,"iso":0,"shutter_speed":0,"title":"","orientation":0,"keywords":[]}},"post":65464,"source_url":"https:\/\/eltrabajo.cl\/portal\/wp-content\/uploads\/2016\/01\/FOTO-2-ALCALDE-PATRICIO-FREIRE-SE-REUNE-CON-LOS-MUCHACHOS-QUE-PARTICIPARON-DE-LA-PRIMERA-JORNADA-DE-LOS-TALLERES-DE-FUTBOL-BASQUETBOL-Y-VOLEIBOL-EN-EL-ESTADIO-FISCAL.jpg","_links":{"self":[{"href":"https:\/\/eltrabajo.cl\/portal\/wp-json\/wp\/v2\/media\/65468","targetHints":{"allow":["GET"]}}],"collection":[{"href":"https:\/\/eltrabajo.cl\/portal\/wp-json\/wp\/v2\/media"}],"about":[{"href":"https:\/\/eltrabajo.cl\/portal\/wp-json\/wp\/v2\/types\/attachment"}],"author":[{"embeddable":true,"href":"https:\/\/eltrabajo.cl\/portal\/wp-json\/wp\/v2\/users\/482"}],"replies":[{"embeddable":true,"href":"https:\/\/eltrabajo.cl\/portal\/wp-json\/wp\/v2\/comments?post=65468"}],"wp:attached-to":[{"embeddable":true,"post_type":"post","id":65464,"href":"https:\/\/eltrabajo.cl\/portal\/wp-json\/wp\/v2\/posts\/65464"}],"curies":[{"name":"wp","href":"https:\/\/api.w.org\/{rel}","templated":true}]}}

<p class="attachment"><a href="https://i0.wp.com/eltrabajo.cl/portal/wp-content/uploads/2016/01/FOTO-2-ALCALDE-PATRICIO-FREIRE-SE-REUNE-CON-LOS-MUCHACHOS-QUE-PARTICIPARON-DE-LA-PRIMERA-JORNADA-DE-LOS-TALLERES-DE-FUTBOL-BASQUETBOL-Y-VOLEIBOL-EN-EL-ESTADIO-FISCAL.jpg?ssl=1"><img loading="lazy" decoding="async" width="300" height="198" src="https://i0.wp.com/eltrabajo.cl/portal/wp-content/uploads/2016/01/FOTO-2-ALCALDE-PATRICIO-FREIRE-SE-REUNE-CON-LOS-MUCHACHOS-QUE-PARTICIPARON-DE-LA-PRIMERA-JORNADA-DE-LOS-TALLERES-DE-FUTBOL-BASQUETBOL-Y-VOLEIBOL-EN-EL-ESTADIO-FISCAL.jpg?fit=300%2C198&amp;ssl=1" class="attachment-medium size-medium" alt="Alcalde Patricio Freire se reúne con los muchachos que participaron de la primera jornada de los talleres de fútbol, básquetbol y vóleibol en el Estadio Fiscal." srcset="https://i0.wp.com/eltrabajo.cl/portal/wp-content/uploads/2016/01/FOTO-2-ALCALDE-PATRICIO-FREIRE-SE-REUNE-CON-LOS-MUCHACHOS-QUE-PARTICIPARON-DE-LA-PRIMERA-JORNADA-DE-LOS-TALLERES-DE-FUTBOL-BASQUETBOL-Y-VOLEIBOL-EN-EL-ESTADIO-FISCAL.jpg?w=530&amp;ssl=1 530w, https://i0.wp.com/eltrabajo.cl/portal/wp-content/uploads/2016/01/FOTO-2-ALCALDE-PATRICIO-FREIRE-SE-REUNE-CON-LOS-MUCHACHOS-QUE-PARTICIPARON-DE-LA-PRIMERA-JORNADA-DE-LOS-TALLERES-DE-FUTBOL-BASQUETBOL-Y-VOLEIBOL-EN-EL-ESTADIO-FISCAL.jpg?resize=200%2C132&amp;ssl=1 200w, https://i0.wp.com/eltrabajo.cl/portal/wp-content/uploads/2016/01/FOTO-2-ALCALDE-PATRICIO-FREIRE-SE-REUNE-CON-LOS-MUCHACHOS-QUE-PARTICIPARON-DE-LA-PRIMERA-JORNADA-DE-LOS-TALLERES-DE-FUTBOL-BASQUETBOL-Y-VOLEIBOL-EN-EL-ESTADIO-FISCAL.jpg?resize=300%2C198&amp;ssl=1 300w, https://i0.wp.com/eltrabajo.cl/portal/wp-content/uploads/2016/01/FOTO-2-ALCALDE-PATRICIO-FREIRE-SE-REUNE-CON-LOS-MUCHACHOS-QUE-PARTICIPARON-DE-LA-PRIMERA-JORNADA-DE-LOS-TALLERES-DE-FUTBOL-BASQUETBOL-Y-VOLEIBOL-EN-EL-ESTADIO-FISCAL.jpg?resize=228%2C150&amp;ssl=1 228w, https://i0.wp.com/eltrabajo.cl/portal/wp-content/uploads/2016/01/FOTO-2-ALCALDE-PATRICIO-FREIRE-SE-REUNE-CON-LOS-MUCHACHOS-QUE-PARTICIPARON-DE-LA-PRIMERA-JORNADA-DE-LOS-TALLERES-DE-FUTBOL-BASQUETBOL-Y-VOLEIBOL-EN-EL-ESTADIO-FISCAL.jpg?resize=400%2C263&amp;ssl=1 400w" sizes="auto, (max-width: 300px) 100vw, 300px" /></a></p>
<p>Alcalde Patricio Freire se reúne con los muchachos que participaron de la primera jornada de los talleres de fútbol, básquetbol y vóleibol en el Estadio Fiscal.</p>

<p>Alcalde Patricio Freire se reúne con los muchachos que participaron de la primera jornada de los talleres de fútbol, básquetbol y vóleibol en el Estadio Fiscal.</p>

Alcalde Patricio Freire se reúne con los muchachos que participaron de la primera jornada de los talleres de fútbol, básquetbol y vóleibol en el Estadio Fiscal.
