{"id":65553,"date":"2016-01-07T14:21:24","date_gmt":"2016-01-07T17:21:24","guid":{"rendered":"http:\/\/www.eltrabajo.cl\/portal\/wp-content\/uploads\/2016\/01\/Casa-Navidad-Llay-Llay-3.jpg"},"modified":"2016-01-07T14:22:51","modified_gmt":"2016-01-07T17:22:51","slug":"casa-navidad-llay-llay-3","status":"inherit","type":"attachment","link":"https:\/\/eltrabajo.cl\/portal\/mas-de-1-500-personas-visitaron-la-casa-del-viejito-pascuero\/casa-navidad-llay-llay-3\/","title":{"rendered":"Casa Navidad Llay Llay  3"},"author":482,"featured_media":0,"comment_status":"open","ping_status":"closed","template":"","meta":{"advanced_seo_description":"","jetpack_seo_html_title":"","jetpack_seo_noindex":false},"class_list":["post-65553","attachment","type-attachment","status-inherit","hentry"],"jetpack_sharing_enabled":true,"jetpack_likes_enabled":true,"description":{"rendered":"<p class=\"attachment\"><a href=\"https:\/\/i0.wp.com\/eltrabajo.cl\/portal\/wp-content\/uploads\/2016\/01\/Casa-Navidad-Llay-Llay-3.jpg?ssl=1\"><img loading=\"lazy\" decoding=\"async\" width=\"300\" height=\"198\" src=\"https:\/\/i0.wp.com\/eltrabajo.cl\/portal\/wp-content\/uploads\/2016\/01\/Casa-Navidad-Llay-Llay-3.jpg?fit=300%2C198&amp;ssl=1\" class=\"attachment-medium size-medium\" alt=\"Cientos de luces embellecieron esta casa que pudo ser visitada por sus vecinos.\" srcset=\"https:\/\/i0.wp.com\/eltrabajo.cl\/portal\/wp-content\/uploads\/2016\/01\/Casa-Navidad-Llay-Llay-3.jpg?w=530&amp;ssl=1 530w, https:\/\/i0.wp.com\/eltrabajo.cl\/portal\/wp-content\/uploads\/2016\/01\/Casa-Navidad-Llay-Llay-3.jpg?resize=200%2C132&amp;ssl=1 200w, https:\/\/i0.wp.com\/eltrabajo.cl\/portal\/wp-content\/uploads\/2016\/01\/Casa-Navidad-Llay-Llay-3.jpg?resize=300%2C198&amp;ssl=1 300w, https:\/\/i0.wp.com\/eltrabajo.cl\/portal\/wp-content\/uploads\/2016\/01\/Casa-Navidad-Llay-Llay-3.jpg?resize=227%2C150&amp;ssl=1 227w, https:\/\/i0.wp.com\/eltrabajo.cl\/portal\/wp-content\/uploads\/2016\/01\/Casa-Navidad-Llay-Llay-3.jpg?resize=400%2C264&amp;ssl=1 400w\" sizes=\"auto, (max-width: 300px) 100vw, 300px\" \/><\/a><\/p>\n<p>Cientos de luces embellecieron esta casa que pudo ser visitada por sus vecinos.<\/p>\n"},"caption":{"rendered":"<p>Hasta el ba\u00f1o de la casa de esta familia est\u00e1 impregnado del esp\u00edritu navide\u00f1o.<\/p>\n"},"alt_text":"Cientos de luces embellecieron esta casa que pudo ser visitada por sus vecinos.","media_type":"image","mime_type":"image\/jpeg","media_details":{"width":530,"height":350,"file":"2016\/01\/Casa-Navidad-Llay-Llay-3.jpg","sizes":{"thumbnail":{"file":"Casa-Navidad-Llay-Llay-3-200x132.jpg","width":200,"height":132,"mime_type":"image\/jpeg","source_url":"https:\/\/i0.wp.com\/eltrabajo.cl\/portal\/wp-content\/uploads\/2016\/01\/Casa-Navidad-Llay-Llay-3.jpg?fit=200%2C132&ssl=1"},"medium":{"file":"Casa-Navidad-Llay-Llay-3-300x198.jpg","width":300,"height":198,"mime_type":"image\/jpeg","source_url":"https:\/\/i0.wp.com\/eltrabajo.cl\/portal\/wp-content\/uploads\/2016\/01\/Casa-Navidad-Llay-Llay-3.jpg?fit=300%2C198&ssl=1"},"post-thumbnail":{"file":"Casa-Navidad-Llay-Llay-3-227x150.jpg","width":227,"height":150,"mime_type":"image\/jpeg","source_url":"https:\/\/i0.wp.com\/eltrabajo.cl\/portal\/wp-content\/uploads\/2016\/01\/Casa-Navidad-Llay-Llay-3.jpg?fit=227%2C150&ssl=1"},"single-post-thumbnail":{"file":"Casa-Navidad-Llay-Llay-3-400x264.jpg","width":400,"height":264,"mime_type":"image\/jpeg","source_url":"https:\/\/eltrabajo.cl\/portal\/wp-content\/uploads\/2016\/01\/Casa-Navidad-Llay-Llay-3-400x264.jpg"},"full":{"file":"Casa-Navidad-Llay-Llay-3.jpg?fit=530%2C350&ssl=1","width":530,"height":350,"mime_type":"image\/jpeg","source_url":"https:\/\/i0.wp.com\/eltrabajo.cl\/portal\/wp-content\/uploads\/2016\/01\/Casa-Navidad-Llay-Llay-3.jpg?fit=530%2C350&ssl=1"}},"image_meta":{"aperture":0,"credit":"","camera":"","caption":"","created_timestamp":0,"copyright":"","focal_length":0,"iso":0,"shutter_speed":0,"title":"","orientation":0,"keywords":[]}},"post":65551,"source_url":"https:\/\/eltrabajo.cl\/portal\/wp-content\/uploads\/2016\/01\/Casa-Navidad-Llay-Llay-3.jpg","_links":{"self":[{"href":"https:\/\/eltrabajo.cl\/portal\/wp-json\/wp\/v2\/media\/65553","targetHints":{"allow":["GET"]}}],"collection":[{"href":"https:\/\/eltrabajo.cl\/portal\/wp-json\/wp\/v2\/media"}],"about":[{"href":"https:\/\/eltrabajo.cl\/portal\/wp-json\/wp\/v2\/types\/attachment"}],"author":[{"embeddable":true,"href":"https:\/\/eltrabajo.cl\/portal\/wp-json\/wp\/v2\/users\/482"}],"replies":[{"embeddable":true,"href":"https:\/\/eltrabajo.cl\/portal\/wp-json\/wp\/v2\/comments?post=65553"}],"wp:attached-to":[{"embeddable":true,"post_type":"post","id":65551,"href":"https:\/\/eltrabajo.cl\/portal\/wp-json\/wp\/v2\/posts\/65551"}],"curies":[{"name":"wp","href":"https:\/\/api.w.org\/{rel}","templated":true}]}}

<p>Hasta el baño de la casa de esta familia está impregnado del espíritu navideño.</p>
