{"id":65652,"date":"2016-01-11T14:45:03","date_gmt":"2016-01-11T17:45:03","guid":{"rendered":"http:\/\/www.eltrabajo.cl\/portal\/wp-content\/uploads\/2016\/01\/FOTO-1-CANAL-QUILPUE-EN-LA-COMUNA-DE-SANTA-MARIA-QUE-FUE-REVESTIDO-CON-UN-PRESUPESTO-DE-400-MILLONES-DE-PESOS-EN-UNA-EXTENSI\u00d3N-DE-1.6-KMS-EN-TOTAL.jpg"},"modified":"2016-01-11T14:45:12","modified_gmt":"2016-01-11T17:45:12","slug":"foto-1-canal-quilpue-en-la-comuna-de-santa-maria-que-fue-revestido-con-un-presupesto-de-400-millones-de-pesos-en-una-extension-de-1-6-kms-en-total","status":"inherit","type":"attachment","link":"https:\/\/eltrabajo.cl\/portal\/ministro-agricultura-inaugura-revestimiento-canal-quilpue-santa-maria\/foto-1-canal-quilpue-en-la-comuna-de-santa-maria-que-fue-revestido-con-un-presupesto-de-400-millones-de-pesos-en-una-extension-de-1-6-kms-en-total\/","title":{"rendered":"FOTO 1 CANAL QUILPUE EN LA COMUNA DE SANTA MARIA QUE FUE REVESTIDO CON UN PRESUPESTO DE 400 MILLONES DE PESOS EN UNA EXTENSI\u00d3N DE 1.6 KMS EN TOTAL"},"author":482,"featured_media":0,"comment_status":"open","ping_status":"closed","template":"","meta":{"advanced_seo_description":"","jetpack_seo_html_title":"","jetpack_seo_noindex":false},"class_list":["post-65652","attachment","type-attachment","status-inherit","hentry"],"jetpack_sharing_enabled":true,"jetpack_likes_enabled":true,"description":{"rendered":"<p class=\"attachment\"><a href=\"https:\/\/i0.wp.com\/eltrabajo.cl\/portal\/wp-content\/uploads\/2016\/01\/FOTO-1-CANAL-QUILPUE-EN-LA-COMUNA-DE-SANTA-MARIA-QUE-FUE-REVESTIDO-CON-UN-PRESUPESTO-DE-400-MILLONES-DE-PESOS-EN-UNA-EXTENSI%C3%93N-DE-1.6-KMS-EN-TOTAL.jpg?ssl=1\"><img loading=\"lazy\" decoding=\"async\" width=\"300\" height=\"197\" src=\"https:\/\/i0.wp.com\/eltrabajo.cl\/portal\/wp-content\/uploads\/2016\/01\/FOTO-1-CANAL-QUILPUE-EN-LA-COMUNA-DE-SANTA-MARIA-QUE-FUE-REVESTIDO-CON-UN-PRESUPESTO-DE-400-MILLONES-DE-PESOS-EN-UNA-EXTENSI%C3%93N-DE-1.6-KMS-EN-TOTAL.jpg?fit=300%2C197&amp;ssl=1\" class=\"attachment-medium size-medium\" alt=\"Canal Quilpu\u00e9, en la comuna de Santa Mar\u00eda, que fue revestido con un presupuesto de 400 millones de pesos en una extensi\u00f3n de 1.6 km en total.\" \/><\/a><\/p>\n<p>Canal Quilpu\u00e9, en la comuna de Santa Mar\u00eda, que fue revestido con un presupuesto de 400 millones de pesos en una extensi\u00f3n de 1.6 km en total.<\/p>\n"},"caption":{"rendered":"<p>Canal Quilpu\u00e9, en la comuna de Santa Mar\u00eda, que fue revestido con un presupuesto de 400 millones de pesos en una extensi\u00f3n de 1.6 km en total.<\/p>\n"},"alt_text":"Canal Quilpu\u00e9, en la comuna de Santa Mar\u00eda, que fue revestido con un presupuesto de 400 millones de pesos en una extensi\u00f3n de 1.6 km en total.","media_type":"image","mime_type":"image\/jpeg","media_details":{"width":530,"height":348,"file":"2016\/01\/FOTO-1-CANAL-QUILPUE-EN-LA-COMUNA-DE-SANTA-MARIA-QUE-FUE-REVESTIDO-CON-UN-PRESUPESTO-DE-400-MILLONES-DE-PESOS-EN-UNA-EXTENSI\u00d3N-DE-1.6-KMS-EN-TOTAL.jpg","sizes":{"thumbnail":{"file":"FOTO-1-CANAL-QUILPUE-EN-LA-COMUNA-DE-SANTA-MARIA-QUE-FUE-REVESTIDO-CON-UN-PRESUPESTO-DE-400-MILLONES-DE-PESOS-EN-UNA-EXTENSI\u00d3N-DE-1.6-KMS-EN-TOTAL-200x131.jpg","width":200,"height":131,"mime_type":"image\/jpeg","source_url":"https:\/\/i0.wp.com\/eltrabajo.cl\/portal\/wp-content\/uploads\/2016\/01\/FOTO-1-CANAL-QUILPUE-EN-LA-COMUNA-DE-SANTA-MARIA-QUE-FUE-REVESTIDO-CON-UN-PRESUPESTO-DE-400-MILLONES-DE-PESOS-EN-UNA-EXTENSI%C3%93N-DE-1.6-KMS-EN-TOTAL.jpg?fit=200%2C131&ssl=1"},"medium":{"file":"FOTO-1-CANAL-QUILPUE-EN-LA-COMUNA-DE-SANTA-MARIA-QUE-FUE-REVESTIDO-CON-UN-PRESUPESTO-DE-400-MILLONES-DE-PESOS-EN-UNA-EXTENSI\u00d3N-DE-1.6-KMS-EN-TOTAL-300x197.jpg","width":300,"height":197,"mime_type":"image\/jpeg","source_url":"https:\/\/i0.wp.com\/eltrabajo.cl\/portal\/wp-content\/uploads\/2016\/01\/FOTO-1-CANAL-QUILPUE-EN-LA-COMUNA-DE-SANTA-MARIA-QUE-FUE-REVESTIDO-CON-UN-PRESUPESTO-DE-400-MILLONES-DE-PESOS-EN-UNA-EXTENSI%C3%93N-DE-1.6-KMS-EN-TOTAL.jpg?fit=300%2C197&ssl=1"},"post-thumbnail":{"file":"FOTO-1-CANAL-QUILPUE-EN-LA-COMUNA-DE-SANTA-MARIA-QUE-FUE-REVESTIDO-CON-UN-PRESUPESTO-DE-400-MILLONES-DE-PESOS-EN-UNA-EXTENSI\u00d3N-DE-1.6-KMS-EN-TOTAL-228x150.jpg","width":228,"height":150,"mime_type":"image\/jpeg","source_url":"https:\/\/i0.wp.com\/eltrabajo.cl\/portal\/wp-content\/uploads\/2016\/01\/FOTO-1-CANAL-QUILPUE-EN-LA-COMUNA-DE-SANTA-MARIA-QUE-FUE-REVESTIDO-CON-UN-PRESUPESTO-DE-400-MILLONES-DE-PESOS-EN-UNA-EXTENSI%C3%93N-DE-1.6-KMS-EN-TOTAL.jpg?fit=228%2C150&ssl=1"},"single-post-thumbnail":{"file":"FOTO-1-CANAL-QUILPUE-EN-LA-COMUNA-DE-SANTA-MARIA-QUE-FUE-REVESTIDO-CON-UN-PRESUPESTO-DE-400-MILLONES-DE-PESOS-EN-UNA-EXTENSI\u00d3N-DE-1.6-KMS-EN-TOTAL-400x263.jpg","width":400,"height":263,"mime_type":"image\/jpeg","source_url":"https:\/\/eltrabajo.cl\/portal\/wp-content\/uploads\/2016\/01\/FOTO-1-CANAL-QUILPUE-EN-LA-COMUNA-DE-SANTA-MARIA-QUE-FUE-REVESTIDO-CON-UN-PRESUPESTO-DE-400-MILLONES-DE-PESOS-EN-UNA-EXTENSI\u00d3N-DE-1.6-KMS-EN-TOTAL-400x263.jpg"},"full":{"file":"FOTO-1-CANAL-QUILPUE-EN-LA-COMUNA-DE-SANTA-MARIA-QUE-FUE-REVESTIDO-CON-UN-PRESUPESTO-DE-400-MILLONES-DE-PESOS-EN-UNA-EXTENSI%C3%93N-DE-1.6-KMS-EN-TOTAL.jpg?fit=530%2C348&ssl=1","width":530,"height":348,"mime_type":"image\/jpeg","source_url":"https:\/\/i0.wp.com\/eltrabajo.cl\/portal\/wp-content\/uploads\/2016\/01\/FOTO-1-CANAL-QUILPUE-EN-LA-COMUNA-DE-SANTA-MARIA-QUE-FUE-REVESTIDO-CON-UN-PRESUPESTO-DE-400-MILLONES-DE-PESOS-EN-UNA-EXTENSI%C3%93N-DE-1.6-KMS-EN-TOTAL.jpg?fit=530%2C348&ssl=1"}},"image_meta":{"aperture":0,"credit":"","camera":"","caption":"","created_timestamp":0,"copyright":"","focal_length":0,"iso":0,"shutter_speed":0,"title":"","orientation":0,"keywords":[]}},"post":65650,"source_url":"https:\/\/eltrabajo.cl\/portal\/wp-content\/uploads\/2016\/01\/FOTO-1-CANAL-QUILPUE-EN-LA-COMUNA-DE-SANTA-MARIA-QUE-FUE-REVESTIDO-CON-UN-PRESUPESTO-DE-400-MILLONES-DE-PESOS-EN-UNA-EXTENSI\u00d3N-DE-1.6-KMS-EN-TOTAL.jpg","_links":{"self":[{"href":"https:\/\/eltrabajo.cl\/portal\/wp-json\/wp\/v2\/media\/65652","targetHints":{"allow":["GET"]}}],"collection":[{"href":"https:\/\/eltrabajo.cl\/portal\/wp-json\/wp\/v2\/media"}],"about":[{"href":"https:\/\/eltrabajo.cl\/portal\/wp-json\/wp\/v2\/types\/attachment"}],"author":[{"embeddable":true,"href":"https:\/\/eltrabajo.cl\/portal\/wp-json\/wp\/v2\/users\/482"}],"replies":[{"embeddable":true,"href":"https:\/\/eltrabajo.cl\/portal\/wp-json\/wp\/v2\/comments?post=65652"}],"wp:attached-to":[{"embeddable":true,"post_type":"post","id":65650,"href":"https:\/\/eltrabajo.cl\/portal\/wp-json\/wp\/v2\/posts\/65650"}],"curies":[{"name":"wp","href":"https:\/\/api.w.org\/{rel}","templated":true}]}}

http://www.eltrabajo.cl/portal/wp-content/uploads/2016/01/FOTO-1-CANAL-QUILPUE-EN-LA-COMUNA-DE-SANTA-MARIA-QUE-FUE-REVESTIDO-CON-UN-PRESUPESTO-DE-400-MILLONES-DE-PESOS-EN-UNA-EXTENSIÓN-DE-1.6-KMS-EN-TOTAL.jpg

FOTO 1 CANAL QUILPUE EN LA COMUNA DE SANTA MARIA QUE FUE REVESTIDO CON UN PRESUPESTO DE 400 MILLONES DE PESOS EN UNA EXTENSIÓN DE 1.6 KMS EN TOTAL

<p class="attachment"><a href="https://i0.wp.com/eltrabajo.cl/portal/wp-content/uploads/2016/01/FOTO-1-CANAL-QUILPUE-EN-LA-COMUNA-DE-SANTA-MARIA-QUE-FUE-REVESTIDO-CON-UN-PRESUPESTO-DE-400-MILLONES-DE-PESOS-EN-UNA-EXTENSI%C3%93N-DE-1.6-KMS-EN-TOTAL.jpg?ssl=1"><img loading="lazy" decoding="async" width="300" height="197" src="https://i0.wp.com/eltrabajo.cl/portal/wp-content/uploads/2016/01/FOTO-1-CANAL-QUILPUE-EN-LA-COMUNA-DE-SANTA-MARIA-QUE-FUE-REVESTIDO-CON-UN-PRESUPESTO-DE-400-MILLONES-DE-PESOS-EN-UNA-EXTENSI%C3%93N-DE-1.6-KMS-EN-TOTAL.jpg?fit=300%2C197&amp;ssl=1" class="attachment-medium size-medium" alt="Canal Quilpué, en la comuna de Santa María, que fue revestido con un presupuesto de 400 millones de pesos en una extensión de 1.6 km en total." /></a></p>
<p>Canal Quilpué, en la comuna de Santa María, que fue revestido con un presupuesto de 400 millones de pesos en una extensión de 1.6 km en total.</p>

<p>Canal Quilpué, en la comuna de Santa María, que fue revestido con un presupuesto de 400 millones de pesos en una extensión de 1.6 km en total.</p>

Canal Quilpué, en la comuna de Santa María, que fue revestido con un presupuesto de 400 millones de pesos en una extensión de 1.6 km en total.

2016/01/FOTO-1-CANAL-QUILPUE-EN-LA-COMUNA-DE-SANTA-MARIA-QUE-FUE-REVESTIDO-CON-UN-PRESUPESTO-DE-400-MILLONES-DE-PESOS-EN-UNA-EXTENSIÓN-DE-1.6-KMS-EN-TOTAL.jpg

FOTO-1-CANAL-QUILPUE-EN-LA-COMUNA-DE-SANTA-MARIA-QUE-FUE-REVESTIDO-CON-UN-PRESUPESTO-DE-400-MILLONES-DE-PESOS-EN-UNA-EXTENSIÓN-DE-1.6-KMS-EN-TOTAL-200x131.jpg

FOTO-1-CANAL-QUILPUE-EN-LA-COMUNA-DE-SANTA-MARIA-QUE-FUE-REVESTIDO-CON-UN-PRESUPESTO-DE-400-MILLONES-DE-PESOS-EN-UNA-EXTENSIÓN-DE-1.6-KMS-EN-TOTAL-300x197.jpg

FOTO-1-CANAL-QUILPUE-EN-LA-COMUNA-DE-SANTA-MARIA-QUE-FUE-REVESTIDO-CON-UN-PRESUPESTO-DE-400-MILLONES-DE-PESOS-EN-UNA-EXTENSIÓN-DE-1.6-KMS-EN-TOTAL-228x150.jpg

FOTO-1-CANAL-QUILPUE-EN-LA-COMUNA-DE-SANTA-MARIA-QUE-FUE-REVESTIDO-CON-UN-PRESUPESTO-DE-400-MILLONES-DE-PESOS-EN-UNA-EXTENSIÓN-DE-1.6-KMS-EN-TOTAL-400x263.jpg

https://eltrabajo.cl/portal/wp-content/uploads/2016/01/FOTO-1-CANAL-QUILPUE-EN-LA-COMUNA-DE-SANTA-MARIA-QUE-FUE-REVESTIDO-CON-UN-PRESUPESTO-DE-400-MILLONES-DE-PESOS-EN-UNA-EXTENSIÓN-DE-1.6-KMS-EN-TOTAL-400x263.jpg

https://eltrabajo.cl/portal/wp-content/uploads/2016/01/FOTO-1-CANAL-QUILPUE-EN-LA-COMUNA-DE-SANTA-MARIA-QUE-FUE-REVESTIDO-CON-UN-PRESUPESTO-DE-400-MILLONES-DE-PESOS-EN-UNA-EXTENSIÓN-DE-1.6-KMS-EN-TOTAL.jpg
