{"id":65855,"date":"2016-01-15T14:43:17","date_gmt":"2016-01-15T17:43:17","guid":{"rendered":"http:\/\/www.eltrabajo.cl\/portal\/wp-content\/uploads\/2016\/01\/Sebastian-Fuentes.jpg"},"modified":"2016-01-15T14:43:54","modified_gmt":"2016-01-15T17:43:54","slug":"sebastian-fuentes","status":"inherit","type":"attachment","link":"https:\/\/eltrabajo.cl\/portal\/joven-ahogado-salvo-a-dos-personas-antes-de-perder-la-vida-en-el-rio\/sebastian-fuentes\/","title":{"rendered":"Sebastian Fuentes"},"author":482,"featured_media":0,"comment_status":"open","ping_status":"closed","template":"","meta":{"advanced_seo_description":"","jetpack_seo_html_title":"","jetpack_seo_noindex":false},"class_list":["post-65855","attachment","type-attachment","status-inherit","hentry"],"jetpack_sharing_enabled":true,"jetpack_likes_enabled":true,"description":{"rendered":"<p class=\"attachment\"><a href=\"https:\/\/i0.wp.com\/eltrabajo.cl\/portal\/wp-content\/uploads\/2016\/01\/Sebastian-Fuentes.jpg?ssl=1\"><img loading=\"lazy\" decoding=\"async\" width=\"300\" height=\"197\" src=\"https:\/\/i0.wp.com\/eltrabajo.cl\/portal\/wp-content\/uploads\/2016\/01\/Sebastian-Fuentes.jpg?fit=300%2C197&amp;ssl=1\" class=\"attachment-medium size-medium\" alt=\"Sebasti\u00e1n Fuentes, t\u00edo del h\u00e9roe fallecido.\" srcset=\"https:\/\/i0.wp.com\/eltrabajo.cl\/portal\/wp-content\/uploads\/2016\/01\/Sebastian-Fuentes.jpg?w=530&amp;ssl=1 530w, https:\/\/i0.wp.com\/eltrabajo.cl\/portal\/wp-content\/uploads\/2016\/01\/Sebastian-Fuentes.jpg?resize=200%2C131&amp;ssl=1 200w, https:\/\/i0.wp.com\/eltrabajo.cl\/portal\/wp-content\/uploads\/2016\/01\/Sebastian-Fuentes.jpg?resize=300%2C197&amp;ssl=1 300w, https:\/\/i0.wp.com\/eltrabajo.cl\/portal\/wp-content\/uploads\/2016\/01\/Sebastian-Fuentes.jpg?resize=228%2C150&amp;ssl=1 228w, https:\/\/i0.wp.com\/eltrabajo.cl\/portal\/wp-content\/uploads\/2016\/01\/Sebastian-Fuentes.jpg?resize=400%2C263&amp;ssl=1 400w\" sizes=\"auto, (max-width: 300px) 100vw, 300px\" \/><\/a><\/p>\n<p>Sebasti\u00e1n Fuentes, t\u00edo del h\u00e9roe fallecido.<\/p>\n"},"caption":{"rendered":"<p>Sebasti\u00e1n Fuentes, t\u00edo del h\u00e9roe fallecido.<\/p>\n"},"alt_text":"Sebasti\u00e1n Fuentes, t\u00edo del h\u00e9roe fallecido.","media_type":"image","mime_type":"image\/jpeg","media_details":{"width":530,"height":348,"file":"2016\/01\/Sebastian-Fuentes.jpg","sizes":{"thumbnail":{"file":"Sebastian-Fuentes-200x131.jpg","width":200,"height":131,"mime_type":"image\/jpeg","source_url":"https:\/\/i0.wp.com\/eltrabajo.cl\/portal\/wp-content\/uploads\/2016\/01\/Sebastian-Fuentes.jpg?fit=200%2C131&ssl=1"},"medium":{"file":"Sebastian-Fuentes-300x197.jpg","width":300,"height":197,"mime_type":"image\/jpeg","source_url":"https:\/\/i0.wp.com\/eltrabajo.cl\/portal\/wp-content\/uploads\/2016\/01\/Sebastian-Fuentes.jpg?fit=300%2C197&ssl=1"},"post-thumbnail":{"file":"Sebastian-Fuentes-228x150.jpg","width":228,"height":150,"mime_type":"image\/jpeg","source_url":"https:\/\/i0.wp.com\/eltrabajo.cl\/portal\/wp-content\/uploads\/2016\/01\/Sebastian-Fuentes.jpg?fit=228%2C150&ssl=1"},"single-post-thumbnail":{"file":"Sebastian-Fuentes-400x263.jpg","width":400,"height":263,"mime_type":"image\/jpeg","source_url":"https:\/\/eltrabajo.cl\/portal\/wp-content\/uploads\/2016\/01\/Sebastian-Fuentes-400x263.jpg"},"full":{"file":"Sebastian-Fuentes.jpg?fit=530%2C348&ssl=1","width":530,"height":348,"mime_type":"image\/jpeg","source_url":"https:\/\/i0.wp.com\/eltrabajo.cl\/portal\/wp-content\/uploads\/2016\/01\/Sebastian-Fuentes.jpg?fit=530%2C348&ssl=1"}},"image_meta":{"aperture":0,"credit":"","camera":"","caption":"","created_timestamp":0,"copyright":"","focal_length":0,"iso":0,"shutter_speed":0,"title":"","orientation":0,"keywords":[]}},"post":65850,"source_url":"https:\/\/eltrabajo.cl\/portal\/wp-content\/uploads\/2016\/01\/Sebastian-Fuentes.jpg","_links":{"self":[{"href":"https:\/\/eltrabajo.cl\/portal\/wp-json\/wp\/v2\/media\/65855","targetHints":{"allow":["GET"]}}],"collection":[{"href":"https:\/\/eltrabajo.cl\/portal\/wp-json\/wp\/v2\/media"}],"about":[{"href":"https:\/\/eltrabajo.cl\/portal\/wp-json\/wp\/v2\/types\/attachment"}],"author":[{"embeddable":true,"href":"https:\/\/eltrabajo.cl\/portal\/wp-json\/wp\/v2\/users\/482"}],"replies":[{"embeddable":true,"href":"https:\/\/eltrabajo.cl\/portal\/wp-json\/wp\/v2\/comments?post=65855"}],"wp:attached-to":[{"embeddable":true,"post_type":"post","id":65850,"href":"https:\/\/eltrabajo.cl\/portal\/wp-json\/wp\/v2\/posts\/65850"}],"curies":[{"name":"wp","href":"https:\/\/api.w.org\/{rel}","templated":true}]}}

<p class="attachment"><a href="https://i0.wp.com/eltrabajo.cl/portal/wp-content/uploads/2016/01/Sebastian-Fuentes.jpg?ssl=1"><img loading="lazy" decoding="async" width="300" height="197" src="https://i0.wp.com/eltrabajo.cl/portal/wp-content/uploads/2016/01/Sebastian-Fuentes.jpg?fit=300%2C197&amp;ssl=1" class="attachment-medium size-medium" alt="Sebastián Fuentes, tío del héroe fallecido." srcset="https://i0.wp.com/eltrabajo.cl/portal/wp-content/uploads/2016/01/Sebastian-Fuentes.jpg?w=530&amp;ssl=1 530w, https://i0.wp.com/eltrabajo.cl/portal/wp-content/uploads/2016/01/Sebastian-Fuentes.jpg?resize=200%2C131&amp;ssl=1 200w, https://i0.wp.com/eltrabajo.cl/portal/wp-content/uploads/2016/01/Sebastian-Fuentes.jpg?resize=300%2C197&amp;ssl=1 300w, https://i0.wp.com/eltrabajo.cl/portal/wp-content/uploads/2016/01/Sebastian-Fuentes.jpg?resize=228%2C150&amp;ssl=1 228w, https://i0.wp.com/eltrabajo.cl/portal/wp-content/uploads/2016/01/Sebastian-Fuentes.jpg?resize=400%2C263&amp;ssl=1 400w" sizes="auto, (max-width: 300px) 100vw, 300px" /></a></p>
<p>Sebastián Fuentes, tío del héroe fallecido.</p>

<p>Sebastián Fuentes, tío del héroe fallecido.</p>

Sebastián Fuentes, tío del héroe fallecido.
