{"id":65863,"date":"2016-01-18T09:48:25","date_gmt":"2016-01-18T12:48:25","guid":{"rendered":"http:\/\/www.eltrabajo.cl\/portal\/wp-content\/uploads\/2016\/01\/Anfora1.jpg"},"modified":"2016-01-18T09:48:32","modified_gmt":"2016-01-18T12:48:32","slug":"anfora1","status":"inherit","type":"attachment","link":"https:\/\/eltrabajo.cl\/portal\/cenizas-de-azucena-caballero-fueron-esparcidas-en-tierras-blancas\/anfora1\/","title":{"rendered":"Anfora1"},"author":482,"featured_media":0,"comment_status":"open","ping_status":"closed","template":"","meta":{"advanced_seo_description":"","jetpack_seo_html_title":"","jetpack_seo_noindex":false},"class_list":["post-65863","attachment","type-attachment","status-inherit","hentry"],"jetpack_sharing_enabled":true,"jetpack_likes_enabled":true,"description":{"rendered":"<p class=\"attachment\"><a href=\"https:\/\/i0.wp.com\/eltrabajo.cl\/portal\/wp-content\/uploads\/2016\/01\/Anfora1.jpg?ssl=1\"><img loading=\"lazy\" decoding=\"async\" width=\"300\" height=\"198\" src=\"https:\/\/i0.wp.com\/eltrabajo.cl\/portal\/wp-content\/uploads\/2016\/01\/Anfora1.jpg?fit=300%2C198&amp;ssl=1\" class=\"attachment-medium size-medium\" alt=\"\u00daLTIMO ADI\u00d3S.- Antes de esparcir las cenizas de Azucena Caballero, familiares de la poetisa elevaron una oraci\u00f3n por su alma.\" srcset=\"https:\/\/i0.wp.com\/eltrabajo.cl\/portal\/wp-content\/uploads\/2016\/01\/Anfora1.jpg?w=530&amp;ssl=1 530w, https:\/\/i0.wp.com\/eltrabajo.cl\/portal\/wp-content\/uploads\/2016\/01\/Anfora1.jpg?resize=200%2C132&amp;ssl=1 200w, https:\/\/i0.wp.com\/eltrabajo.cl\/portal\/wp-content\/uploads\/2016\/01\/Anfora1.jpg?resize=300%2C198&amp;ssl=1 300w, https:\/\/i0.wp.com\/eltrabajo.cl\/portal\/wp-content\/uploads\/2016\/01\/Anfora1.jpg?resize=228%2C150&amp;ssl=1 228w, https:\/\/i0.wp.com\/eltrabajo.cl\/portal\/wp-content\/uploads\/2016\/01\/Anfora1.jpg?resize=400%2C263&amp;ssl=1 400w\" sizes=\"auto, (max-width: 300px) 100vw, 300px\" \/><\/a><\/p>\n<p>\u00daLTIMO ADI\u00d3S.- Antes de esparcir las cenizas de Azucena Caballero, familiares de la poetisa elevaron una oraci\u00f3n por su alma.<\/p>\n"},"caption":{"rendered":"<p>\u00daLTIMO ADI\u00d3S.- Antes de esparcir las cenizas de Azucena Caballero, familiares de la poetisa elevaron una oraci\u00f3n por su alma.<\/p>\n"},"alt_text":"\u00daLTIMO ADI\u00d3S.- Antes de esparcir las cenizas de Azucena Caballero, familiares de la poetisa elevaron una oraci\u00f3n por su alma.","media_type":"image","mime_type":"image\/jpeg","media_details":{"width":530,"height":349,"file":"2016\/01\/Anfora1.jpg","sizes":{"thumbnail":{"file":"Anfora1-200x132.jpg","width":200,"height":132,"mime_type":"image\/jpeg","source_url":"https:\/\/i0.wp.com\/eltrabajo.cl\/portal\/wp-content\/uploads\/2016\/01\/Anfora1.jpg?fit=200%2C132&ssl=1"},"medium":{"file":"Anfora1-300x198.jpg","width":300,"height":198,"mime_type":"image\/jpeg","source_url":"https:\/\/i0.wp.com\/eltrabajo.cl\/portal\/wp-content\/uploads\/2016\/01\/Anfora1.jpg?fit=300%2C198&ssl=1"},"post-thumbnail":{"file":"Anfora1-228x150.jpg","width":228,"height":150,"mime_type":"image\/jpeg","source_url":"https:\/\/i0.wp.com\/eltrabajo.cl\/portal\/wp-content\/uploads\/2016\/01\/Anfora1.jpg?fit=228%2C150&ssl=1"},"single-post-thumbnail":{"file":"Anfora1-400x263.jpg","width":400,"height":263,"mime_type":"image\/jpeg","source_url":"https:\/\/eltrabajo.cl\/portal\/wp-content\/uploads\/2016\/01\/Anfora1-400x263.jpg"},"full":{"file":"Anfora1.jpg?fit=530%2C349&ssl=1","width":530,"height":349,"mime_type":"image\/jpeg","source_url":"https:\/\/i0.wp.com\/eltrabajo.cl\/portal\/wp-content\/uploads\/2016\/01\/Anfora1.jpg?fit=530%2C349&ssl=1"}},"image_meta":{"aperture":0,"credit":"","camera":"","caption":"","created_timestamp":0,"copyright":"","focal_length":0,"iso":0,"shutter_speed":0,"title":"","orientation":0,"keywords":[]}},"post":65861,"source_url":"https:\/\/eltrabajo.cl\/portal\/wp-content\/uploads\/2016\/01\/Anfora1.jpg","_links":{"self":[{"href":"https:\/\/eltrabajo.cl\/portal\/wp-json\/wp\/v2\/media\/65863","targetHints":{"allow":["GET"]}}],"collection":[{"href":"https:\/\/eltrabajo.cl\/portal\/wp-json\/wp\/v2\/media"}],"about":[{"href":"https:\/\/eltrabajo.cl\/portal\/wp-json\/wp\/v2\/types\/attachment"}],"author":[{"embeddable":true,"href":"https:\/\/eltrabajo.cl\/portal\/wp-json\/wp\/v2\/users\/482"}],"replies":[{"embeddable":true,"href":"https:\/\/eltrabajo.cl\/portal\/wp-json\/wp\/v2\/comments?post=65863"}],"wp:attached-to":[{"embeddable":true,"post_type":"post","id":65861,"href":"https:\/\/eltrabajo.cl\/portal\/wp-json\/wp\/v2\/posts\/65861"}],"curies":[{"name":"wp","href":"https:\/\/api.w.org\/{rel}","templated":true}]}}

<p class="attachment"><a href="https://i0.wp.com/eltrabajo.cl/portal/wp-content/uploads/2016/01/Anfora1.jpg?ssl=1"><img loading="lazy" decoding="async" width="300" height="198" src="https://i0.wp.com/eltrabajo.cl/portal/wp-content/uploads/2016/01/Anfora1.jpg?fit=300%2C198&amp;ssl=1" class="attachment-medium size-medium" alt="ÚLTIMO ADIÓS.- Antes de esparcir las cenizas de Azucena Caballero, familiares de la poetisa elevaron una oración por su alma." srcset="https://i0.wp.com/eltrabajo.cl/portal/wp-content/uploads/2016/01/Anfora1.jpg?w=530&amp;ssl=1 530w, https://i0.wp.com/eltrabajo.cl/portal/wp-content/uploads/2016/01/Anfora1.jpg?resize=200%2C132&amp;ssl=1 200w, https://i0.wp.com/eltrabajo.cl/portal/wp-content/uploads/2016/01/Anfora1.jpg?resize=300%2C198&amp;ssl=1 300w, https://i0.wp.com/eltrabajo.cl/portal/wp-content/uploads/2016/01/Anfora1.jpg?resize=228%2C150&amp;ssl=1 228w, https://i0.wp.com/eltrabajo.cl/portal/wp-content/uploads/2016/01/Anfora1.jpg?resize=400%2C263&amp;ssl=1 400w" sizes="auto, (max-width: 300px) 100vw, 300px" /></a></p>
<p>ÚLTIMO ADIÓS.- Antes de esparcir las cenizas de Azucena Caballero, familiares de la poetisa elevaron una oración por su alma.</p>

<p>ÚLTIMO ADIÓS.- Antes de esparcir las cenizas de Azucena Caballero, familiares de la poetisa elevaron una oración por su alma.</p>

ÚLTIMO ADIÓS.- Antes de esparcir las cenizas de Azucena Caballero, familiares de la poetisa elevaron una oración por su alma.
