{"id":66547,"date":"2016-02-08T09:47:51","date_gmt":"2016-02-08T12:47:51","guid":{"rendered":"http:\/\/www.eltrabajo.cl\/portal\/wp-content\/uploads\/2016\/02\/Claudio-Fernandez.jpg"},"modified":"2016-02-08T09:48:12","modified_gmt":"2016-02-08T12:48:12","slug":"claudio-fernandez-2","status":"inherit","type":"attachment","link":"https:\/\/eltrabajo.cl\/portal\/vecinos-de-poblacion-aconcagua-ya-tienen-su-radio-fm-comunitaria\/claudio-fernandez-2\/","title":{"rendered":"Claudio Fernandez"},"author":482,"featured_media":0,"comment_status":"open","ping_status":"closed","template":"","meta":{"advanced_seo_description":"","jetpack_seo_html_title":"","jetpack_seo_noindex":false},"class_list":["post-66547","attachment","type-attachment","status-inherit","hentry"],"jetpack_sharing_enabled":true,"jetpack_likes_enabled":true,"description":{"rendered":"<p class=\"attachment\"><a href=\"https:\/\/i0.wp.com\/eltrabajo.cl\/portal\/wp-content\/uploads\/2016\/02\/Claudio-Fernandez.jpg?ssl=1\"><img loading=\"lazy\" decoding=\"async\" width=\"300\" height=\"199\" src=\"https:\/\/i0.wp.com\/eltrabajo.cl\/portal\/wp-content\/uploads\/2016\/02\/Claudio-Fernandez.jpg?fit=300%2C199&amp;ssl=1\" class=\"attachment-medium size-medium\" alt=\"Jos\u00e9 Claudio Fern\u00e1ndez, creador de la Emisora Comunitaria Poblaci\u00f3n Aconcagua en Frecuencia Modulada (FM).\" srcset=\"https:\/\/i0.wp.com\/eltrabajo.cl\/portal\/wp-content\/uploads\/2016\/02\/Claudio-Fernandez.jpg?w=528&amp;ssl=1 528w, https:\/\/i0.wp.com\/eltrabajo.cl\/portal\/wp-content\/uploads\/2016\/02\/Claudio-Fernandez.jpg?resize=200%2C133&amp;ssl=1 200w, https:\/\/i0.wp.com\/eltrabajo.cl\/portal\/wp-content\/uploads\/2016\/02\/Claudio-Fernandez.jpg?resize=300%2C199&amp;ssl=1 300w, https:\/\/i0.wp.com\/eltrabajo.cl\/portal\/wp-content\/uploads\/2016\/02\/Claudio-Fernandez.jpg?resize=226%2C150&amp;ssl=1 226w, https:\/\/i0.wp.com\/eltrabajo.cl\/portal\/wp-content\/uploads\/2016\/02\/Claudio-Fernandez.jpg?resize=400%2C265&amp;ssl=1 400w\" sizes=\"auto, (max-width: 300px) 100vw, 300px\" \/><\/a><\/p>\n<p>Jos\u00e9 Claudio Fern\u00e1ndez, creador de la Emisora Comunitaria Poblaci\u00f3n Aconcagua en Frecuencia Modulada (FM).<\/p>\n"},"caption":{"rendered":"<p>Jos\u00e9 Claudio Fern\u00e1ndez, creador de la Emisora Comunitaria Poblaci\u00f3n Aconcagua en Frecuencia Modulada (FM).<\/p>\n"},"alt_text":"Jos\u00e9 Claudio Fern\u00e1ndez, creador de la Emisora Comunitaria Poblaci\u00f3n Aconcagua en Frecuencia Modulada (FM).","media_type":"image","mime_type":"image\/jpeg","media_details":{"width":528,"height":350,"file":"2016\/02\/Claudio-Fernandez.jpg","sizes":{"thumbnail":{"file":"Claudio-Fernandez-200x133.jpg","width":200,"height":133,"mime_type":"image\/jpeg","source_url":"https:\/\/i0.wp.com\/eltrabajo.cl\/portal\/wp-content\/uploads\/2016\/02\/Claudio-Fernandez.jpg?fit=200%2C133&ssl=1"},"medium":{"file":"Claudio-Fernandez-300x199.jpg","width":300,"height":199,"mime_type":"image\/jpeg","source_url":"https:\/\/i0.wp.com\/eltrabajo.cl\/portal\/wp-content\/uploads\/2016\/02\/Claudio-Fernandez.jpg?fit=300%2C199&ssl=1"},"post-thumbnail":{"file":"Claudio-Fernandez-226x150.jpg","width":226,"height":150,"mime_type":"image\/jpeg","source_url":"https:\/\/i0.wp.com\/eltrabajo.cl\/portal\/wp-content\/uploads\/2016\/02\/Claudio-Fernandez.jpg?fit=226%2C150&ssl=1"},"single-post-thumbnail":{"file":"Claudio-Fernandez-400x265.jpg","width":400,"height":265,"mime_type":"image\/jpeg","source_url":"https:\/\/eltrabajo.cl\/portal\/wp-content\/uploads\/2016\/02\/Claudio-Fernandez-400x265.jpg"},"full":{"file":"Claudio-Fernandez.jpg?fit=528%2C350&ssl=1","width":528,"height":350,"mime_type":"image\/jpeg","source_url":"https:\/\/i0.wp.com\/eltrabajo.cl\/portal\/wp-content\/uploads\/2016\/02\/Claudio-Fernandez.jpg?fit=528%2C350&ssl=1"}},"image_meta":{"aperture":"0","credit":"","camera":"","caption":"","created_timestamp":"0","copyright":"","focal_length":"0","iso":"0","shutter_speed":"0","title":"","orientation":"0","keywords":[]}},"post":66546,"source_url":"https:\/\/eltrabajo.cl\/portal\/wp-content\/uploads\/2016\/02\/Claudio-Fernandez.jpg","_links":{"self":[{"href":"https:\/\/eltrabajo.cl\/portal\/wp-json\/wp\/v2\/media\/66547","targetHints":{"allow":["GET"]}}],"collection":[{"href":"https:\/\/eltrabajo.cl\/portal\/wp-json\/wp\/v2\/media"}],"about":[{"href":"https:\/\/eltrabajo.cl\/portal\/wp-json\/wp\/v2\/types\/attachment"}],"author":[{"embeddable":true,"href":"https:\/\/eltrabajo.cl\/portal\/wp-json\/wp\/v2\/users\/482"}],"replies":[{"embeddable":true,"href":"https:\/\/eltrabajo.cl\/portal\/wp-json\/wp\/v2\/comments?post=66547"}],"wp:attached-to":[{"embeddable":true,"post_type":"post","id":66546,"href":"https:\/\/eltrabajo.cl\/portal\/wp-json\/wp\/v2\/posts\/66546"}],"curies":[{"name":"wp","href":"https:\/\/api.w.org\/{rel}","templated":true}]}}

<p class="attachment"><a href="https://i0.wp.com/eltrabajo.cl/portal/wp-content/uploads/2016/02/Claudio-Fernandez.jpg?ssl=1"><img loading="lazy" decoding="async" width="300" height="199" src="https://i0.wp.com/eltrabajo.cl/portal/wp-content/uploads/2016/02/Claudio-Fernandez.jpg?fit=300%2C199&amp;ssl=1" class="attachment-medium size-medium" alt="José Claudio Fernández, creador de la Emisora Comunitaria Población Aconcagua en Frecuencia Modulada (FM)." srcset="https://i0.wp.com/eltrabajo.cl/portal/wp-content/uploads/2016/02/Claudio-Fernandez.jpg?w=528&amp;ssl=1 528w, https://i0.wp.com/eltrabajo.cl/portal/wp-content/uploads/2016/02/Claudio-Fernandez.jpg?resize=200%2C133&amp;ssl=1 200w, https://i0.wp.com/eltrabajo.cl/portal/wp-content/uploads/2016/02/Claudio-Fernandez.jpg?resize=300%2C199&amp;ssl=1 300w, https://i0.wp.com/eltrabajo.cl/portal/wp-content/uploads/2016/02/Claudio-Fernandez.jpg?resize=226%2C150&amp;ssl=1 226w, https://i0.wp.com/eltrabajo.cl/portal/wp-content/uploads/2016/02/Claudio-Fernandez.jpg?resize=400%2C265&amp;ssl=1 400w" sizes="auto, (max-width: 300px) 100vw, 300px" /></a></p>
<p>José Claudio Fernández, creador de la Emisora Comunitaria Población Aconcagua en Frecuencia Modulada (FM).</p>

<p>José Claudio Fernández, creador de la Emisora Comunitaria Población Aconcagua en Frecuencia Modulada (FM).</p>

José Claudio Fernández, creador de la Emisora Comunitaria Población Aconcagua en Frecuencia Modulada (FM).
