{"id":66682,"date":"2016-02-11T09:35:11","date_gmt":"2016-02-11T12:35:11","guid":{"rendered":"http:\/\/www.eltrabajo.cl\/portal\/wp-content\/uploads\/2016\/02\/Gira33.jpg"},"modified":"2016-02-11T09:35:25","modified_gmt":"2016-02-11T12:35:25","slug":"gira33","status":"inherit","type":"attachment","link":"https:\/\/eltrabajo.cl\/portal\/exalumnos-de-la-escuela-de-el-asiento-viajaron-a-conocer-ciudades-del-norte\/gira33\/","title":{"rendered":"Gira33"},"author":482,"featured_media":0,"comment_status":"open","ping_status":"closed","template":"","meta":{"advanced_seo_description":"","jetpack_seo_html_title":"","jetpack_seo_noindex":false},"class_list":["post-66682","attachment","type-attachment","status-inherit","hentry"],"jetpack_sharing_enabled":true,"jetpack_likes_enabled":true,"description":{"rendered":"<p class=\"attachment\"><a href=\"https:\/\/i0.wp.com\/eltrabajo.cl\/portal\/wp-content\/uploads\/2016\/02\/Gira33.jpg?ssl=1\"><img loading=\"lazy\" decoding=\"async\" width=\"300\" height=\"198\" src=\"https:\/\/i0.wp.com\/eltrabajo.cl\/portal\/wp-content\/uploads\/2016\/02\/Gira33.jpg?fit=300%2C198&amp;ssl=1\" class=\"attachment-medium size-medium\" alt=\"AVENTURA INOLVIDABLE.- Los ni\u00f1os de El Asiento nunca hab\u00edan volado en avi\u00f3n y no conoc\u00edan las ciudades que vitaron.\" srcset=\"https:\/\/i0.wp.com\/eltrabajo.cl\/portal\/wp-content\/uploads\/2016\/02\/Gira33.jpg?w=528&amp;ssl=1 528w, https:\/\/i0.wp.com\/eltrabajo.cl\/portal\/wp-content\/uploads\/2016\/02\/Gira33.jpg?resize=200%2C132&amp;ssl=1 200w, https:\/\/i0.wp.com\/eltrabajo.cl\/portal\/wp-content\/uploads\/2016\/02\/Gira33.jpg?resize=300%2C198&amp;ssl=1 300w, https:\/\/i0.wp.com\/eltrabajo.cl\/portal\/wp-content\/uploads\/2016\/02\/Gira33.jpg?resize=227%2C150&amp;ssl=1 227w, https:\/\/i0.wp.com\/eltrabajo.cl\/portal\/wp-content\/uploads\/2016\/02\/Gira33.jpg?resize=400%2C264&amp;ssl=1 400w\" sizes=\"auto, (max-width: 300px) 100vw, 300px\" \/><\/a><\/p>\n<p>AVENTURA INOLVIDABLE.- Los ni\u00f1os de El Asiento nunca hab\u00edan volado en avi\u00f3n y no conoc\u00edan las ciudades que vitaron.<\/p>\n"},"caption":{"rendered":"<p>AVENTURA INOLVIDABLE.- Los ni\u00f1os de El Asiento nunca hab\u00edan volado en avi\u00f3n y no conoc\u00edan las ciudades que vitaron.<\/p>\n"},"alt_text":"AVENTURA INOLVIDABLE.- Los ni\u00f1os de El Asiento nunca hab\u00edan volado en avi\u00f3n y no conoc\u00edan las ciudades que vitaron.","media_type":"image","mime_type":"image\/jpeg","media_details":{"width":528,"height":349,"file":"2016\/02\/Gira33.jpg","sizes":{"thumbnail":{"file":"Gira33-200x132.jpg","width":200,"height":132,"mime_type":"image\/jpeg","source_url":"https:\/\/i0.wp.com\/eltrabajo.cl\/portal\/wp-content\/uploads\/2016\/02\/Gira33.jpg?fit=200%2C132&ssl=1"},"medium":{"file":"Gira33-300x198.jpg","width":300,"height":198,"mime_type":"image\/jpeg","source_url":"https:\/\/i0.wp.com\/eltrabajo.cl\/portal\/wp-content\/uploads\/2016\/02\/Gira33.jpg?fit=300%2C198&ssl=1"},"post-thumbnail":{"file":"Gira33-227x150.jpg","width":227,"height":150,"mime_type":"image\/jpeg","source_url":"https:\/\/i0.wp.com\/eltrabajo.cl\/portal\/wp-content\/uploads\/2016\/02\/Gira33.jpg?fit=227%2C150&ssl=1"},"single-post-thumbnail":{"file":"Gira33-400x264.jpg","width":400,"height":264,"mime_type":"image\/jpeg","source_url":"https:\/\/eltrabajo.cl\/portal\/wp-content\/uploads\/2016\/02\/Gira33-400x264.jpg"},"full":{"file":"Gira33.jpg?fit=528%2C349&ssl=1","width":528,"height":349,"mime_type":"image\/jpeg","source_url":"https:\/\/i0.wp.com\/eltrabajo.cl\/portal\/wp-content\/uploads\/2016\/02\/Gira33.jpg?fit=528%2C349&ssl=1"}},"image_meta":{"aperture":"0","credit":"","camera":"","caption":"","created_timestamp":"0","copyright":"","focal_length":"0","iso":"0","shutter_speed":"0","title":"","orientation":"0","keywords":[]}},"post":66680,"source_url":"https:\/\/eltrabajo.cl\/portal\/wp-content\/uploads\/2016\/02\/Gira33.jpg","_links":{"self":[{"href":"https:\/\/eltrabajo.cl\/portal\/wp-json\/wp\/v2\/media\/66682","targetHints":{"allow":["GET"]}}],"collection":[{"href":"https:\/\/eltrabajo.cl\/portal\/wp-json\/wp\/v2\/media"}],"about":[{"href":"https:\/\/eltrabajo.cl\/portal\/wp-json\/wp\/v2\/types\/attachment"}],"author":[{"embeddable":true,"href":"https:\/\/eltrabajo.cl\/portal\/wp-json\/wp\/v2\/users\/482"}],"replies":[{"embeddable":true,"href":"https:\/\/eltrabajo.cl\/portal\/wp-json\/wp\/v2\/comments?post=66682"}],"wp:attached-to":[{"embeddable":true,"post_type":"post","id":66680,"href":"https:\/\/eltrabajo.cl\/portal\/wp-json\/wp\/v2\/posts\/66680"}],"curies":[{"name":"wp","href":"https:\/\/api.w.org\/{rel}","templated":true}]}}

<p class="attachment"><a href="https://i0.wp.com/eltrabajo.cl/portal/wp-content/uploads/2016/02/Gira33.jpg?ssl=1"><img loading="lazy" decoding="async" width="300" height="198" src="https://i0.wp.com/eltrabajo.cl/portal/wp-content/uploads/2016/02/Gira33.jpg?fit=300%2C198&amp;ssl=1" class="attachment-medium size-medium" alt="AVENTURA INOLVIDABLE.- Los niños de El Asiento nunca habían volado en avión y no conocían las ciudades que vitaron." srcset="https://i0.wp.com/eltrabajo.cl/portal/wp-content/uploads/2016/02/Gira33.jpg?w=528&amp;ssl=1 528w, https://i0.wp.com/eltrabajo.cl/portal/wp-content/uploads/2016/02/Gira33.jpg?resize=200%2C132&amp;ssl=1 200w, https://i0.wp.com/eltrabajo.cl/portal/wp-content/uploads/2016/02/Gira33.jpg?resize=300%2C198&amp;ssl=1 300w, https://i0.wp.com/eltrabajo.cl/portal/wp-content/uploads/2016/02/Gira33.jpg?resize=227%2C150&amp;ssl=1 227w, https://i0.wp.com/eltrabajo.cl/portal/wp-content/uploads/2016/02/Gira33.jpg?resize=400%2C264&amp;ssl=1 400w" sizes="auto, (max-width: 300px) 100vw, 300px" /></a></p>
<p>AVENTURA INOLVIDABLE.- Los niños de El Asiento nunca habían volado en avión y no conocían las ciudades que vitaron.</p>

<p>AVENTURA INOLVIDABLE.- Los niños de El Asiento nunca habían volado en avión y no conocían las ciudades que vitaron.</p>

AVENTURA INOLVIDABLE.- Los niños de El Asiento nunca habían volado en avión y no conocían las ciudades que vitaron.
