{"id":66706,"date":"2016-02-11T09:51:52","date_gmt":"2016-02-11T12:51:52","guid":{"rendered":"http:\/\/www.eltrabajo.cl\/portal\/wp-content\/uploads\/2016\/02\/FOTO-5-LENIN-MOISES-CORDOVA-PINO-19-ANOS.jpg"},"modified":"2016-02-11T09:52:38","modified_gmt":"2016-02-11T12:52:38","slug":"foto-5-lenin-moises-cordova-pino-19-anos","status":"inherit","type":"attachment","link":"https:\/\/eltrabajo.cl\/portal\/operativos-policiales-consiguieron-recuperar-dos-vehiculos-robados\/foto-5-lenin-moises-cordova-pino-19-anos\/","title":{"rendered":"FOTO 5 LENIN MOISES CORDOVA PINO 19 ANOS"},"author":482,"featured_media":0,"comment_status":"open","ping_status":"closed","template":"","meta":{"advanced_seo_description":"","jetpack_seo_html_title":"","jetpack_seo_noindex":false},"class_list":["post-66706","attachment","type-attachment","status-inherit","hentry"],"jetpack_sharing_enabled":true,"jetpack_likes_enabled":true,"description":{"rendered":"<p class=\"attachment\"><a href=\"https:\/\/i0.wp.com\/eltrabajo.cl\/portal\/wp-content\/uploads\/2016\/02\/FOTO-5-LENIN-MOISES-CORDOVA-PINO-19-ANOS.jpg?ssl=1\"><img loading=\"lazy\" decoding=\"async\" width=\"300\" height=\"198\" src=\"https:\/\/i0.wp.com\/eltrabajo.cl\/portal\/wp-content\/uploads\/2016\/02\/FOTO-5-LENIN-MOISES-CORDOVA-PINO-19-ANOS.jpg?fit=300%2C198&amp;ssl=1\" class=\"attachment-medium size-medium\" alt=\"Lenin Mois\u00e9s C\u00f3rdova Pino, 19 a\u00f1os, uno de los imputados por el robo del Hyunday Accent.\" srcset=\"https:\/\/i0.wp.com\/eltrabajo.cl\/portal\/wp-content\/uploads\/2016\/02\/FOTO-5-LENIN-MOISES-CORDOVA-PINO-19-ANOS.jpg?w=530&amp;ssl=1 530w, https:\/\/i0.wp.com\/eltrabajo.cl\/portal\/wp-content\/uploads\/2016\/02\/FOTO-5-LENIN-MOISES-CORDOVA-PINO-19-ANOS.jpg?resize=200%2C132&amp;ssl=1 200w, https:\/\/i0.wp.com\/eltrabajo.cl\/portal\/wp-content\/uploads\/2016\/02\/FOTO-5-LENIN-MOISES-CORDOVA-PINO-19-ANOS.jpg?resize=300%2C198&amp;ssl=1 300w, https:\/\/i0.wp.com\/eltrabajo.cl\/portal\/wp-content\/uploads\/2016\/02\/FOTO-5-LENIN-MOISES-CORDOVA-PINO-19-ANOS.jpg?resize=227%2C150&amp;ssl=1 227w, https:\/\/i0.wp.com\/eltrabajo.cl\/portal\/wp-content\/uploads\/2016\/02\/FOTO-5-LENIN-MOISES-CORDOVA-PINO-19-ANOS.jpg?resize=400%2C264&amp;ssl=1 400w\" sizes=\"auto, (max-width: 300px) 100vw, 300px\" \/><\/a><\/p>\n<p>Lenin Mois\u00e9s C\u00f3rdova Pino, 19 a\u00f1os, uno de los imputados por el robo del Hyunday Accent.<\/p>\n"},"caption":{"rendered":"<p>Lenin Mois\u00e9s C\u00f3rdova Pino, 19 a\u00f1os, uno de los imputados por el robo del Hyunday Accent.<\/p>\n"},"alt_text":"Lenin Mois\u00e9s C\u00f3rdova Pino, 19 a\u00f1os, uno de los imputados por el robo del Hyunday Accent.","media_type":"image","mime_type":"image\/jpeg","media_details":{"width":530,"height":350,"file":"2016\/02\/FOTO-5-LENIN-MOISES-CORDOVA-PINO-19-ANOS.jpg","sizes":{"thumbnail":{"file":"FOTO-5-LENIN-MOISES-CORDOVA-PINO-19-ANOS-200x132.jpg","width":200,"height":132,"mime_type":"image\/jpeg","source_url":"https:\/\/i0.wp.com\/eltrabajo.cl\/portal\/wp-content\/uploads\/2016\/02\/FOTO-5-LENIN-MOISES-CORDOVA-PINO-19-ANOS.jpg?fit=200%2C132&ssl=1"},"medium":{"file":"FOTO-5-LENIN-MOISES-CORDOVA-PINO-19-ANOS-300x198.jpg","width":300,"height":198,"mime_type":"image\/jpeg","source_url":"https:\/\/i0.wp.com\/eltrabajo.cl\/portal\/wp-content\/uploads\/2016\/02\/FOTO-5-LENIN-MOISES-CORDOVA-PINO-19-ANOS.jpg?fit=300%2C198&ssl=1"},"post-thumbnail":{"file":"FOTO-5-LENIN-MOISES-CORDOVA-PINO-19-ANOS-227x150.jpg","width":227,"height":150,"mime_type":"image\/jpeg","source_url":"https:\/\/i0.wp.com\/eltrabajo.cl\/portal\/wp-content\/uploads\/2016\/02\/FOTO-5-LENIN-MOISES-CORDOVA-PINO-19-ANOS.jpg?fit=227%2C150&ssl=1"},"single-post-thumbnail":{"file":"FOTO-5-LENIN-MOISES-CORDOVA-PINO-19-ANOS-400x264.jpg","width":400,"height":264,"mime_type":"image\/jpeg","source_url":"https:\/\/eltrabajo.cl\/portal\/wp-content\/uploads\/2016\/02\/FOTO-5-LENIN-MOISES-CORDOVA-PINO-19-ANOS-400x264.jpg"},"full":{"file":"FOTO-5-LENIN-MOISES-CORDOVA-PINO-19-ANOS.jpg?fit=530%2C350&ssl=1","width":530,"height":350,"mime_type":"image\/jpeg","source_url":"https:\/\/i0.wp.com\/eltrabajo.cl\/portal\/wp-content\/uploads\/2016\/02\/FOTO-5-LENIN-MOISES-CORDOVA-PINO-19-ANOS.jpg?fit=530%2C350&ssl=1"}},"image_meta":{"aperture":"0","credit":"","camera":"","caption":"","created_timestamp":"0","copyright":"","focal_length":"0","iso":"0","shutter_speed":"0","title":"","orientation":"0","keywords":[]}},"post":66704,"source_url":"https:\/\/eltrabajo.cl\/portal\/wp-content\/uploads\/2016\/02\/FOTO-5-LENIN-MOISES-CORDOVA-PINO-19-ANOS.jpg","_links":{"self":[{"href":"https:\/\/eltrabajo.cl\/portal\/wp-json\/wp\/v2\/media\/66706","targetHints":{"allow":["GET"]}}],"collection":[{"href":"https:\/\/eltrabajo.cl\/portal\/wp-json\/wp\/v2\/media"}],"about":[{"href":"https:\/\/eltrabajo.cl\/portal\/wp-json\/wp\/v2\/types\/attachment"}],"author":[{"embeddable":true,"href":"https:\/\/eltrabajo.cl\/portal\/wp-json\/wp\/v2\/users\/482"}],"replies":[{"embeddable":true,"href":"https:\/\/eltrabajo.cl\/portal\/wp-json\/wp\/v2\/comments?post=66706"}],"wp:attached-to":[{"embeddable":true,"post_type":"post","id":66704,"href":"https:\/\/eltrabajo.cl\/portal\/wp-json\/wp\/v2\/posts\/66704"}],"curies":[{"name":"wp","href":"https:\/\/api.w.org\/{rel}","templated":true}]}}

<p class="attachment"><a href="https://i0.wp.com/eltrabajo.cl/portal/wp-content/uploads/2016/02/FOTO-5-LENIN-MOISES-CORDOVA-PINO-19-ANOS.jpg?ssl=1"><img loading="lazy" decoding="async" width="300" height="198" src="https://i0.wp.com/eltrabajo.cl/portal/wp-content/uploads/2016/02/FOTO-5-LENIN-MOISES-CORDOVA-PINO-19-ANOS.jpg?fit=300%2C198&amp;ssl=1" class="attachment-medium size-medium" alt="Lenin Moisés Córdova Pino, 19 años, uno de los imputados por el robo del Hyunday Accent." srcset="https://i0.wp.com/eltrabajo.cl/portal/wp-content/uploads/2016/02/FOTO-5-LENIN-MOISES-CORDOVA-PINO-19-ANOS.jpg?w=530&amp;ssl=1 530w, https://i0.wp.com/eltrabajo.cl/portal/wp-content/uploads/2016/02/FOTO-5-LENIN-MOISES-CORDOVA-PINO-19-ANOS.jpg?resize=200%2C132&amp;ssl=1 200w, https://i0.wp.com/eltrabajo.cl/portal/wp-content/uploads/2016/02/FOTO-5-LENIN-MOISES-CORDOVA-PINO-19-ANOS.jpg?resize=300%2C198&amp;ssl=1 300w, https://i0.wp.com/eltrabajo.cl/portal/wp-content/uploads/2016/02/FOTO-5-LENIN-MOISES-CORDOVA-PINO-19-ANOS.jpg?resize=227%2C150&amp;ssl=1 227w, https://i0.wp.com/eltrabajo.cl/portal/wp-content/uploads/2016/02/FOTO-5-LENIN-MOISES-CORDOVA-PINO-19-ANOS.jpg?resize=400%2C264&amp;ssl=1 400w" sizes="auto, (max-width: 300px) 100vw, 300px" /></a></p>
<p>Lenin Moisés Córdova Pino, 19 años, uno de los imputados por el robo del Hyunday Accent.</p>

<p>Lenin Moisés Córdova Pino, 19 años, uno de los imputados por el robo del Hyunday Accent.</p>

Lenin Moisés Córdova Pino, 19 años, uno de los imputados por el robo del Hyunday Accent.
