{"id":66926,"date":"2016-02-18T09:40:58","date_gmt":"2016-02-18T12:40:58","guid":{"rendered":"http:\/\/www.eltrabajo.cl\/portal\/wp-content\/uploads\/2016\/02\/Juventud2.jpg"},"modified":"2016-02-18T09:42:11","modified_gmt":"2016-02-18T12:42:11","slug":"juventud2-2","status":"inherit","type":"attachment","link":"https:\/\/eltrabajo.cl\/portal\/jovenes-de-nueva-algarrobal-tendran-muy-pronto-su-multicancha\/juventud2-2\/","title":{"rendered":"Juventud2"},"author":482,"featured_media":0,"comment_status":"open","ping_status":"closed","template":"","meta":{"advanced_seo_description":"","jetpack_seo_html_title":"","jetpack_seo_noindex":false},"class_list":["post-66926","attachment","type-attachment","status-inherit","hentry"],"jetpack_sharing_enabled":true,"jetpack_likes_enabled":true,"description":{"rendered":"<p class=\"attachment\"><a href=\"https:\/\/i0.wp.com\/eltrabajo.cl\/portal\/wp-content\/uploads\/2016\/02\/Juventud2.jpg?ssl=1\"><img loading=\"lazy\" decoding=\"async\" width=\"300\" height=\"199\" src=\"https:\/\/i0.wp.com\/eltrabajo.cl\/portal\/wp-content\/uploads\/2016\/02\/Juventud2.jpg?fit=300%2C199&amp;ssl=1\" class=\"attachment-medium size-medium\" alt=\"EL FORTACH\u00d3N.- Este joven ni ropa deportiva tiene, por lo que no le caer\u00eda bien alg\u00fan uniforme que a \u00e9l y a sus compa\u00f1eros les donaran.\" srcset=\"https:\/\/i0.wp.com\/eltrabajo.cl\/portal\/wp-content\/uploads\/2016\/02\/Juventud2.jpg?w=528&amp;ssl=1 528w, https:\/\/i0.wp.com\/eltrabajo.cl\/portal\/wp-content\/uploads\/2016\/02\/Juventud2.jpg?resize=200%2C133&amp;ssl=1 200w, https:\/\/i0.wp.com\/eltrabajo.cl\/portal\/wp-content\/uploads\/2016\/02\/Juventud2.jpg?resize=300%2C199&amp;ssl=1 300w, https:\/\/i0.wp.com\/eltrabajo.cl\/portal\/wp-content\/uploads\/2016\/02\/Juventud2.jpg?resize=226%2C150&amp;ssl=1 226w, https:\/\/i0.wp.com\/eltrabajo.cl\/portal\/wp-content\/uploads\/2016\/02\/Juventud2.jpg?resize=400%2C265&amp;ssl=1 400w\" sizes=\"auto, (max-width: 300px) 100vw, 300px\" \/><\/a><\/p>\n<p>EL FORTACH\u00d3N.- Este joven ni ropa deportiva tiene, por lo que no le caer\u00eda bien alg\u00fan uniforme que a \u00e9l y a sus compa\u00f1eros les donaran.<\/p>\n"},"caption":{"rendered":"<p>EL FORTACH\u00d3N.- Este joven ni ropa deportiva tiene, por lo que no le caer\u00eda bien alg\u00fan uniforme que a \u00e9l y a sus compa\u00f1eros les donaran.<\/p>\n"},"alt_text":"EL FORTACH\u00d3N.- Este joven ni ropa deportiva tiene, por lo que no le caer\u00eda bien alg\u00fan uniforme que a \u00e9l y a sus compa\u00f1eros les donaran.","media_type":"image","mime_type":"image\/jpeg","media_details":{"width":528,"height":350,"file":"2016\/02\/Juventud2.jpg","sizes":{"thumbnail":{"file":"Juventud2-200x133.jpg","width":200,"height":133,"mime_type":"image\/jpeg","source_url":"https:\/\/i0.wp.com\/eltrabajo.cl\/portal\/wp-content\/uploads\/2016\/02\/Juventud2.jpg?fit=200%2C133&ssl=1"},"medium":{"file":"Juventud2-300x199.jpg","width":300,"height":199,"mime_type":"image\/jpeg","source_url":"https:\/\/i0.wp.com\/eltrabajo.cl\/portal\/wp-content\/uploads\/2016\/02\/Juventud2.jpg?fit=300%2C199&ssl=1"},"post-thumbnail":{"file":"Juventud2-226x150.jpg","width":226,"height":150,"mime_type":"image\/jpeg","source_url":"https:\/\/i0.wp.com\/eltrabajo.cl\/portal\/wp-content\/uploads\/2016\/02\/Juventud2.jpg?fit=226%2C150&ssl=1"},"single-post-thumbnail":{"file":"Juventud2-400x265.jpg","width":400,"height":265,"mime_type":"image\/jpeg","source_url":"https:\/\/eltrabajo.cl\/portal\/wp-content\/uploads\/2016\/02\/Juventud2-400x265.jpg"},"full":{"file":"Juventud2.jpg?fit=528%2C350&ssl=1","width":528,"height":350,"mime_type":"image\/jpeg","source_url":"https:\/\/i0.wp.com\/eltrabajo.cl\/portal\/wp-content\/uploads\/2016\/02\/Juventud2.jpg?fit=528%2C350&ssl=1"}},"image_meta":{"aperture":"0","credit":"","camera":"","caption":"","created_timestamp":"0","copyright":"","focal_length":"0","iso":"0","shutter_speed":"0","title":"","orientation":"0","keywords":[]}},"post":66922,"source_url":"https:\/\/eltrabajo.cl\/portal\/wp-content\/uploads\/2016\/02\/Juventud2.jpg","_links":{"self":[{"href":"https:\/\/eltrabajo.cl\/portal\/wp-json\/wp\/v2\/media\/66926","targetHints":{"allow":["GET"]}}],"collection":[{"href":"https:\/\/eltrabajo.cl\/portal\/wp-json\/wp\/v2\/media"}],"about":[{"href":"https:\/\/eltrabajo.cl\/portal\/wp-json\/wp\/v2\/types\/attachment"}],"author":[{"embeddable":true,"href":"https:\/\/eltrabajo.cl\/portal\/wp-json\/wp\/v2\/users\/482"}],"replies":[{"embeddable":true,"href":"https:\/\/eltrabajo.cl\/portal\/wp-json\/wp\/v2\/comments?post=66926"}],"wp:attached-to":[{"embeddable":true,"post_type":"post","id":66922,"href":"https:\/\/eltrabajo.cl\/portal\/wp-json\/wp\/v2\/posts\/66922"}],"curies":[{"name":"wp","href":"https:\/\/api.w.org\/{rel}","templated":true}]}}

<p class="attachment"><a href="https://i0.wp.com/eltrabajo.cl/portal/wp-content/uploads/2016/02/Juventud2.jpg?ssl=1"><img loading="lazy" decoding="async" width="300" height="199" src="https://i0.wp.com/eltrabajo.cl/portal/wp-content/uploads/2016/02/Juventud2.jpg?fit=300%2C199&amp;ssl=1" class="attachment-medium size-medium" alt="EL FORTACHÓN.- Este joven ni ropa deportiva tiene, por lo que no le caería bien algún uniforme que a él y a sus compañeros les donaran." srcset="https://i0.wp.com/eltrabajo.cl/portal/wp-content/uploads/2016/02/Juventud2.jpg?w=528&amp;ssl=1 528w, https://i0.wp.com/eltrabajo.cl/portal/wp-content/uploads/2016/02/Juventud2.jpg?resize=200%2C133&amp;ssl=1 200w, https://i0.wp.com/eltrabajo.cl/portal/wp-content/uploads/2016/02/Juventud2.jpg?resize=300%2C199&amp;ssl=1 300w, https://i0.wp.com/eltrabajo.cl/portal/wp-content/uploads/2016/02/Juventud2.jpg?resize=226%2C150&amp;ssl=1 226w, https://i0.wp.com/eltrabajo.cl/portal/wp-content/uploads/2016/02/Juventud2.jpg?resize=400%2C265&amp;ssl=1 400w" sizes="auto, (max-width: 300px) 100vw, 300px" /></a></p>
<p>EL FORTACHÓN.- Este joven ni ropa deportiva tiene, por lo que no le caería bien algún uniforme que a él y a sus compañeros les donaran.</p>

<p>EL FORTACHÓN.- Este joven ni ropa deportiva tiene, por lo que no le caería bien algún uniforme que a él y a sus compañeros les donaran.</p>

EL FORTACHÓN.- Este joven ni ropa deportiva tiene, por lo que no le caería bien algún uniforme que a él y a sus compañeros les donaran.
